--
--


SELECT pg_catalog.set_config('search_path', '', false);

--
-- Name: public; Type: SCHEMA; Schema: -; Owner: postgres
--

CREATE SCHEMA public;


ALTER SCHEMA public OWNER TO postgres;

--
-- Name: SCHEMA public; Type: COMMENT; Schema: -; Owner: postgres
--

COMMENT ON SCHEMA public IS 'standard public schema';




--
-- Name: about_us; Type: TABLE; Schema: public; Owner: postgres
--

CREATE TABLE public.about_us (
    about_us_id integer NOT NULL,
    about_us character varying(10000) NOT NULL,
    is_active boolean DEFAULT true NOT NULL
);


ALTER TABLE public.about_us OWNER TO postgres;

--
-- Name: about_us_about_us_id_seq; Type: SEQUENCE; Schema: public; Owner: postgres
--

CREATE SEQUENCE public.about_us_about_us_id_seq
    AS integer
    START WITH 1
    INCREMENT BY 1
    NO MINVALUE
    NO MAXVALUE
    CACHE 1;


ALTER TABLE public.about_us_about_us_id_seq OWNER TO postgres;

--
-- Name: about_us_about_us_id_seq; Type: SEQUENCE OWNED BY; Schema: public; Owner: postgres
--

ALTER SEQUENCE public.about_us_about_us_id_seq OWNED BY public.about_us.about_us_id;


--
-- Name: additional_information_question_options; Type: TABLE; Schema: public; Owner: postgres
--

CREATE TABLE public.additional_information_question_options (
    "additional_information_question_option_Id" integer NOT NULL,
    "additional_information_question_Id" integer NOT NULL,
    additional_information_question_option character varying(500),
    additional_information_question_option_start_from numeric,
    additional_information_question_option_end_from numeric,
    is_active boolean DEFAULT true NOT NULL
);


ALTER TABLE public.additional_information_question_options OWNER TO postgres;

--
-- Name: additional_information_questi_additional_information_quest_seq1; Type: SEQUENCE; Schema: public; Owner: postgres
--

CREATE SEQUENCE public.additional_information_questi_additional_information_quest_seq1
    AS integer
    START WITH 1
    INCREMENT BY 1
    NO MINVALUE
    NO MAXVALUE
    CACHE 1;


ALTER TABLE public.additional_information_questi_additional_information_quest_seq1 OWNER TO postgres;

--
-- Name: additional_information_questi_additional_information_quest_seq1; Type: SEQUENCE OWNED BY; Schema: public; Owner: postgres
--

ALTER SEQUENCE public.additional_information_questi_additional_information_quest_seq1 OWNED BY public.additional_information_question_options."additional_information_question_option_Id";


--
-- Name: additional_information_questions; Type: TABLE; Schema: public; Owner: postgres
--

CREATE TABLE public.additional_information_questions (
    "additional_information_question_Id" integer NOT NULL,
    additional_information_question character varying(2000) NOT NULL,
    "answer_type_Id" integer NOT NULL,
    "question_group_Id" integer NOT NULL,
    is_active boolean DEFAULT true NOT NULL
);


ALTER TABLE public.additional_information_questions OWNER TO postgres;

--
-- Name: additional_information_questi_additional_information_questi_seq; Type: SEQUENCE; Schema: public; Owner: postgres
--

CREATE SEQUENCE public.additional_information_questi_additional_information_questi_seq
    AS integer
    START WITH 1
    INCREMENT BY 1
    NO MINVALUE
    NO MAXVALUE
    CACHE 1;


ALTER TABLE public.additional_information_questi_additional_information_questi_seq OWNER TO postgres;

--
-- Name: additional_information_questi_additional_information_questi_seq; Type: SEQUENCE OWNED BY; Schema: public; Owner: postgres
--

ALTER SEQUENCE public.additional_information_questi_additional_information_questi_seq OWNED BY public.additional_information_questions."additional_information_question_Id";


--
-- Name: admins; Type: TABLE; Schema: public; Owner: postgres
--

CREATE TABLE public.admins (
    admin_id integer NOT NULL,
    full_name character varying(500) NOT NULL,
    user_name character varying(500) NOT NULL,
    mail_id character varying(500) NOT NULL,
    password character varying(500) NOT NULL,
    contact_no character varying(20) NOT NULL,
    is_active boolean DEFAULT true NOT NULL,
    is_super_admin boolean DEFAULT false NOT NULL,
    is_user_activation boolean DEFAULT true NOT NULL,
    is_user_unblocked boolean DEFAULT true NOT NULL,
    is_user_document_verified boolean DEFAULT true NOT NULL,
    is_user_profile_suggested boolean DEFAULT true NOT NULL,
    is_user_create_articals boolean DEFAULT true NOT NULL,
    is_user_chats boolean DEFAULT true NOT NULL,
    auth_token character varying(400)
);


ALTER TABLE public.admins OWNER TO postgres;

--
-- Name: admins_admin_id_seq; Type: SEQUENCE; Schema: public; Owner: postgres
--

CREATE SEQUENCE public.admins_admin_id_seq
    AS integer
    START WITH 1
    INCREMENT BY 1
    NO MINVALUE
    NO MAXVALUE
    CACHE 1;


ALTER TABLE public.admins_admin_id_seq OWNER TO postgres;

--
-- Name: admins_admin_id_seq; Type: SEQUENCE OWNED BY; Schema: public; Owner: postgres
--

ALTER SEQUENCE public.admins_admin_id_seq OWNED BY public.admins.admin_id;


--
-- Name: answer_types; Type: TABLE; Schema: public; Owner: postgres
--

CREATE TABLE public.answer_types (
    "answer_type_Id" integer NOT NULL,
    answer_type character varying(500) NOT NULL,
    is_active boolean DEFAULT true NOT NULL
);


ALTER TABLE public.answer_types OWNER TO postgres;

--
-- Name: answer_types_answer_type_Id_seq; Type: SEQUENCE; Schema: public; Owner: postgres
--

CREATE SEQUENCE public."answer_types_answer_type_Id_seq"
    AS integer
    START WITH 1
    INCREMENT BY 1
    NO MINVALUE
    NO MAXVALUE
    CACHE 1;


ALTER TABLE public."answer_types_answer_type_Id_seq" OWNER TO postgres;

--
-- Name: answer_types_answer_type_Id_seq; Type: SEQUENCE OWNED BY; Schema: public; Owner: postgres
--

ALTER SEQUENCE public."answer_types_answer_type_Id_seq" OWNED BY public.answer_types."answer_type_Id";


--
-- Name: articles; Type: TABLE; Schema: public; Owner: postgres
--

CREATE TABLE public.articles (
    article_id integer NOT NULL,
    article_title character varying(500) NOT NULL,
    article_desc character varying(5000) NOT NULL,
    article_image_path character varying(2000),
    created_by_id integer NOT NULL,
    created_on timestamp with time zone DEFAULT now() NOT NULL,
    modified_by_id integer,
    modified_on timestamp with time zone,
    is_active boolean DEFAULT true NOT NULL,
    article_likes integer DEFAULT 0 NOT NULL,
    article_view_count integer DEFAULT 0 NOT NULL
);


ALTER TABLE public.articles OWNER TO postgres;

--
-- Name: articles_article_id_seq; Type: SEQUENCE; Schema: public; Owner: postgres
--

CREATE SEQUENCE public.articles_article_id_seq
    AS integer
    START WITH 1
    INCREMENT BY 1
    NO MINVALUE
    NO MAXVALUE
    CACHE 1;


ALTER TABLE public.articles_article_id_seq OWNER TO postgres;

--
-- Name: articles_article_id_seq; Type: SEQUENCE OWNED BY; Schema: public; Owner: postgres
--

ALTER SEQUENCE public.articles_article_id_seq OWNED BY public.articles.article_id;


--
-- Name: citizenship_document_types; Type: TABLE; Schema: public; Owner: postgres
--

CREATE TABLE public.citizenship_document_types (
    citizenship_document_type_id integer NOT NULL,
    citizenship_document_type character varying(500) NOT NULL
);


ALTER TABLE public.citizenship_document_types OWNER TO postgres;

--
-- Name: citizenship_document_types_citizenship_document_type_id_seq; Type: SEQUENCE; Schema: public; Owner: postgres
--

CREATE SEQUENCE public.citizenship_document_types_citizenship_document_type_id_seq
    AS integer
    START WITH 1
    INCREMENT BY 1
    NO MINVALUE
    NO MAXVALUE
    CACHE 1;


ALTER TABLE public.citizenship_document_types_citizenship_document_type_id_seq OWNER TO postgres;

--
-- Name: citizenship_document_types_citizenship_document_type_id_seq; Type: SEQUENCE OWNED BY; Schema: public; Owner: postgres
--

ALTER SEQUENCE public.citizenship_document_types_citizenship_document_type_id_seq OWNED BY public.citizenship_document_types.citizenship_document_type_id;


--
-- Name: country_of_origins; Type: TABLE; Schema: public; Owner: postgres
--

CREATE TABLE public.country_of_origins (
    country_of_origin_id integer NOT NULL,
    country_of_origin character varying(500) NOT NULL,
    is_active boolean DEFAULT true NOT NULL
);


ALTER TABLE public.country_of_origins OWNER TO postgres;

--
-- Name: country_of_origins_country_of_origin_id_seq; Type: SEQUENCE; Schema: public; Owner: postgres
--

CREATE SEQUENCE public.country_of_origins_country_of_origin_id_seq
    AS integer
    START WITH 1
    INCREMENT BY 1
    NO MINVALUE
    NO MAXVALUE
    CACHE 1;


ALTER TABLE public.country_of_origins_country_of_origin_id_seq OWNER TO postgres;

--
-- Name: country_of_origins_country_of_origin_id_seq; Type: SEQUENCE OWNED BY; Schema: public; Owner: postgres
--

ALTER SEQUENCE public.country_of_origins_country_of_origin_id_seq OWNED BY public.country_of_origins.country_of_origin_id;


--
-- Name: degrees; Type: TABLE; Schema: public; Owner: postgres
--

CREATE TABLE public.degrees (
    degree_id integer NOT NULL,
    degree character varying(500) NOT NULL,
    education_type_id integer NOT NULL,
    is_active boolean DEFAULT true NOT NULL
);


ALTER TABLE public.degrees OWNER TO postgres;

--
-- Name: degrees_degree_id_seq; Type: SEQUENCE; Schema: public; Owner: postgres
--

CREATE SEQUENCE public.degrees_degree_id_seq
    AS integer
    START WITH 1
    INCREMENT BY 1
    NO MINVALUE
    NO MAXVALUE
    CACHE 1;


ALTER TABLE public.degrees_degree_id_seq OWNER TO postgres;

--
-- Name: degrees_degree_id_seq; Type: SEQUENCE OWNED BY; Schema: public; Owner: postgres
--

ALTER SEQUENCE public.degrees_degree_id_seq OWNED BY public.degrees.degree_id;


--
-- Name: drinks; Type: TABLE; Schema: public; Owner: postgres
--

CREATE TABLE public.drinks (
    "drink_Id" integer NOT NULL,
    drink character varying(500) NOT NULL,
    is_active boolean DEFAULT true NOT NULL
);


ALTER TABLE public.drinks OWNER TO postgres;

--
-- Name: drinks_drink_Id_seq; Type: SEQUENCE; Schema: public; Owner: postgres
--

CREATE SEQUENCE public."drinks_drink_Id_seq"
    AS integer
    START WITH 1
    INCREMENT BY 1
    NO MINVALUE
    NO MAXVALUE
    CACHE 1;


ALTER TABLE public."drinks_drink_Id_seq" OWNER TO postgres;

--
-- Name: drinks_drink_Id_seq; Type: SEQUENCE OWNED BY; Schema: public; Owner: postgres
--

ALTER SEQUENCE public."drinks_drink_Id_seq" OWNED BY public.drinks."drink_Id";


--
-- Name: user_eating_and_drinking_habits; Type: TABLE; Schema: public; Owner: postgres
--

CREATE TABLE public.user_eating_and_drinking_habits (
    "user_eating_and_drinking_habit_Id" integer NOT NULL,
    user_profile_id integer NOT NULL,
    "drink_Id" integer NOT NULL,
    "smoke_Id" integer NOT NULL,
    "halal_Id" integer NOT NULL
);


ALTER TABLE public.user_eating_and_drinking_habits OWNER TO postgres;

--
-- Name: eating_and_drinking_habits_eating_and_drinking_habit_Id_seq; Type: SEQUENCE; Schema: public; Owner: postgres
--

CREATE SEQUENCE public."eating_and_drinking_habits_eating_and_drinking_habit_Id_seq"
    AS integer
    START WITH 1
    INCREMENT BY 1
    NO MINVALUE
    NO MAXVALUE
    CACHE 1;


ALTER TABLE public."eating_and_drinking_habits_eating_and_drinking_habit_Id_seq" OWNER TO postgres;

--
-- Name: eating_and_drinking_habits_eating_and_drinking_habit_Id_seq; Type: SEQUENCE OWNED BY; Schema: public; Owner: postgres
--

ALTER SEQUENCE public."eating_and_drinking_habits_eating_and_drinking_habit_Id_seq" OWNED BY public.user_eating_and_drinking_habits."user_eating_and_drinking_habit_Id";


--
-- Name: education_types; Type: TABLE; Schema: public; Owner: postgres
--

CREATE TABLE public.education_types (
    education_type_id integer NOT NULL,
    education_type character varying(500) NOT NULL,
    is_active boolean DEFAULT true NOT NULL
);


ALTER TABLE public.education_types OWNER TO postgres;

--
-- Name: education_types_education_type_id_seq; Type: SEQUENCE; Schema: public; Owner: postgres
--

CREATE SEQUENCE public.education_types_education_type_id_seq
    AS integer
    START WITH 1
    INCREMENT BY 1
    NO MINVALUE
    NO MAXVALUE
    CACHE 1;


ALTER TABLE public.education_types_education_type_id_seq OWNER TO postgres;

--
-- Name: education_types_education_type_id_seq; Type: SEQUENCE OWNED BY; Schema: public; Owner: postgres
--

ALTER SEQUENCE public.education_types_education_type_id_seq OWNED BY public.education_types.education_type_id;


--
-- Name: educational_document_types; Type: TABLE; Schema: public; Owner: postgres
--

CREATE TABLE public.educational_document_types (
    "educational_document_type_Id" integer NOT NULL,
    educational_document_type character varying(500) NOT NULL,
    is_active boolean DEFAULT true NOT NULL
);


ALTER TABLE public.educational_document_types OWNER TO postgres;

--
-- Name: educational_document_types_educational_document_type_Id_seq; Type: SEQUENCE; Schema: public; Owner: postgres
--

CREATE SEQUENCE public."educational_document_types_educational_document_type_Id_seq"
    AS integer
    START WITH 1
    INCREMENT BY 1
    NO MINVALUE
    NO MAXVALUE
    CACHE 1;


ALTER TABLE public."educational_document_types_educational_document_type_Id_seq" OWNER TO postgres;

--
-- Name: educational_document_types_educational_document_type_Id_seq; Type: SEQUENCE OWNED BY; Schema: public; Owner: postgres
--

ALTER SEQUENCE public."educational_document_types_educational_document_type_Id_seq" OWNED BY public.educational_document_types."educational_document_type_Id";


--
-- Name: educational_subjects; Type: TABLE; Schema: public; Owner: postgres
--

CREATE TABLE public.educational_subjects (
    "educational_subject_Id" integer NOT NULL,
    educational_subject character varying(5000) NOT NULL,
    is_active boolean DEFAULT true NOT NULL
);


ALTER TABLE public.educational_subjects OWNER TO postgres;

--
-- Name: educational_subjects_educational_subject_Id_seq; Type: SEQUENCE; Schema: public; Owner: postgres
--

CREATE SEQUENCE public."educational_subjects_educational_subject_Id_seq"
    AS integer
    START WITH 1
    INCREMENT BY 1
    NO MINVALUE
    NO MAXVALUE
    CACHE 1;


ALTER TABLE public."educational_subjects_educational_subject_Id_seq" OWNER TO postgres;

--
-- Name: educational_subjects_educational_subject_Id_seq; Type: SEQUENCE OWNED BY; Schema: public; Owner: postgres
--

ALTER SEQUENCE public."educational_subjects_educational_subject_Id_seq" OWNED BY public.educational_subjects."educational_subject_Id";


--
-- Name: employment_document_types; Type: TABLE; Schema: public; Owner: postgres
--

CREATE TABLE public.employment_document_types (
    "employment_document_type_Id" integer NOT NULL,
    employment_document_type character varying(500) NOT NULL,
    is_active boolean DEFAULT true NOT NULL
);


ALTER TABLE public.employment_document_types OWNER TO postgres;

--
-- Name: employment_document_types_employment_document_type_Id_seq; Type: SEQUENCE; Schema: public; Owner: postgres
--

CREATE SEQUENCE public."employment_document_types_employment_document_type_Id_seq"
    AS integer
    START WITH 1
    INCREMENT BY 1
    NO MINVALUE
    NO MAXVALUE
    CACHE 1;


ALTER TABLE public."employment_document_types_employment_document_type_Id_seq" OWNER TO postgres;

--
-- Name: employment_document_types_employment_document_type_Id_seq; Type: SEQUENCE OWNED BY; Schema: public; Owner: postgres
--

ALTER SEQUENCE public."employment_document_types_employment_document_type_Id_seq" OWNED BY public.employment_document_types."employment_document_type_Id";


--
-- Name: employment_types; Type: TABLE; Schema: public; Owner: postgres
--

CREATE TABLE public.employment_types (
    employment_type_id integer NOT NULL,
    employment_type character varying(500) NOT NULL,
    is_active boolean DEFAULT true NOT NULL
);


ALTER TABLE public.employment_types OWNER TO postgres;

--
-- Name: employment_types_employment_type_id_seq; Type: SEQUENCE; Schema: public; Owner: postgres
--

CREATE SEQUENCE public.employment_types_employment_type_id_seq
    AS integer
    START WITH 1
    INCREMENT BY 1
    NO MINVALUE
    NO MAXVALUE
    CACHE 1;


ALTER TABLE public.employment_types_employment_type_id_seq OWNER TO postgres;

--
-- Name: employment_types_employment_type_id_seq; Type: SEQUENCE OWNED BY; Schema: public; Owner: postgres
--

ALTER SEQUENCE public.employment_types_employment_type_id_seq OWNED BY public.employment_types.employment_type_id;


--
-- Name: genders; Type: TABLE; Schema: public; Owner: postgres
--

CREATE TABLE public.genders (
    gender_id integer NOT NULL,
    gender character varying(500) NOT NULL,
    is_active boolean DEFAULT true NOT NULL
);


ALTER TABLE public.genders OWNER TO postgres;

--
-- Name: genders_gender_id_seq; Type: SEQUENCE; Schema: public; Owner: postgres
--

CREATE SEQUENCE public.genders_gender_id_seq
    AS integer
    START WITH 1
    INCREMENT BY 1
    NO MINVALUE
    NO MAXVALUE
    CACHE 1;


ALTER TABLE public.genders_gender_id_seq OWNER TO postgres;

--
-- Name: genders_gender_id_seq; Type: SEQUENCE OWNED BY; Schema: public; Owner: postgres
--

ALTER SEQUENCE public.genders_gender_id_seq OWNED BY public.genders.gender_id;


--
-- Name: halals; Type: TABLE; Schema: public; Owner: postgres
--

CREATE TABLE public.halals (
    "halal_Id" integer NOT NULL,
    halal character varying(500) NOT NULL,
    is_active boolean DEFAULT true NOT NULL
);


ALTER TABLE public.halals OWNER TO postgres;

--
-- Name: halals_halal_Id_seq; Type: SEQUENCE; Schema: public; Owner: postgres
--

CREATE SEQUENCE public."halals_halal_Id_seq"
    AS integer
    START WITH 1
    INCREMENT BY 1
    NO MINVALUE
    NO MAXVALUE
    CACHE 1;


ALTER TABLE public."halals_halal_Id_seq" OWNER TO postgres;

--
-- Name: halals_halal_Id_seq; Type: SEQUENCE OWNED BY; Schema: public; Owner: postgres
--

ALTER SEQUENCE public."halals_halal_Id_seq" OWNED BY public.halals."halal_Id";


--
-- Name: languages; Type: TABLE; Schema: public; Owner: postgres
--

CREATE TABLE public.languages (
    "language_Id" integer NOT NULL,
    language character varying(500) NOT NULL,
    is_active boolean DEFAULT true NOT NULL
);


ALTER TABLE public.languages OWNER TO postgres;

--
-- Name: languages_language_Id_seq; Type: SEQUENCE; Schema: public; Owner: postgres
--

CREATE SEQUENCE public."languages_language_Id_seq"
    AS integer
    START WITH 1
    INCREMENT BY 1
    NO MINVALUE
    NO MAXVALUE
    CACHE 1;


ALTER TABLE public."languages_language_Id_seq" OWNER TO postgres;

--
-- Name: languages_language_Id_seq; Type: SEQUENCE OWNED BY; Schema: public; Owner: postgres
--

ALTER SEQUENCE public."languages_language_Id_seq" OWNED BY public.languages."language_Id";


--
-- Name: level_of_religiousness; Type: TABLE; Schema: public; Owner: postgres
--

CREATE TABLE public.level_of_religiousness (
    "level_of_religiousness_Id" integer NOT NULL,
    level_of_religiousness character varying(500) NOT NULL,
    is_active boolean DEFAULT true NOT NULL
);


ALTER TABLE public.level_of_religiousness OWNER TO postgres;

--
-- Name: level_of_religiousness_level_of_religiousness_Id_seq; Type: SEQUENCE; Schema: public; Owner: postgres
--

CREATE SEQUENCE public."level_of_religiousness_level_of_religiousness_Id_seq"
    AS integer
    START WITH 1
    INCREMENT BY 1
    NO MINVALUE
    NO MAXVALUE
    CACHE 1;


ALTER TABLE public."level_of_religiousness_level_of_religiousness_Id_seq" OWNER TO postgres;

--
-- Name: level_of_religiousness_level_of_religiousness_Id_seq; Type: SEQUENCE OWNED BY; Schema: public; Owner: postgres
--

ALTER SEQUENCE public."level_of_religiousness_level_of_religiousness_Id_seq" OWNED BY public.level_of_religiousness."level_of_religiousness_Id";


--
-- Name: marital_status; Type: TABLE; Schema: public; Owner: postgres
--

CREATE TABLE public.marital_status (
    "marital_status_Id" integer NOT NULL,
    marital_status character varying(500) NOT NULL,
    is_active boolean DEFAULT true NOT NULL
);


ALTER TABLE public.marital_status OWNER TO postgres;

--
-- Name: marital_status_marital_status_Id_seq; Type: SEQUENCE; Schema: public; Owner: postgres
--

CREATE SEQUENCE public."marital_status_marital_status_Id_seq"
    AS integer
    START WITH 1
    INCREMENT BY 1
    NO MINVALUE
    NO MAXVALUE
    CACHE 1;


ALTER TABLE public."marital_status_marital_status_Id_seq" OWNER TO postgres;

--
-- Name: marital_status_marital_status_Id_seq; Type: SEQUENCE OWNED BY; Schema: public; Owner: postgres
--

ALTER SEQUENCE public."marital_status_marital_status_Id_seq" OWNED BY public.marital_status."marital_status_Id";


--
-- Name: nationalities; Type: TABLE; Schema: public; Owner: postgres
--

CREATE TABLE public.nationalities (
    nationality_id integer NOT NULL,
    nationality character varying(500) NOT NULL,
    is_active boolean DEFAULT true NOT NULL
);


ALTER TABLE public.nationalities OWNER TO postgres;

--
-- Name: nationalities_nationality_id_seq; Type: SEQUENCE; Schema: public; Owner: postgres
--

CREATE SEQUENCE public.nationalities_nationality_id_seq
    AS integer
    START WITH 1
    INCREMENT BY 1
    NO MINVALUE
    NO MAXVALUE
    CACHE 1;


ALTER TABLE public.nationalities_nationality_id_seq OWNER TO postgres;

--
-- Name: nationalities_nationality_id_seq; Type: SEQUENCE OWNED BY; Schema: public; Owner: postgres
--

ALTER SEQUENCE public.nationalities_nationality_id_seq OWNED BY public.nationalities.nationality_id;


--
-- Name: payment_modes; Type: TABLE; Schema: public; Owner: postgres
--

CREATE TABLE public.payment_modes (
    payment_mode_id integer NOT NULL,
    payment_mode character varying(500) NOT NULL,
    is_active boolean DEFAULT true NOT NULL
);


ALTER TABLE public.payment_modes OWNER TO postgres;

--
-- Name: payment_modes_payment_mode_id_seq; Type: SEQUENCE; Schema: public; Owner: postgres
--

CREATE SEQUENCE public.payment_modes_payment_mode_id_seq
    AS integer
    START WITH 1
    INCREMENT BY 1
    NO MINVALUE
    NO MAXVALUE
    CACHE 1;


ALTER TABLE public.payment_modes_payment_mode_id_seq OWNER TO postgres;

--
-- Name: payment_modes_payment_mode_id_seq; Type: SEQUENCE OWNED BY; Schema: public; Owner: postgres
--

ALTER SEQUENCE public.payment_modes_payment_mode_id_seq OWNED BY public.payment_modes.payment_mode_id;


--
-- Name: plan_details; Type: TABLE; Schema: public; Owner: postgres
--

CREATE TABLE public.plan_details (
    plan_detail_id integer NOT NULL,
    plan_id integer NOT NULL,
    plan_duration integer NOT NULL,
    plan_total_charges numeric NOT NULL,
    plan_details character varying(500),
    plan_per_month_charges numeric NOT NULL,
    is_active boolean DEFAULT true NOT NULL
);


ALTER TABLE public.plan_details OWNER TO postgres;

--
-- Name: plan_details_plan_detail_id_seq; Type: SEQUENCE; Schema: public; Owner: postgres
--

CREATE SEQUENCE public.plan_details_plan_detail_id_seq
    AS integer
    START WITH 1
    INCREMENT BY 1
    NO MINVALUE
    NO MAXVALUE
    CACHE 1;


ALTER TABLE public.plan_details_plan_detail_id_seq OWNER TO postgres;

--
-- Name: plan_details_plan_detail_id_seq; Type: SEQUENCE OWNED BY; Schema: public; Owner: postgres
--

ALTER SEQUENCE public.plan_details_plan_detail_id_seq OWNED BY public.plan_details.plan_detail_id;


--
-- Name: plans; Type: TABLE; Schema: public; Owner: postgres
--

CREATE TABLE public.plans (
    plan_id integer NOT NULL,
    plan character varying(500) NOT NULL,
    plan_desc character varying(5000),
    is_active boolean DEFAULT true NOT NULL,
    images_uplaod_upto integer,
    per_day_new_massages integer
);


ALTER TABLE public.plans OWNER TO postgres;

--
-- Name: plans_plan_id_seq; Type: SEQUENCE; Schema: public; Owner: postgres
--

CREATE SEQUENCE public.plans_plan_id_seq
    AS integer
    START WITH 1
    INCREMENT BY 1
    NO MINVALUE
    NO MAXVALUE
    CACHE 1;


ALTER TABLE public.plans_plan_id_seq OWNER TO postgres;

--
-- Name: plans_plan_id_seq; Type: SEQUENCE OWNED BY; Schema: public; Owner: postgres
--

ALTER SEQUENCE public.plans_plan_id_seq OWNED BY public.plans.plan_id;


--
-- Name: prayers; Type: TABLE; Schema: public; Owner: postgres
--

CREATE TABLE public.prayers (
    "prayer_Id" integer NOT NULL,
    prayer character varying(500) NOT NULL,
    is_active boolean DEFAULT true NOT NULL
);


ALTER TABLE public.prayers OWNER TO postgres;

--
-- Name: prayers_prayer_Id_seq; Type: SEQUENCE; Schema: public; Owner: postgres
--

CREATE SEQUENCE public."prayers_prayer_Id_seq"
    AS integer
    START WITH 1
    INCREMENT BY 1
    NO MINVALUE
    NO MAXVALUE
    CACHE 1;


ALTER TABLE public."prayers_prayer_Id_seq" OWNER TO postgres;

--
-- Name: prayers_prayer_Id_seq; Type: SEQUENCE OWNED BY; Schema: public; Owner: postgres
--

ALTER SEQUENCE public."prayers_prayer_Id_seq" OWNED BY public.prayers."prayer_Id";


--
-- Name: prenup; Type: TABLE; Schema: public; Owner: postgres
--

CREATE TABLE public.prenup (
    "prenup_Id" integer NOT NULL,
    prenup character varying(500) NOT NULL,
    is_active boolean DEFAULT true NOT NULL
);


ALTER TABLE public.prenup OWNER TO postgres;

--
-- Name: prenup_prenup_Id_seq; Type: SEQUENCE; Schema: public; Owner: postgres
--

CREATE SEQUENCE public."prenup_prenup_Id_seq"
    AS integer
    START WITH 1
    INCREMENT BY 1
    NO MINVALUE
    NO MAXVALUE
    CACHE 1;


ALTER TABLE public."prenup_prenup_Id_seq" OWNER TO postgres;

--
-- Name: prenup_prenup_Id_seq; Type: SEQUENCE OWNED BY; Schema: public; Owner: postgres
--

ALTER SEQUENCE public."prenup_prenup_Id_seq" OWNED BY public.prenup."prenup_Id";


--
-- Name: privacy_policy; Type: TABLE; Schema: public; Owner: postgres
--

CREATE TABLE public.privacy_policy (
    privacy_policy_id integer NOT NULL,
    privacy_policy character varying(10000) NOT NULL,
    is_active boolean DEFAULT true NOT NULL
);


ALTER TABLE public.privacy_policy OWNER TO postgres;

--
-- Name: privacy_policy_privacy_policy_id_seq; Type: SEQUENCE; Schema: public; Owner: postgres
--

CREATE SEQUENCE public.privacy_policy_privacy_policy_id_seq
    AS integer
    START WITH 1
    INCREMENT BY 1
    NO MINVALUE
    NO MAXVALUE
    CACHE 1;


ALTER TABLE public.privacy_policy_privacy_policy_id_seq OWNER TO postgres;

--
-- Name: privacy_policy_privacy_policy_id_seq; Type: SEQUENCE OWNED BY; Schema: public; Owner: postgres
--

ALTER SEQUENCE public.privacy_policy_privacy_policy_id_seq OWNED BY public.privacy_policy.privacy_policy_id;


--
-- Name: private_chat; Type: TABLE; Schema: public; Owner: postgres
--

CREATE TABLE public.private_chat (
    private_chat_id integer NOT NULL,
    private_chat_from integer,
    private_chat_to integer,
    private_chat_room character varying(500),
    private_chat_created_at timestamp with time zone,
    private_chat_status character varying(50),
    private_chat_from_status character varying(50),
    private_chat_to_status character varying(50),
    private_chat_last_updated timestamp with time zone,
    private_chat_room_status character varying(15)
);


ALTER TABLE public.private_chat OWNER TO postgres;

--
-- Name: private_chat_conversation; Type: TABLE; Schema: public; Owner: postgres
--

CREATE TABLE public.private_chat_conversation (
    conversation_id integer NOT NULL,
    conversation_from integer,
    conversation_message text,
    conversation_datetime timestamp with time zone,
    conversation_status character varying(50),
    conversation_read_status character varying(50),
    conversation_to integer,
    conversation_chat_id integer
);


ALTER TABLE public.private_chat_conversation OWNER TO postgres;

--
-- Name: private_chat_conversation_conversation_id_seq; Type: SEQUENCE; Schema: public; Owner: postgres
--

CREATE SEQUENCE public.private_chat_conversation_conversation_id_seq
    AS integer
    START WITH 1
    INCREMENT BY 1
    NO MINVALUE
    NO MAXVALUE
    CACHE 1;


ALTER TABLE public.private_chat_conversation_conversation_id_seq OWNER TO postgres;

--
-- Name: private_chat_conversation_conversation_id_seq; Type: SEQUENCE OWNED BY; Schema: public; Owner: postgres
--

ALTER SEQUENCE public.private_chat_conversation_conversation_id_seq OWNED BY public.private_chat_conversation.conversation_id;


--
-- Name: private_chat_files; Type: TABLE; Schema: public; Owner: postgres
--

CREATE TABLE public.private_chat_files (
    file_id integer NOT NULL,
    file_path character varying(700),
    file_real_name character varying(700),
    file_created_at timestamp with time zone,
    file_status character varying(100),
    file_conversation_id integer,
    file_type character varying(300),
    file_chat_id integer
);


ALTER TABLE public.private_chat_files OWNER TO postgres;

--
-- Name: private_chat_files_file_id_seq; Type: SEQUENCE; Schema: public; Owner: postgres
--

CREATE SEQUENCE public.private_chat_files_file_id_seq
    AS integer
    START WITH 1
    INCREMENT BY 1
    NO MINVALUE
    NO MAXVALUE
    CACHE 1;


ALTER TABLE public.private_chat_files_file_id_seq OWNER TO postgres;

--
-- Name: private_chat_files_file_id_seq; Type: SEQUENCE OWNED BY; Schema: public; Owner: postgres
--

ALTER SEQUENCE public.private_chat_files_file_id_seq OWNED BY public.private_chat_files.file_id;


--
-- Name: private_chat_private_chat_id_seq; Type: SEQUENCE; Schema: public; Owner: postgres
--

CREATE SEQUENCE public.private_chat_private_chat_id_seq
    AS integer
    START WITH 1
    INCREMENT BY 1
    NO MINVALUE
    NO MAXVALUE
    CACHE 1;


ALTER TABLE public.private_chat_private_chat_id_seq OWNER TO postgres;

--
-- Name: private_chat_private_chat_id_seq; Type: SEQUENCE OWNED BY; Schema: public; Owner: postgres
--

ALTER SEQUENCE public.private_chat_private_chat_id_seq OWNED BY public.private_chat.private_chat_id;


--
-- Name: query_management; Type: TABLE; Schema: public; Owner: postgres
--

CREATE TABLE public.query_management (
    query_id integer NOT NULL,
    query character varying(5000) NOT NULL,
    user_profile_id integer NOT NULL,
    query_status_id integer NOT NULL,
    created_by_id integer NOT NULL,
    created_on timestamp with time zone DEFAULT now() NOT NULL,
    modified_by_id integer,
    modified_on timestamp with time zone,
    is_active boolean DEFAULT true NOT NULL,
    query_response character varying(5000)
);


ALTER TABLE public.query_management OWNER TO postgres;

--
-- Name: query_management_query_id_seq; Type: SEQUENCE; Schema: public; Owner: postgres
--

CREATE SEQUENCE public.query_management_query_id_seq
    AS integer
    START WITH 1
    INCREMENT BY 1
    NO MINVALUE
    NO MAXVALUE
    CACHE 1;


ALTER TABLE public.query_management_query_id_seq OWNER TO postgres;

--
-- Name: query_management_query_id_seq; Type: SEQUENCE OWNED BY; Schema: public; Owner: postgres
--

ALTER SEQUENCE public.query_management_query_id_seq OWNED BY public.query_management.query_id;


--
-- Name: query_status; Type: TABLE; Schema: public; Owner: postgres
--

CREATE TABLE public.query_status (
    query_status_id integer NOT NULL,
    query_status character varying(500) NOT NULL,
    is_active boolean DEFAULT true NOT NULL
);


ALTER TABLE public.query_status OWNER TO postgres;

--
-- Name: query_status_query_status_id_seq; Type: SEQUENCE; Schema: public; Owner: postgres
--

CREATE SEQUENCE public.query_status_query_status_id_seq
    AS integer
    START WITH 1
    INCREMENT BY 1
    NO MINVALUE
    NO MAXVALUE
    CACHE 1;


ALTER TABLE public.query_status_query_status_id_seq OWNER TO postgres;

--
-- Name: query_status_query_status_id_seq; Type: SEQUENCE OWNED BY; Schema: public; Owner: postgres
--

ALTER SEQUENCE public.query_status_query_status_id_seq OWNED BY public.query_status.query_status_id;


--
-- Name: question_groups; Type: TABLE; Schema: public; Owner: postgres
--

CREATE TABLE public.question_groups (
    "question_group_Id" integer NOT NULL,
    question_group character varying(500) NOT NULL,
    is_active boolean DEFAULT true NOT NULL
);


ALTER TABLE public.question_groups OWNER TO postgres;

--
-- Name: question_groups_question_group_Id_seq; Type: SEQUENCE; Schema: public; Owner: postgres
--

CREATE SEQUENCE public."question_groups_question_group_Id_seq"
    AS integer
    START WITH 1
    INCREMENT BY 1
    NO MINVALUE
    NO MAXVALUE
    CACHE 1;


ALTER TABLE public."question_groups_question_group_Id_seq" OWNER TO postgres;

--
-- Name: question_groups_question_group_Id_seq; Type: SEQUENCE OWNED BY; Schema: public; Owner: postgres
--

ALTER SEQUENCE public."question_groups_question_group_Id_seq" OWNED BY public.question_groups."question_group_Id";


--
-- Name: user_regionals; Type: TABLE; Schema: public; Owner: postgres
--

CREATE TABLE public.user_regionals (
    "user_regional_Id" integer NOT NULL,
    user_profile_id integer NOT NULL,
    "sect_Id" integer NOT NULL,
    "level_of_religiousness_Id" integer NOT NULL,
    "prayer_Id" integer NOT NULL
);


ALTER TABLE public.user_regionals OWNER TO postgres;

--
-- Name: regionals_regional_Id_seq; Type: SEQUENCE; Schema: public; Owner: postgres
--

CREATE SEQUENCE public."regionals_regional_Id_seq"
    AS integer
    START WITH 1
    INCREMENT BY 1
    NO MINVALUE
    NO MAXVALUE
    CACHE 1;


ALTER TABLE public."regionals_regional_Id_seq" OWNER TO postgres;

--
-- Name: regionals_regional_Id_seq; Type: SEQUENCE OWNED BY; Schema: public; Owner: postgres
--

ALTER SEQUENCE public."regionals_regional_Id_seq" OWNED BY public.user_regionals."user_regional_Id";


--
-- Name: sects; Type: TABLE; Schema: public; Owner: postgres
--

CREATE TABLE public.sects (
    "sect_Id" integer NOT NULL,
    sect character varying(500) NOT NULL,
    is_active boolean DEFAULT true NOT NULL
);


ALTER TABLE public.sects OWNER TO postgres;

--
-- Name: sects_sect_Id_seq; Type: SEQUENCE; Schema: public; Owner: postgres
--

CREATE SEQUENCE public."sects_sect_Id_seq"
    AS integer
    START WITH 1
    INCREMENT BY 1
    NO MINVALUE
    NO MAXVALUE
    CACHE 1;


ALTER TABLE public."sects_sect_Id_seq" OWNER TO postgres;

--
-- Name: sects_sect_Id_seq; Type: SEQUENCE OWNED BY; Schema: public; Owner: postgres
--

ALTER SEQUENCE public."sects_sect_Id_seq" OWNED BY public.sects."sect_Id";


--
-- Name: smokes; Type: TABLE; Schema: public; Owner: postgres
--

CREATE TABLE public.smokes (
    "smoke_Id" integer NOT NULL,
    smoke character varying(500) NOT NULL,
    is_active boolean DEFAULT true NOT NULL
);


ALTER TABLE public.smokes OWNER TO postgres;

--
-- Name: smokes_smoke_Id_seq; Type: SEQUENCE; Schema: public; Owner: postgres
--

CREATE SEQUENCE public."smokes_smoke_Id_seq"
    AS integer
    START WITH 1
    INCREMENT BY 1
    NO MINVALUE
    NO MAXVALUE
    CACHE 1;


ALTER TABLE public."smokes_smoke_Id_seq" OWNER TO postgres;

--
-- Name: smokes_smoke_Id_seq; Type: SEQUENCE OWNED BY; Schema: public; Owner: postgres
--

ALTER SEQUENCE public."smokes_smoke_Id_seq" OWNED BY public.smokes."smoke_Id";


--
-- Name: suggested_profiles; Type: TABLE; Schema: public; Owner: postgres
--

CREATE TABLE public.suggested_profiles (
    admin_id integer NOT NULL,
    suggested_profile_id integer NOT NULL,
    suggest_to_user_id integer NOT NULL,
    suggested_on timestamp with time zone DEFAULT now() NOT NULL,
    is_seen boolean DEFAULT false NOT NULL
);


ALTER TABLE public.suggested_profiles OWNER TO postgres;

--
-- Name: terms_and_conditions; Type: TABLE; Schema: public; Owner: postgres
--

CREATE TABLE public.terms_and_conditions (
    terms_and_condition_id integer NOT NULL,
    terms_and_conditions character varying(10000) NOT NULL,
    is_active boolean DEFAULT true NOT NULL
);


ALTER TABLE public.terms_and_conditions OWNER TO postgres;

--
-- Name: terms_and_conditions_terms_and_condition_id_seq; Type: SEQUENCE; Schema: public; Owner: postgres
--

CREATE SEQUENCE public.terms_and_conditions_terms_and_condition_id_seq
    AS integer
    START WITH 1
    INCREMENT BY 1
    NO MINVALUE
    NO MAXVALUE
    CACHE 1;


ALTER TABLE public.terms_and_conditions_terms_and_condition_id_seq OWNER TO postgres;

--
-- Name: terms_and_conditions_terms_and_condition_id_seq; Type: SEQUENCE OWNED BY; Schema: public; Owner: postgres
--

ALTER SEQUENCE public.terms_and_conditions_terms_and_condition_id_seq OWNED BY public.terms_and_conditions.terms_and_condition_id;


--
-- Name: user_about_yourself; Type: TABLE; Schema: public; Owner: postgres
--

CREATE TABLE public.user_about_yourself (
    "user_about_yourself_Id" integer NOT NULL,
    user_profile_id integer NOT NULL,
    about_me character varying(500) NOT NULL,
    video_profile_path character varying(500)
);


ALTER TABLE public.user_about_yourself OWNER TO postgres;

--
-- Name: user_about_yourself_photos; Type: TABLE; Schema: public; Owner: postgres
--

CREATE TABLE public.user_about_yourself_photos (
    "user_about_yourself_photo_Id" integer NOT NULL,
    user_profile_id integer NOT NULL,
    photo_path character varying(500) NOT NULL
);


ALTER TABLE public.user_about_yourself_photos OWNER TO postgres;

--
-- Name: user_about_yourself_photos_user_about_yourself_photo_Id_seq; Type: SEQUENCE; Schema: public; Owner: postgres
--

CREATE SEQUENCE public."user_about_yourself_photos_user_about_yourself_photo_Id_seq"
    AS integer
    START WITH 1
    INCREMENT BY 1
    NO MINVALUE
    NO MAXVALUE
    CACHE 1;


ALTER TABLE public."user_about_yourself_photos_user_about_yourself_photo_Id_seq" OWNER TO postgres;

--
-- Name: user_about_yourself_photos_user_about_yourself_photo_Id_seq; Type: SEQUENCE OWNED BY; Schema: public; Owner: postgres
--

ALTER SEQUENCE public."user_about_yourself_photos_user_about_yourself_photo_Id_seq" OWNED BY public.user_about_yourself_photos."user_about_yourself_photo_Id";


--
-- Name: user_about_yourself_user_about_yourself_Id_seq; Type: SEQUENCE; Schema: public; Owner: postgres
--

CREATE SEQUENCE public."user_about_yourself_user_about_yourself_Id_seq"
    AS integer
    START WITH 1
    INCREMENT BY 1
    NO MINVALUE
    NO MAXVALUE
    CACHE 1;


ALTER TABLE public."user_about_yourself_user_about_yourself_Id_seq" OWNER TO postgres;

--
-- Name: user_about_yourself_user_about_yourself_Id_seq; Type: SEQUENCE OWNED BY; Schema: public; Owner: postgres
--

ALTER SEQUENCE public."user_about_yourself_user_about_yourself_Id_seq" OWNED BY public.user_about_yourself."user_about_yourself_Id";


--
-- Name: user_access_rights; Type: TABLE; Schema: public; Owner: postgres
--

CREATE TABLE public.user_access_rights (
    user_access_right_id integer NOT NULL,
    user_profile_id integer NOT NULL,
    next_user_proflie_id integer NOT NULL,
    is_religion_show boolean DEFAULT true NOT NULL,
    is_eating_and_drinking_show boolean DEFAULT true NOT NULL,
    is_marital_status_show boolean DEFAULT true NOT NULL,
    is_languages_show boolean DEFAULT true NOT NULL,
    is_social_show boolean DEFAULT true NOT NULL
);


ALTER TABLE public.user_access_rights OWNER TO postgres;

--
-- Name: user_access_rights_user_access_right_id_seq; Type: SEQUENCE; Schema: public; Owner: postgres
--

CREATE SEQUENCE public.user_access_rights_user_access_right_id_seq
    AS integer
    START WITH 1
    INCREMENT BY 1
    NO MINVALUE
    NO MAXVALUE
    CACHE 1;


ALTER TABLE public.user_access_rights_user_access_right_id_seq OWNER TO postgres;

--
-- Name: user_access_rights_user_access_right_id_seq; Type: SEQUENCE OWNED BY; Schema: public; Owner: postgres
--

ALTER SEQUENCE public.user_access_rights_user_access_right_id_seq OWNED BY public.user_access_rights.user_access_right_id;


--
-- Name: user_activities; Type: TABLE; Schema: public; Owner: postgres
--

CREATE TABLE public.user_activities (
    user_activity_id integer NOT NULL,
    user_profile_id integer NOT NULL,
    next_user_proflie_id integer NOT NULL,
    is_like boolean DEFAULT false NOT NULL,
    is_next_user_proflie_like boolean DEFAULT false NOT NULL,
    is_match boolean DEFAULT false NOT NULL,
    is_pass boolean DEFAULT false NOT NULL,
    pass_by_id integer,
    is_block boolean DEFAULT false NOT NULL,
    block_by_id integer,
    created_by_id integer NOT NULL,
    created_on timestamp with time zone DEFAULT now() NOT NULL,
    modified_by_id integer,
    modified_on timestamp with time zone,
    is_favourite boolean DEFAULT false NOT NULL,
    is_report boolean DEFAULT false NOT NULL,
    report_by_id integer
);


ALTER TABLE public.user_activities OWNER TO postgres;

--
-- Name: user_activities_user_activity_id_seq; Type: SEQUENCE; Schema: public; Owner: postgres
--

CREATE SEQUENCE public.user_activities_user_activity_id_seq
    AS integer
    START WITH 1
    INCREMENT BY 1
    NO MINVALUE
    NO MAXVALUE
    CACHE 1;


ALTER TABLE public.user_activities_user_activity_id_seq OWNER TO postgres;

--
-- Name: user_activities_user_activity_id_seq; Type: SEQUENCE OWNED BY; Schema: public; Owner: postgres
--

ALTER SEQUENCE public.user_activities_user_activity_id_seq OWNED BY public.user_activities.user_activity_id;


--
-- Name: user_additional_informations; Type: TABLE; Schema: public; Owner: postgres
--

CREATE TABLE public.user_additional_informations (
    "user_additional_information_Id" integer NOT NULL,
    user_profile_id integer NOT NULL,
    "additional_information_question_Id" integer NOT NULL,
    option_single_select integer,
    option_multiple_select character varying(500),
    option_start_from numeric,
    option_end_from numeric,
    option_text character varying(500),
    is_active boolean DEFAULT true NOT NULL
);


ALTER TABLE public.user_additional_informations OWNER TO postgres;

--
-- Name: user_additional_informations_user_additional_information_Id_seq; Type: SEQUENCE; Schema: public; Owner: postgres
--

CREATE SEQUENCE public."user_additional_informations_user_additional_information_Id_seq"
    AS integer
    START WITH 1
    INCREMENT BY 1
    NO MINVALUE
    NO MAXVALUE
    CACHE 1;


ALTER TABLE public."user_additional_informations_user_additional_information_Id_seq" OWNER TO postgres;

--
-- Name: user_additional_informations_user_additional_information_Id_seq; Type: SEQUENCE OWNED BY; Schema: public; Owner: postgres
--

ALTER SEQUENCE public."user_additional_informations_user_additional_information_Id_seq" OWNED BY public.user_additional_informations."user_additional_information_Id";


--
-- Name: user_additional_languages; Type: TABLE; Schema: public; Owner: postgres
--

CREATE TABLE public.user_additional_languages (
    "user_additional_language_Id" integer NOT NULL,
    user_profile_id integer NOT NULL,
    "language_Id" integer NOT NULL,
    is_active boolean DEFAULT true NOT NULL
);


ALTER TABLE public.user_additional_languages OWNER TO postgres;

--
-- Name: user_additional_languages_user_additional_language_Id_seq; Type: SEQUENCE; Schema: public; Owner: postgres
--

CREATE SEQUENCE public."user_additional_languages_user_additional_language_Id_seq"
    AS integer
    START WITH 1
    INCREMENT BY 1
    NO MINVALUE
    NO MAXVALUE
    CACHE 1;


ALTER TABLE public."user_additional_languages_user_additional_language_Id_seq" OWNER TO postgres;

--
-- Name: user_additional_languages_user_additional_language_Id_seq; Type: SEQUENCE OWNED BY; Schema: public; Owner: postgres
--

ALTER SEQUENCE public."user_additional_languages_user_additional_language_Id_seq" OWNED BY public.user_additional_languages."user_additional_language_Id";


--
-- Name: user_articles; Type: TABLE; Schema: public; Owner: postgres
--

CREATE TABLE public.user_articles (
    user_article_id integer NOT NULL,
    article_id integer NOT NULL,
    user_profile_id integer NOT NULL
);


ALTER TABLE public.user_articles OWNER TO postgres;

--
-- Name: user_articles_user_article_id_seq; Type: SEQUENCE; Schema: public; Owner: postgres
--

CREATE SEQUENCE public.user_articles_user_article_id_seq
    AS integer
    START WITH 1
    INCREMENT BY 1
    NO MINVALUE
    NO MAXVALUE
    CACHE 1;


ALTER TABLE public.user_articles_user_article_id_seq OWNER TO postgres;

--
-- Name: user_articles_user_article_id_seq; Type: SEQUENCE OWNED BY; Schema: public; Owner: postgres
--

ALTER SEQUENCE public.user_articles_user_article_id_seq OWNED BY public.user_articles.user_article_id;


--
-- Name: user_citizenship_documents; Type: TABLE; Schema: public; Owner: postgres
--

CREATE TABLE public.user_citizenship_documents (
    "user_citizenship_document_Id" integer NOT NULL,
    user_profile_id integer NOT NULL,
    is_passport boolean DEFAULT false NOT NULL,
    passport_path character varying(2000),
    is_driving_licence boolean DEFAULT false NOT NULL,
    driving_licence_path character varying(2000),
    is_passport_verified boolean,
    is_driving_licence_verified boolean
);


ALTER TABLE public.user_citizenship_documents OWNER TO postgres;

--
-- Name: user_citizenship_documents_user_citizenship_document_Id_seq; Type: SEQUENCE; Schema: public; Owner: postgres
--

CREATE SEQUENCE public."user_citizenship_documents_user_citizenship_document_Id_seq"
    AS integer
    START WITH 1
    INCREMENT BY 1
    NO MINVALUE
    NO MAXVALUE
    CACHE 1;


ALTER TABLE public."user_citizenship_documents_user_citizenship_document_Id_seq" OWNER TO postgres;

--
-- Name: user_citizenship_documents_user_citizenship_document_Id_seq; Type: SEQUENCE OWNED BY; Schema: public; Owner: postgres
--

ALTER SEQUENCE public."user_citizenship_documents_user_citizenship_document_Id_seq" OWNED BY public.user_citizenship_documents."user_citizenship_document_Id";


--
-- Name: user_educational_documents; Type: TABLE; Schema: public; Owner: postgres
--

CREATE TABLE public.user_educational_documents (
    "user_educational_document_Id" integer NOT NULL,
    user_profile_id integer NOT NULL,
    "educational_document_type_Id" integer NOT NULL,
    user_educational_document_path character varying(5000) NOT NULL,
    is_active boolean DEFAULT true NOT NULL,
    is_document_verified boolean
);


ALTER TABLE public.user_educational_documents OWNER TO postgres;

--
-- Name: user_educational_documents _user_educational_document_Id_seq; Type: SEQUENCE; Schema: public; Owner: postgres
--

CREATE SEQUENCE public."user_educational_documents _user_educational_document_Id_seq"
    AS integer
    START WITH 1
    INCREMENT BY 1
    NO MINVALUE
    NO MAXVALUE
    CACHE 1;


ALTER TABLE public."user_educational_documents _user_educational_document_Id_seq" OWNER TO postgres;

--
-- Name: user_educational_documents _user_educational_document_Id_seq; Type: SEQUENCE OWNED BY; Schema: public; Owner: postgres
--

ALTER SEQUENCE public."user_educational_documents _user_educational_document_Id_seq" OWNED BY public.user_educational_documents."user_educational_document_Id";


--
-- Name: user_educations; Type: TABLE; Schema: public; Owner: postgres
--

CREATE TABLE public.user_educations (
    "user_education_Id" integer NOT NULL,
    user_profile_id integer NOT NULL,
    education_type character varying(500),
    subject_ids character varying(500),
    years_left character varying(500),
    education_type_id integer
);


ALTER TABLE public.user_educations OWNER TO postgres;

--
-- Name: user_educations_user_education_Id_seq; Type: SEQUENCE; Schema: public; Owner: postgres
--

CREATE SEQUENCE public."user_educations_user_education_Id_seq"
    AS integer
    START WITH 1
    INCREMENT BY 1
    NO MINVALUE
    NO MAXVALUE
    CACHE 1;


ALTER TABLE public."user_educations_user_education_Id_seq" OWNER TO postgres;

--
-- Name: user_educations_user_education_Id_seq; Type: SEQUENCE OWNED BY; Schema: public; Owner: postgres
--

ALTER SEQUENCE public."user_educations_user_education_Id_seq" OWNED BY public.user_educations."user_education_Id";


--
-- Name: user_employment_documents; Type: TABLE; Schema: public; Owner: postgres
--

CREATE TABLE public.user_employment_documents (
    user_employment_document_id integer NOT NULL,
    user_profile_id integer NOT NULL,
    "employment_document_type_Id" integer NOT NULL,
    user_employment_document_path character varying(500) NOT NULL,
    is_active boolean DEFAULT true NOT NULL,
    is_document_verified boolean
);


ALTER TABLE public.user_employment_documents OWNER TO postgres;

--
-- Name: user_employment_documents_user_employment_document_id_seq; Type: SEQUENCE; Schema: public; Owner: postgres
--

CREATE SEQUENCE public.user_employment_documents_user_employment_document_id_seq
    AS integer
    START WITH 1
    INCREMENT BY 1
    NO MINVALUE
    NO MAXVALUE
    CACHE 1;


ALTER TABLE public.user_employment_documents_user_employment_document_id_seq OWNER TO postgres;

--
-- Name: user_employment_documents_user_employment_document_id_seq; Type: SEQUENCE OWNED BY; Schema: public; Owner: postgres
--

ALTER SEQUENCE public.user_employment_documents_user_employment_document_id_seq OWNED BY public.user_employment_documents.user_employment_document_id;


--
-- Name: user_employments; Type: TABLE; Schema: public; Owner: postgres
--

CREATE TABLE public.user_employments (
    "user_employment_Id" integer NOT NULL,
    user_profile_id integer NOT NULL,
    job_title character varying(500),
    location_of_work character varying(500) NOT NULL,
    income character varying(500) NOT NULL,
    is_self_employee boolean DEFAULT false NOT NULL,
    employment_type_id integer
);


ALTER TABLE public.user_employments OWNER TO postgres;

--
-- Name: user_employments_user_employment_Id_seq; Type: SEQUENCE; Schema: public; Owner: postgres
--

CREATE SEQUENCE public."user_employments_user_employment_Id_seq"
    AS integer
    START WITH 1
    INCREMENT BY 1
    NO MINVALUE
    NO MAXVALUE
    CACHE 1;


ALTER TABLE public."user_employments_user_employment_Id_seq" OWNER TO postgres;

--
-- Name: user_employments_user_employment_Id_seq; Type: SEQUENCE OWNED BY; Schema: public; Owner: postgres
--

ALTER SEQUENCE public."user_employments_user_employment_Id_seq" OWNED BY public.user_employments."user_employment_Id";


--
-- Name: user_marital_status; Type: TABLE; Schema: public; Owner: postgres
--

CREATE TABLE public.user_marital_status (
    "user_marital_status_Id" integer NOT NULL,
    user_profile_id integer NOT NULL,
    "marital_status_Id" integer NOT NULL,
    "prenup_Id" integer NOT NULL,
    is_kids boolean DEFAULT false NOT NULL,
    is_want_kids boolean DEFAULT false NOT NULL,
    how_many_kids integer,
    have_kids integer
);


ALTER TABLE public.user_marital_status OWNER TO postgres;

--
-- Name: user_marital_status_user_marital_status_Id_seq; Type: SEQUENCE; Schema: public; Owner: postgres
--

CREATE SEQUENCE public."user_marital_status_user_marital_status_Id_seq"
    AS integer
    START WITH 1
    INCREMENT BY 1
    NO MINVALUE
    NO MAXVALUE
    CACHE 1;


ALTER TABLE public."user_marital_status_user_marital_status_Id_seq" OWNER TO postgres;

--
-- Name: user_marital_status_user_marital_status_Id_seq; Type: SEQUENCE OWNED BY; Schema: public; Owner: postgres
--

ALTER SEQUENCE public."user_marital_status_user_marital_status_Id_seq" OWNED BY public.user_marital_status."user_marital_status_Id";


--
-- Name: user_matches_chat_history; Type: TABLE; Schema: public; Owner: postgres
--

CREATE TABLE public.user_matches_chat_history (
    user_matches_chat_history_id integer NOT NULL,
    conversation_from integer NOT NULL,
    conversation_to integer NOT NULL,
    conversation_datetime date NOT NULL
);


ALTER TABLE public.user_matches_chat_history OWNER TO postgres;

--
-- Name: user_matches_chat_history_user_matches_chat_history_id_seq; Type: SEQUENCE; Schema: public; Owner: postgres
--

CREATE SEQUENCE public.user_matches_chat_history_user_matches_chat_history_id_seq
    AS integer
    START WITH 1
    INCREMENT BY 1
    NO MINVALUE
    NO MAXVALUE
    CACHE 1;


ALTER TABLE public.user_matches_chat_history_user_matches_chat_history_id_seq OWNER TO postgres;

--
-- Name: user_matches_chat_history_user_matches_chat_history_id_seq; Type: SEQUENCE OWNED BY; Schema: public; Owner: postgres
--

ALTER SEQUENCE public.user_matches_chat_history_user_matches_chat_history_id_seq OWNED BY public.user_matches_chat_history.user_matches_chat_history_id;


--
-- Name: user_payments; Type: TABLE; Schema: public; Owner: postgres
--

CREATE TABLE public.user_payments (
    user_payment_id integer NOT NULL,
    user_profile_id integer NOT NULL,
    plan_id integer NOT NULL,
    plan_duration integer,
    amount integer NOT NULL,
    payment_intent_id character varying(5000) NOT NULL,
    stripe_payment_on character varying(500),
    transaction_id character varying(5000),
    payment_on timestamp with time zone DEFAULT now() NOT NULL,
    payment_status character varying(500)
);


ALTER TABLE public.user_payments OWNER TO postgres;

--
-- Name: user_payments_user_payment_id_seq; Type: SEQUENCE; Schema: public; Owner: postgres
--

CREATE SEQUENCE public.user_payments_user_payment_id_seq
    AS integer
    START WITH 1
    INCREMENT BY 1
    NO MINVALUE
    NO MAXVALUE
    CACHE 1;


ALTER TABLE public.user_payments_user_payment_id_seq OWNER TO postgres;

--
-- Name: user_payments_user_payment_id_seq; Type: SEQUENCE OWNED BY; Schema: public; Owner: postgres
--

ALTER SEQUENCE public.user_payments_user_payment_id_seq OWNED BY public.user_payments.user_payment_id;


--
-- Name: user_plans; Type: TABLE; Schema: public; Owner: postgres
--

CREATE TABLE public.user_plans (
    user_plan_id integer NOT NULL,
    user_profile_id integer NOT NULL,
    plan_id integer NOT NULL,
    plan_start_date timestamp with time zone,
    plan_end_date timestamp with time zone,
    user_payment_id integer
);


ALTER TABLE public.user_plans OWNER TO postgres;

--
-- Name: user_plans_user_plan_id_seq; Type: SEQUENCE; Schema: public; Owner: postgres
--

CREATE SEQUENCE public.user_plans_user_plan_id_seq
    AS integer
    START WITH 1
    INCREMENT BY 1
    NO MINVALUE
    NO MAXVALUE
    CACHE 1;


ALTER TABLE public.user_plans_user_plan_id_seq OWNER TO postgres;

--
-- Name: user_plans_user_plan_id_seq; Type: SEQUENCE OWNED BY; Schema: public; Owner: postgres
--

ALTER SEQUENCE public.user_plans_user_plan_id_seq OWNED BY public.user_plans.user_plan_id;


--
-- Name: user_profile_reports; Type: TABLE; Schema: public; Owner: postgres
--

CREATE TABLE public.user_profile_reports (
    user_profile_report_id integer NOT NULL,
    user_profile_report_by integer NOT NULL,
    user_profile_report_to integer NOT NULL,
    reason character varying(2000),
    created_by_id integer NOT NULL,
    created_on timestamp with time zone DEFAULT now() NOT NULL,
    modified_by_id integer,
    modified_on timestamp with time zone
);


ALTER TABLE public.user_profile_reports OWNER TO postgres;

--
-- Name: user_profile_reports_user_profile_report_id_seq; Type: SEQUENCE; Schema: public; Owner: postgres
--

CREATE SEQUENCE public.user_profile_reports_user_profile_report_id_seq
    AS integer
    START WITH 1
    INCREMENT BY 1
    NO MINVALUE
    NO MAXVALUE
    CACHE 1;


ALTER TABLE public.user_profile_reports_user_profile_report_id_seq OWNER TO postgres;

--
-- Name: user_profile_reports_user_profile_report_id_seq; Type: SEQUENCE OWNED BY; Schema: public; Owner: postgres
--

ALTER SEQUENCE public.user_profile_reports_user_profile_report_id_seq OWNED BY public.user_profile_reports.user_profile_report_id;


--
-- Name: user_profiles; Type: TABLE; Schema: public; Owner: postgres
--

CREATE TABLE public.user_profiles (
    user_profile_id integer NOT NULL,
    user_id integer NOT NULL,
    full_name character varying(500) NOT NULL,
    dob date,
    height character varying(10),
    nationality_id integer,
    country_of_origin_ids character varying(500),
    gender_id integer NOT NULL,
    "language_Id" integer,
    linkedin character varying(500),
    instagram character varying(500),
    is_verified boolean DEFAULT false NOT NULL,
    user_profile_path character varying(5000),
    location_coordinate point,
    is_travel_mode boolean DEFAULT false NOT NULL,
    current_country character varying(500),
    is_educated boolean DEFAULT true NOT NULL,
    is_employed boolean DEFAULT true NOT NULL
);


ALTER TABLE public.user_profiles OWNER TO postgres;

--
-- Name: user_profiles_user_profile_id_seq; Type: SEQUENCE; Schema: public; Owner: postgres
--

CREATE SEQUENCE public.user_profiles_user_profile_id_seq
    AS integer
    START WITH 1
    INCREMENT BY 1
    NO MINVALUE
    NO MAXVALUE
    CACHE 1;


ALTER TABLE public.user_profiles_user_profile_id_seq OWNER TO postgres;

--
-- Name: user_profiles_user_profile_id_seq; Type: SEQUENCE OWNED BY; Schema: public; Owner: postgres
--

ALTER SEQUENCE public.user_profiles_user_profile_id_seq OWNED BY public.user_profiles.user_profile_id;


--
-- Name: users; Type: TABLE; Schema: public; Owner: postgres
--

CREATE TABLE public.users (
    user_id integer NOT NULL,
    country_code character varying(10) NOT NULL,
    phone_number character varying(20) NOT NULL,
    is_active boolean DEFAULT true NOT NULL,
    is_blocked boolean DEFAULT false NOT NULL,
    plan_id integer,
    is_chaperone boolean DEFAULT false NOT NULL,
    token character varying(500),
    valid_from timestamp with time zone,
    valid_upto timestamp with time zone,
    last_login timestamp with time zone
);


ALTER TABLE public.users OWNER TO postgres;

--
-- Name: users_user_id_seq; Type: SEQUENCE; Schema: public; Owner: postgres
--

CREATE SEQUENCE public.users_user_id_seq
    AS integer
    START WITH 1
    INCREMENT BY 1
    NO MINVALUE
    NO MAXVALUE
    CACHE 1;


ALTER TABLE public.users_user_id_seq OWNER TO postgres;

--
-- Name: users_user_id_seq; Type: SEQUENCE OWNED BY; Schema: public; Owner: postgres
--

ALTER SEQUENCE public.users_user_id_seq OWNED BY public.users.user_id;


--
-- Name: about_us about_us_id; Type: DEFAULT; Schema: public; Owner: postgres
--

ALTER TABLE ONLY public.about_us ALTER COLUMN about_us_id SET DEFAULT nextval('public.about_us_about_us_id_seq'::regclass);


--
-- Name: additional_information_question_options additional_information_question_option_Id; Type: DEFAULT; Schema: public; Owner: postgres
--

ALTER TABLE ONLY public.additional_information_question_options ALTER COLUMN "additional_information_question_option_Id" SET DEFAULT nextval('public.additional_information_questi_additional_information_quest_seq1'::regclass);


--
-- Name: additional_information_questions additional_information_question_Id; Type: DEFAULT; Schema: public; Owner: postgres
--

ALTER TABLE ONLY public.additional_information_questions ALTER COLUMN "additional_information_question_Id" SET DEFAULT nextval('public.additional_information_questi_additional_information_questi_seq'::regclass);


--
-- Name: admins admin_id; Type: DEFAULT; Schema: public; Owner: postgres
--

ALTER TABLE ONLY public.admins ALTER COLUMN admin_id SET DEFAULT nextval('public.admins_admin_id_seq'::regclass);


--
-- Name: answer_types answer_type_Id; Type: DEFAULT; Schema: public; Owner: postgres
--

ALTER TABLE ONLY public.answer_types ALTER COLUMN "answer_type_Id" SET DEFAULT nextval('public."answer_types_answer_type_Id_seq"'::regclass);


--
-- Name: articles article_id; Type: DEFAULT; Schema: public; Owner: postgres
--

ALTER TABLE ONLY public.articles ALTER COLUMN article_id SET DEFAULT nextval('public.articles_article_id_seq'::regclass);


--
-- Name: citizenship_document_types citizenship_document_type_id; Type: DEFAULT; Schema: public; Owner: postgres
--

ALTER TABLE ONLY public.citizenship_document_types ALTER COLUMN citizenship_document_type_id SET DEFAULT nextval('public.citizenship_document_types_citizenship_document_type_id_seq'::regclass);


--
-- Name: country_of_origins country_of_origin_id; Type: DEFAULT; Schema: public; Owner: postgres
--

ALTER TABLE ONLY public.country_of_origins ALTER COLUMN country_of_origin_id SET DEFAULT nextval('public.country_of_origins_country_of_origin_id_seq'::regclass);


--
-- Name: degrees degree_id; Type: DEFAULT; Schema: public; Owner: postgres
--

ALTER TABLE ONLY public.degrees ALTER COLUMN degree_id SET DEFAULT nextval('public.degrees_degree_id_seq'::regclass);


--
-- Name: drinks drink_Id; Type: DEFAULT; Schema: public; Owner: postgres
--

ALTER TABLE ONLY public.drinks ALTER COLUMN "drink_Id" SET DEFAULT nextval('public."drinks_drink_Id_seq"'::regclass);


--
-- Name: education_types education_type_id; Type: DEFAULT; Schema: public; Owner: postgres
--

ALTER TABLE ONLY public.education_types ALTER COLUMN education_type_id SET DEFAULT nextval('public.education_types_education_type_id_seq'::regclass);


--
-- Name: educational_document_types educational_document_type_Id; Type: DEFAULT; Schema: public; Owner: postgres
--

ALTER TABLE ONLY public.educational_document_types ALTER COLUMN "educational_document_type_Id" SET DEFAULT nextval('public."educational_document_types_educational_document_type_Id_seq"'::regclass);


--
-- Name: educational_subjects educational_subject_Id; Type: DEFAULT; Schema: public; Owner: postgres
--

ALTER TABLE ONLY public.educational_subjects ALTER COLUMN "educational_subject_Id" SET DEFAULT nextval('public."educational_subjects_educational_subject_Id_seq"'::regclass);


--
-- Name: employment_document_types employment_document_type_Id; Type: DEFAULT; Schema: public; Owner: postgres
--

ALTER TABLE ONLY public.employment_document_types ALTER COLUMN "employment_document_type_Id" SET DEFAULT nextval('public."employment_document_types_employment_document_type_Id_seq"'::regclass);


--
-- Name: employment_types employment_type_id; Type: DEFAULT; Schema: public; Owner: postgres
--

ALTER TABLE ONLY public.employment_types ALTER COLUMN employment_type_id SET DEFAULT nextval('public.employment_types_employment_type_id_seq'::regclass);


--
-- Name: genders gender_id; Type: DEFAULT; Schema: public; Owner: postgres
--

ALTER TABLE ONLY public.genders ALTER COLUMN gender_id SET DEFAULT nextval('public.genders_gender_id_seq'::regclass);


--
-- Name: halals halal_Id; Type: DEFAULT; Schema: public; Owner: postgres
--

ALTER TABLE ONLY public.halals ALTER COLUMN "halal_Id" SET DEFAULT nextval('public."halals_halal_Id_seq"'::regclass);


--
-- Name: languages language_Id; Type: DEFAULT; Schema: public; Owner: postgres
--

ALTER TABLE ONLY public.languages ALTER COLUMN "language_Id" SET DEFAULT nextval('public."languages_language_Id_seq"'::regclass);


--
-- Name: level_of_religiousness level_of_religiousness_Id; Type: DEFAULT; Schema: public; Owner: postgres
--

ALTER TABLE ONLY public.level_of_religiousness ALTER COLUMN "level_of_religiousness_Id" SET DEFAULT nextval('public."level_of_religiousness_level_of_religiousness_Id_seq"'::regclass);


--
-- Name: marital_status marital_status_Id; Type: DEFAULT; Schema: public; Owner: postgres
--

ALTER TABLE ONLY public.marital_status ALTER COLUMN "marital_status_Id" SET DEFAULT nextval('public."marital_status_marital_status_Id_seq"'::regclass);


--
-- Name: nationalities nationality_id; Type: DEFAULT; Schema: public; Owner: postgres
--

ALTER TABLE ONLY public.nationalities ALTER COLUMN nationality_id SET DEFAULT nextval('public.nationalities_nationality_id_seq'::regclass);


--
-- Name: payment_modes payment_mode_id; Type: DEFAULT; Schema: public; Owner: postgres
--

ALTER TABLE ONLY public.payment_modes ALTER COLUMN payment_mode_id SET DEFAULT nextval('public.payment_modes_payment_mode_id_seq'::regclass);


--
-- Name: plan_details plan_detail_id; Type: DEFAULT; Schema: public; Owner: postgres
--

ALTER TABLE ONLY public.plan_details ALTER COLUMN plan_detail_id SET DEFAULT nextval('public.plan_details_plan_detail_id_seq'::regclass);


--
-- Name: plans plan_id; Type: DEFAULT; Schema: public; Owner: postgres
--

ALTER TABLE ONLY public.plans ALTER COLUMN plan_id SET DEFAULT nextval('public.plans_plan_id_seq'::regclass);


--
-- Name: prayers prayer_Id; Type: DEFAULT; Schema: public; Owner: postgres
--

ALTER TABLE ONLY public.prayers ALTER COLUMN "prayer_Id" SET DEFAULT nextval('public."prayers_prayer_Id_seq"'::regclass);


--
-- Name: prenup prenup_Id; Type: DEFAULT; Schema: public; Owner: postgres
--

ALTER TABLE ONLY public.prenup ALTER COLUMN "prenup_Id" SET DEFAULT nextval('public."prenup_prenup_Id_seq"'::regclass);


--
-- Name: privacy_policy privacy_policy_id; Type: DEFAULT; Schema: public; Owner: postgres
--

ALTER TABLE ONLY public.privacy_policy ALTER COLUMN privacy_policy_id SET DEFAULT nextval('public.privacy_policy_privacy_policy_id_seq'::regclass);


--
-- Name: private_chat private_chat_id; Type: DEFAULT; Schema: public; Owner: postgres
--

ALTER TABLE ONLY public.private_chat ALTER COLUMN private_chat_id SET DEFAULT nextval('public.private_chat_private_chat_id_seq'::regclass);


--
-- Name: private_chat_conversation conversation_id; Type: DEFAULT; Schema: public; Owner: postgres
--

ALTER TABLE ONLY public.private_chat_conversation ALTER COLUMN conversation_id SET DEFAULT nextval('public.private_chat_conversation_conversation_id_seq'::regclass);


--
-- Name: private_chat_files file_id; Type: DEFAULT; Schema: public; Owner: postgres
--

ALTER TABLE ONLY public.private_chat_files ALTER COLUMN file_id SET DEFAULT nextval('public.private_chat_files_file_id_seq'::regclass);


--
-- Name: query_management query_id; Type: DEFAULT; Schema: public; Owner: postgres
--

ALTER TABLE ONLY public.query_management ALTER COLUMN query_id SET DEFAULT nextval('public.query_management_query_id_seq'::regclass);


--
-- Name: query_status query_status_id; Type: DEFAULT; Schema: public; Owner: postgres
--

ALTER TABLE ONLY public.query_status ALTER COLUMN query_status_id SET DEFAULT nextval('public.query_status_query_status_id_seq'::regclass);


--
-- Name: question_groups question_group_Id; Type: DEFAULT; Schema: public; Owner: postgres
--

ALTER TABLE ONLY public.question_groups ALTER COLUMN "question_group_Id" SET DEFAULT nextval('public."question_groups_question_group_Id_seq"'::regclass);


--
-- Name: sects sect_Id; Type: DEFAULT; Schema: public; Owner: postgres
--

ALTER TABLE ONLY public.sects ALTER COLUMN "sect_Id" SET DEFAULT nextval('public."sects_sect_Id_seq"'::regclass);


--
-- Name: smokes smoke_Id; Type: DEFAULT; Schema: public; Owner: postgres
--

ALTER TABLE ONLY public.smokes ALTER COLUMN "smoke_Id" SET DEFAULT nextval('public."smokes_smoke_Id_seq"'::regclass);


--
-- Name: terms_and_conditions terms_and_condition_id; Type: DEFAULT; Schema: public; Owner: postgres
--

ALTER TABLE ONLY public.terms_and_conditions ALTER COLUMN terms_and_condition_id SET DEFAULT nextval('public.terms_and_conditions_terms_and_condition_id_seq'::regclass);


--
-- Name: user_about_yourself user_about_yourself_Id; Type: DEFAULT; Schema: public; Owner: postgres
--

ALTER TABLE ONLY public.user_about_yourself ALTER COLUMN "user_about_yourself_Id" SET DEFAULT nextval('public."user_about_yourself_user_about_yourself_Id_seq"'::regclass);


--
-- Name: user_about_yourself_photos user_about_yourself_photo_Id; Type: DEFAULT; Schema: public; Owner: postgres
--

ALTER TABLE ONLY public.user_about_yourself_photos ALTER COLUMN "user_about_yourself_photo_Id" SET DEFAULT nextval('public."user_about_yourself_photos_user_about_yourself_photo_Id_seq"'::regclass);


--
-- Name: user_access_rights user_access_right_id; Type: DEFAULT; Schema: public; Owner: postgres
--

ALTER TABLE ONLY public.user_access_rights ALTER COLUMN user_access_right_id SET DEFAULT nextval('public.user_access_rights_user_access_right_id_seq'::regclass);


--
-- Name: user_activities user_activity_id; Type: DEFAULT; Schema: public; Owner: postgres
--

ALTER TABLE ONLY public.user_activities ALTER COLUMN user_activity_id SET DEFAULT nextval('public.user_activities_user_activity_id_seq'::regclass);


--
-- Name: user_additional_informations user_additional_information_Id; Type: DEFAULT; Schema: public; Owner: postgres
--

ALTER TABLE ONLY public.user_additional_informations ALTER COLUMN "user_additional_information_Id" SET DEFAULT nextval('public."user_additional_informations_user_additional_information_Id_seq"'::regclass);


--
-- Name: user_additional_languages user_additional_language_Id; Type: DEFAULT; Schema: public; Owner: postgres
--

ALTER TABLE ONLY public.user_additional_languages ALTER COLUMN "user_additional_language_Id" SET DEFAULT nextval('public."user_additional_languages_user_additional_language_Id_seq"'::regclass);


--
-- Name: user_articles user_article_id; Type: DEFAULT; Schema: public; Owner: postgres
--

ALTER TABLE ONLY public.user_articles ALTER COLUMN user_article_id SET DEFAULT nextval('public.user_articles_user_article_id_seq'::regclass);


--
-- Name: user_citizenship_documents user_citizenship_document_Id; Type: DEFAULT; Schema: public; Owner: postgres
--

ALTER TABLE ONLY public.user_citizenship_documents ALTER COLUMN "user_citizenship_document_Id" SET DEFAULT nextval('public."user_citizenship_documents_user_citizenship_document_Id_seq"'::regclass);


--
-- Name: user_eating_and_drinking_habits user_eating_and_drinking_habit_Id; Type: DEFAULT; Schema: public; Owner: postgres
--

ALTER TABLE ONLY public.user_eating_and_drinking_habits ALTER COLUMN "user_eating_and_drinking_habit_Id" SET DEFAULT nextval('public."eating_and_drinking_habits_eating_and_drinking_habit_Id_seq"'::regclass);


--
-- Name: user_educational_documents user_educational_document_Id; Type: DEFAULT; Schema: public; Owner: postgres
--

ALTER TABLE ONLY public.user_educational_documents ALTER COLUMN "user_educational_document_Id" SET DEFAULT nextval('public."user_educational_documents _user_educational_document_Id_seq"'::regclass);


--
-- Name: user_educations user_education_Id; Type: DEFAULT; Schema: public; Owner: postgres
--

ALTER TABLE ONLY public.user_educations ALTER COLUMN "user_education_Id" SET DEFAULT nextval('public."user_educations_user_education_Id_seq"'::regclass);


--
-- Name: user_employment_documents user_employment_document_id; Type: DEFAULT; Schema: public; Owner: postgres
--

ALTER TABLE ONLY public.user_employment_documents ALTER COLUMN user_employment_document_id SET DEFAULT nextval('public.user_employment_documents_user_employment_document_id_seq'::regclass);


--
-- Name: user_employments user_employment_Id; Type: DEFAULT; Schema: public; Owner: postgres
--

ALTER TABLE ONLY public.user_employments ALTER COLUMN "user_employment_Id" SET DEFAULT nextval('public."user_employments_user_employment_Id_seq"'::regclass);


--
-- Name: user_marital_status user_marital_status_Id; Type: DEFAULT; Schema: public; Owner: postgres
--

ALTER TABLE ONLY public.user_marital_status ALTER COLUMN "user_marital_status_Id" SET DEFAULT nextval('public."user_marital_status_user_marital_status_Id_seq"'::regclass);


--
-- Name: user_matches_chat_history user_matches_chat_history_id; Type: DEFAULT; Schema: public; Owner: postgres
--

ALTER TABLE ONLY public.user_matches_chat_history ALTER COLUMN user_matches_chat_history_id SET DEFAULT nextval('public.user_matches_chat_history_user_matches_chat_history_id_seq'::regclass);


--
-- Name: user_payments user_payment_id; Type: DEFAULT; Schema: public; Owner: postgres
--

ALTER TABLE ONLY public.user_payments ALTER COLUMN user_payment_id SET DEFAULT nextval('public.user_payments_user_payment_id_seq'::regclass);


--
-- Name: user_plans user_plan_id; Type: DEFAULT; Schema: public; Owner: postgres
--

ALTER TABLE ONLY public.user_plans ALTER COLUMN user_plan_id SET DEFAULT nextval('public.user_plans_user_plan_id_seq'::regclass);


--
-- Name: user_profile_reports user_profile_report_id; Type: DEFAULT; Schema: public; Owner: postgres
--

ALTER TABLE ONLY public.user_profile_reports ALTER COLUMN user_profile_report_id SET DEFAULT nextval('public.user_profile_reports_user_profile_report_id_seq'::regclass);


--
-- Name: user_profiles user_profile_id; Type: DEFAULT; Schema: public; Owner: postgres
--

ALTER TABLE ONLY public.user_profiles ALTER COLUMN user_profile_id SET DEFAULT nextval('public.user_profiles_user_profile_id_seq'::regclass);


--
-- Name: user_regionals user_regional_Id; Type: DEFAULT; Schema: public; Owner: postgres
--

ALTER TABLE ONLY public.user_regionals ALTER COLUMN "user_regional_Id" SET DEFAULT nextval('public."regionals_regional_Id_seq"'::regclass);


--
-- Name: users user_id; Type: DEFAULT; Schema: public; Owner: postgres
--

ALTER TABLE ONLY public.users ALTER COLUMN user_id SET DEFAULT nextval('public.users_user_id_seq'::regclass);


--
-- Data for Name: about_us; Type: TABLE DATA; Schema: public; Owner: postgres
--

INSERT INTO public.about_us VALUES (1, '

I''ve at all times been an achiever be it teachers or skilled life or sports activities or every other area in my life. I consider in success by way of onerous work & dedication. I''m a progressive thinker & respect every particular person''s area & values.I''ve at all times been an achiever be it teachers or skilled life or sports activities or every other area in my life. I consider in success by way of onerous work & dedication. I''m a progressive thinker & respect every particular person''s area & values.I''ve at all times been an achiever be it teachers or skilled life or sports activities or every other area in my life. I consider in success by way of onerous work & dedication. I''m a progressive thinker & respect every particular person''s area & values.I''ve at all times been an achiever be it teachers or skilled life or sports activities or every other area in my life. I consider in success by way of onerous work & dedication. I''m a progressive thinker & respect every particular person''s area & values.I''ve at all times been an achiever be it teachers or skilled life or sports activities or every other area in my life. I consider in success by way of onerous work & dedication. I''m a progressive thinker & respect every particular person''s area & values.', true);


--
-- Data for Name: additional_information_question_options; Type: TABLE DATA; Schema: public; Owner: postgres
--

INSERT INTO public.additional_information_question_options VALUES (1, 1, 'No Education', NULL, NULL, true);
INSERT INTO public.additional_information_question_options VALUES (2, 1, 'Primary Education', NULL, NULL, true);
INSERT INTO public.additional_information_question_options VALUES (3, 1, 'Grammar School/Secondary/Apprentice', NULL, NULL, true);
INSERT INTO public.additional_information_question_options VALUES (4, 1, 'Sixth Form/ A-level/ SQC', NULL, NULL, true);
INSERT INTO public.additional_information_question_options VALUES (5, 1, 'Bachlors Degree', NULL, NULL, true);
INSERT INTO public.additional_information_question_options VALUES (6, 1, 'Masters Degree', NULL, NULL, true);
INSERT INTO public.additional_information_question_options VALUES (7, 1, 'Doctorate', NULL, NULL, true);
INSERT INTO public.additional_information_question_options VALUES (8, 2, 'Not important', NULL, NULL, true);
INSERT INTO public.additional_information_question_options VALUES (9, 2, 'Slightly important', NULL, NULL, true);
INSERT INTO public.additional_information_question_options VALUES (10, 2, 'Important', NULL, NULL, true);
INSERT INTO public.additional_information_question_options VALUES (11, 2, 'Considerably important', NULL, NULL, true);
INSERT INTO public.additional_information_question_options VALUES (12, 2, 'Very important', NULL, NULL, true);
INSERT INTO public.additional_information_question_options VALUES (13, 3, 'The man', NULL, NULL, true);
INSERT INTO public.additional_information_question_options VALUES (14, 3, 'Both – single income households are not feasible', NULL, NULL, true);
INSERT INTO public.additional_information_question_options VALUES (15, 3, 'Depends on who earns/is capable of earning more', NULL, NULL, true);
INSERT INTO public.additional_information_question_options VALUES (16, 4, 'I would be very happy for them and encourage them to be as successful as they can be', NULL, NULL, true);
INSERT INTO public.additional_information_question_options VALUES (17, 4, 'I would not like it if they are more successful than I am', NULL, NULL, true);
INSERT INTO public.additional_information_question_options VALUES (18, 4, 'I would be happy for them, but I might be a little jealous/resentful of them', NULL, NULL, true);
INSERT INTO public.additional_information_question_options VALUES (19, 4, 'I would be happy for them and it would push me to work harder at my own career', NULL, NULL, true);
INSERT INTO public.additional_information_question_options VALUES (20, 5, 'True', NULL, NULL, true);
INSERT INTO public.additional_information_question_options VALUES (21, 5, 'Somewhat true', NULL, NULL, true);
INSERT INTO public.additional_information_question_options VALUES (22, 5, 'Not true at all', NULL, NULL, true);
INSERT INTO public.additional_information_question_options VALUES (23, 6, 'Not important', NULL, NULL, true);
INSERT INTO public.additional_information_question_options VALUES (24, 6, 'Slightly important', NULL, NULL, true);
INSERT INTO public.additional_information_question_options VALUES (25, 6, 'Important', NULL, NULL, true);
INSERT INTO public.additional_information_question_options VALUES (26, 6, 'Considerably important', NULL, NULL, true);
INSERT INTO public.additional_information_question_options VALUES (27, 6, 'Very important', NULL, NULL, true);
INSERT INTO public.additional_information_question_options VALUES (28, 7, NULL, 1, 20, true);
INSERT INTO public.additional_information_question_options VALUES (29, 8, 'Taller', NULL, NULL, true);
INSERT INTO public.additional_information_question_options VALUES (30, 8, 'Shorter', NULL, NULL, true);
INSERT INTO public.additional_information_question_options VALUES (31, 8, 'Same', NULL, NULL, true);
INSERT INTO public.additional_information_question_options VALUES (32, 9, 'Not important', NULL, NULL, true);
INSERT INTO public.additional_information_question_options VALUES (33, 9, 'Slightly important', NULL, NULL, true);
INSERT INTO public.additional_information_question_options VALUES (34, 9, 'Important', NULL, NULL, true);
INSERT INTO public.additional_information_question_options VALUES (35, 9, 'Considerably important', NULL, NULL, true);
INSERT INTO public.additional_information_question_options VALUES (36, 9, 'Very important', NULL, NULL, true);
INSERT INTO public.additional_information_question_options VALUES (37, 10, 'Not at all', NULL, NULL, true);
INSERT INTO public.additional_information_question_options VALUES (38, 10, 'Less', NULL, NULL, true);
INSERT INTO public.additional_information_question_options VALUES (39, 10, 'Slightly', NULL, NULL, true);
INSERT INTO public.additional_information_question_options VALUES (40, 10, 'Somewhat', NULL, NULL, true);
INSERT INTO public.additional_information_question_options VALUES (41, 10, 'Mostly', NULL, NULL, true);
INSERT INTO public.additional_information_question_options VALUES (42, 10, 'Very much so', NULL, NULL, true);
INSERT INTO public.additional_information_question_options VALUES (43, 11, 'Not important', NULL, NULL, true);
INSERT INTO public.additional_information_question_options VALUES (44, 11, 'Slightly important', NULL, NULL, true);
INSERT INTO public.additional_information_question_options VALUES (45, 11, 'Important', NULL, NULL, true);
INSERT INTO public.additional_information_question_options VALUES (46, 11, 'Considerably important', NULL, NULL, true);
INSERT INTO public.additional_information_question_options VALUES (47, 11, 'Very important', NULL, NULL, true);
INSERT INTO public.additional_information_question_options VALUES (48, 12, 'I’m always up-to-date with the latest trends', NULL, NULL, true);
INSERT INTO public.additional_information_question_options VALUES (49, 12, 'I have my own sense of style', NULL, NULL, true);
INSERT INTO public.additional_information_question_options VALUES (50, 12, 'I like quirky/unusual styles', NULL, NULL, true);
INSERT INTO public.additional_information_question_options VALUES (51, 12, 'I’m into the classic/timeless looks', NULL, NULL, true);
INSERT INTO public.additional_information_question_options VALUES (52, 12, 'Comfort over fashion', NULL, NULL, true);
INSERT INTO public.additional_information_question_options VALUES (53, 12, 'I don’t really care about being stylish', NULL, NULL, true);
INSERT INTO public.additional_information_question_options VALUES (54, 13, 'Very – I could be an Olympian if I wanted to!', NULL, NULL, true);
INSERT INTO public.additional_information_question_options VALUES (55, 13, 'I workout – health and fitness is important to me', NULL, NULL, true);
INSERT INTO public.additional_information_question_options VALUES (56, 13, 'Somewhat – I occasionally workout/go for a run', NULL, NULL, true);
INSERT INTO public.additional_information_question_options VALUES (57, 13, 'No, I don’t have time', NULL, NULL, true);
INSERT INTO public.additional_information_question_options VALUES (58, 13, 'I hate exercising', NULL, NULL, true);
INSERT INTO public.additional_information_question_options VALUES (59, 19, 'Not important', NULL, NULL, true);
INSERT INTO public.additional_information_question_options VALUES (60, 19, 'Slightly important', NULL, NULL, true);
INSERT INTO public.additional_information_question_options VALUES (61, 19, 'Important', NULL, NULL, true);
INSERT INTO public.additional_information_question_options VALUES (62, 19, 'Considerably important', NULL, NULL, true);
INSERT INTO public.additional_information_question_options VALUES (63, 19, 'Very important', NULL, NULL, true);
INSERT INTO public.additional_information_question_options VALUES (64, 20, 'Not very', NULL, NULL, true);
INSERT INTO public.additional_information_question_options VALUES (65, 20, 'Somewhat', NULL, NULL, true);
INSERT INTO public.additional_information_question_options VALUES (66, 20, 'Very', NULL, NULL, true);
INSERT INTO public.additional_information_question_options VALUES (67, 20, 'Extremely', NULL, NULL, true);
INSERT INTO public.additional_information_question_options VALUES (68, 21, 'Not important', NULL, NULL, true);
INSERT INTO public.additional_information_question_options VALUES (69, 21, 'Slightly important', NULL, NULL, true);
INSERT INTO public.additional_information_question_options VALUES (70, 21, 'Important', NULL, NULL, true);
INSERT INTO public.additional_information_question_options VALUES (71, 21, 'Considerably important', NULL, NULL, true);
INSERT INTO public.additional_information_question_options VALUES (72, 21, 'Very important', NULL, NULL, true);
INSERT INTO public.additional_information_question_options VALUES (73, 22, 'Same as my own', NULL, NULL, true);
INSERT INTO public.additional_information_question_options VALUES (74, 22, 'My partner and I will decide on this together', NULL, NULL, true);
INSERT INTO public.additional_information_question_options VALUES (75, 22, 'It doesn’t matter as long as they are Muslim', NULL, NULL, true);
INSERT INTO public.additional_information_question_options VALUES (76, 22, 'I don’t intend to bring up my children under any religious belief system/sect. If they choose to learn about it in the future, it’s up to them', NULL, NULL, true);
INSERT INTO public.additional_information_question_options VALUES (77, 23, 'Yes – socially', NULL, NULL, true);
INSERT INTO public.additional_information_question_options VALUES (78, 23, 'Yes – regularly', NULL, NULL, true);
INSERT INTO public.additional_information_question_options VALUES (79, 23, 'No', NULL, NULL, true);
INSERT INTO public.additional_information_question_options VALUES (80, 24, 'Yes', NULL, NULL, true);
INSERT INTO public.additional_information_question_options VALUES (81, 24, 'No', NULL, NULL, true);
INSERT INTO public.additional_information_question_options VALUES (82, 25, 'Yes – socially', NULL, NULL, true);
INSERT INTO public.additional_information_question_options VALUES (83, 25, 'Yes – regularly', NULL, NULL, true);
INSERT INTO public.additional_information_question_options VALUES (84, 25, 'No', NULL, NULL, true);
INSERT INTO public.additional_information_question_options VALUES (85, 26, 'Yes', NULL, NULL, true);
INSERT INTO public.additional_information_question_options VALUES (86, 26, 'No', NULL, NULL, true);
INSERT INTO public.additional_information_question_options VALUES (87, 27, 'Within the first month', NULL, NULL, true);
INSERT INTO public.additional_information_question_options VALUES (88, 27, 'When I am ready to marry them', NULL, NULL, true);
INSERT INTO public.additional_information_question_options VALUES (89, 27, 'I would like parents/family involved right from the beginning', NULL, NULL, true);
INSERT INTO public.additional_information_question_options VALUES (90, 27, 'When I feel comfortable with them, however long that may be', NULL, NULL, true);
INSERT INTO public.additional_information_question_options VALUES (91, 28, 'Not important', NULL, NULL, true);
INSERT INTO public.additional_information_question_options VALUES (92, 28, 'Slightly important', NULL, NULL, true);
INSERT INTO public.additional_information_question_options VALUES (93, 28, 'Important', NULL, NULL, true);
INSERT INTO public.additional_information_question_options VALUES (94, 28, 'Considerably important', NULL, NULL, true);
INSERT INTO public.additional_information_question_options VALUES (95, 28, 'Very important', NULL, NULL, true);
INSERT INTO public.additional_information_question_options VALUES (96, 29, 'Yes – communal living is normal in my culture, and I would expect my partner to be okay with that', NULL, NULL, true);
INSERT INTO public.additional_information_question_options VALUES (97, 29, 'No – I would want to have my own household', NULL, NULL, true);
INSERT INTO public.additional_information_question_options VALUES (98, 29, 'Depends on what my partner wants – I’m happy to compromise', NULL, NULL, true);
INSERT INTO public.additional_information_question_options VALUES (99, 30, 'Religiousness', NULL, NULL, true);
INSERT INTO public.additional_information_question_options VALUES (100, 30, 'Values', NULL, NULL, true);
INSERT INTO public.additional_information_question_options VALUES (101, 30, 'Honesty', NULL, NULL, true);
INSERT INTO public.additional_information_question_options VALUES (102, 30, 'Fun', NULL, NULL, true);
INSERT INTO public.additional_information_question_options VALUES (103, 30, 'Reliability', NULL, NULL, true);
INSERT INTO public.additional_information_question_options VALUES (104, 30, 'Affection', NULL, NULL, true);
INSERT INTO public.additional_information_question_options VALUES (105, 30, 'Physical appearance', NULL, NULL, true);
INSERT INTO public.additional_information_question_options VALUES (106, 30, 'Friendship', NULL, NULL, true);
INSERT INTO public.additional_information_question_options VALUES (107, 30, 'Equality', NULL, NULL, true);
INSERT INTO public.additional_information_question_options VALUES (108, 30, 'Similar Family values', NULL, NULL, true);
INSERT INTO public.additional_information_question_options VALUES (109, 30, 'Compromise', NULL, NULL, true);
INSERT INTO public.additional_information_question_options VALUES (110, 30, 'Intellectual discussion', NULL, NULL, true);
INSERT INTO public.additional_information_question_options VALUES (111, 30, 'Affection', NULL, NULL, true);
INSERT INTO public.additional_information_question_options VALUES (112, 30, 'Banter', NULL, NULL, true);
INSERT INTO public.additional_information_question_options VALUES (113, 30, 'Personality', NULL, NULL, true);
INSERT INTO public.additional_information_question_options VALUES (114, 30, 'Making time for each other', NULL, NULL, true);
INSERT INTO public.additional_information_question_options VALUES (115, 30, 'Physical affection', NULL, NULL, true);
INSERT INTO public.additional_information_question_options VALUES (116, 30, 'Sexual compatibility', NULL, NULL, true);
INSERT INTO public.additional_information_question_options VALUES (117, 30, 'Traditional values', NULL, NULL, true);
INSERT INTO public.additional_information_question_options VALUES (118, 30, 'friendship', NULL, NULL, true);
INSERT INTO public.additional_information_question_options VALUES (119, 30, 'kindness', NULL, NULL, true);
INSERT INTO public.additional_information_question_options VALUES (120, 30, 'close-ness to my own family', NULL, NULL, true);
INSERT INTO public.additional_information_question_options VALUES (121, 30, 'Independence', NULL, NULL, true);
INSERT INTO public.additional_information_question_options VALUES (122, 30, 'Communication', NULL, NULL, true);
INSERT INTO public.additional_information_question_options VALUES (123, 31, 'Coffee/lunch', NULL, NULL, true);
INSERT INTO public.additional_information_question_options VALUES (124, 31, 'Dinner', NULL, NULL, true);
INSERT INTO public.additional_information_question_options VALUES (125, 31, 'Movies', NULL, NULL, true);
INSERT INTO public.additional_information_question_options VALUES (126, 31, 'Something adventurous (e.g. hiking?)', NULL, NULL, true);
INSERT INTO public.additional_information_question_options VALUES (127, 32, 'Yes', NULL, NULL, true);
INSERT INTO public.additional_information_question_options VALUES (128, 32, 'Will require a chaperone the first time/ first few times', NULL, NULL, true);
INSERT INTO public.additional_information_question_options VALUES (129, 32, 'No – will need a chaperone at all times', NULL, NULL, true);
INSERT INTO public.additional_information_question_options VALUES (130, 33, 'I have good conversation skills', NULL, NULL, true);
INSERT INTO public.additional_information_question_options VALUES (131, 33, 'I am polite and respectful', NULL, NULL, true);
INSERT INTO public.additional_information_question_options VALUES (132, 33, 'I am punctual and organised', NULL, NULL, true);
INSERT INTO public.additional_information_question_options VALUES (133, 33, 'I am spontaneous and fun-loving', NULL, NULL, true);
INSERT INTO public.additional_information_question_options VALUES (134, 33, 'I am relaxed and calm', NULL, NULL, true);
INSERT INTO public.additional_information_question_options VALUES (135, 33, 'I am gentlemanly/ladylike', NULL, NULL, true);
INSERT INTO public.additional_information_question_options VALUES (136, 34, 'I don’t like planning -  I live in the moment and prefer spontaneity', NULL, NULL, true);
INSERT INTO public.additional_information_question_options VALUES (137, 34, 'I am open to trying it if it helps us make time for each other.', NULL, NULL, true);
INSERT INTO public.additional_information_question_options VALUES (138, 34, 'Planning is important to me and I am in favour of my partners suggestion', NULL, NULL, true);
INSERT INTO public.additional_information_question_options VALUES (139, 35, 'More than one week', NULL, NULL, true);
INSERT INTO public.additional_information_question_options VALUES (140, 35, 'At least a week', NULL, NULL, true);
INSERT INTO public.additional_information_question_options VALUES (141, 35, 'A few days', NULL, NULL, true);
INSERT INTO public.additional_information_question_options VALUES (142, 35, 'One day', NULL, NULL, true);
INSERT INTO public.additional_information_question_options VALUES (143, 35, 'A few hours', NULL, NULL, true);
INSERT INTO public.additional_information_question_options VALUES (144, 36, 'If it’s a couple of minutes, I wouldn’t mind', NULL, NULL, true);
INSERT INTO public.additional_information_question_options VALUES (145, 36, 'I also tend to be a few mins late so it doesn’t matter', NULL, NULL, true);
INSERT INTO public.additional_information_question_options VALUES (146, 36, 'I will show my partner that I am annoyed but won’t say anything', NULL, NULL, true);
INSERT INTO public.additional_information_question_options VALUES (147, 36, 'I will probably say something to make them aware I am annoyed', NULL, NULL, true);
INSERT INTO public.additional_information_question_options VALUES (148, 36, 'I will leave without waiting for them', NULL, NULL, true);
INSERT INTO public.additional_information_question_options VALUES (149, 37, 'The man', NULL, NULL, true);
INSERT INTO public.additional_information_question_options VALUES (150, 37, 'Whoever extends the invitation', NULL, NULL, true);
INSERT INTO public.additional_information_question_options VALUES (151, 37, 'Both – always go dutch', NULL, NULL, true);
INSERT INTO public.additional_information_question_options VALUES (152, 37, 'We should take it in turns and treat each other', NULL, NULL, true);
INSERT INTO public.additional_information_question_options VALUES (153, 38, 'Arguments are inevitable – a couple of days is okay', NULL, NULL, true);
INSERT INTO public.additional_information_question_options VALUES (154, 38, 'Things will work out as they should', NULL, NULL, true);
INSERT INTO public.additional_information_question_options VALUES (155, 38, 'Same day - I don’t like to go to bed angry', NULL, NULL, true);
INSERT INTO public.additional_information_question_options VALUES (156, 39, 'Melancholic (Anxious, worried, unhappy, suspicious, serious, thoughtful)', NULL, NULL, true);
INSERT INTO public.additional_information_question_options VALUES (157, 39, 'Choleric (excitable, egocentric, exhibitionist, impulsive, histrionic, active)', NULL, NULL, true);
INSERT INTO public.additional_information_question_options VALUES (158, 39, 'Phlegmatic (reasonable, principled, controlled, persistent, steadfast, calm)', NULL, NULL, true);
INSERT INTO public.additional_information_question_options VALUES (159, 39, 'Sanguine (Playful, Easy going, Sociable, Carefree, Hopeful, Contented)', NULL, NULL, true);
INSERT INTO public.additional_information_question_options VALUES (160, 40, 'Chaotic and spontaneous', NULL, NULL, true);
INSERT INTO public.additional_information_question_options VALUES (161, 40, 'Ordered and consistent', NULL, NULL, true);
INSERT INTO public.additional_information_question_options VALUES (162, 40, 'Detail oriented and organised', NULL, NULL, true);
INSERT INTO public.additional_information_question_options VALUES (163, 40, 'Depends on my mood', NULL, NULL, true);
INSERT INTO public.additional_information_question_options VALUES (164, 41, 'True', NULL, NULL, true);
INSERT INTO public.additional_information_question_options VALUES (165, 41, 'Somewhat true', NULL, NULL, true);
INSERT INTO public.additional_information_question_options VALUES (166, 41, 'Depends on the subject matter', NULL, NULL, true);
INSERT INTO public.additional_information_question_options VALUES (167, 41, 'Not at all true', NULL, NULL, true);
INSERT INTO public.additional_information_question_options VALUES (168, 41, 'Never, I’m very zen', NULL, NULL, true);
INSERT INTO public.additional_information_question_options VALUES (169, 42, 'True', NULL, NULL, true);
INSERT INTO public.additional_information_question_options VALUES (170, 42, 'Somewhat true', NULL, NULL, true);
INSERT INTO public.additional_information_question_options VALUES (171, 42, 'Depends on the situation', NULL, NULL, true);
INSERT INTO public.additional_information_question_options VALUES (172, 42, 'Not at all true', NULL, NULL, true);
INSERT INTO public.additional_information_question_options VALUES (173, 42, 'Never, I am great under pressure', NULL, NULL, true);
INSERT INTO public.additional_information_question_options VALUES (174, 43, 'Yes', NULL, NULL, true);
INSERT INTO public.additional_information_question_options VALUES (175, 43, 'No – I am impatient', NULL, NULL, true);
INSERT INTO public.additional_information_question_options VALUES (176, 43, 'Somewhat', NULL, NULL, true);
INSERT INTO public.additional_information_question_options VALUES (177, 44, 'Yes', NULL, NULL, true);
INSERT INTO public.additional_information_question_options VALUES (178, 44, 'No', NULL, NULL, true);
INSERT INTO public.additional_information_question_options VALUES (179, 44, 'I know about things that matter to me', NULL, NULL, true);
INSERT INTO public.additional_information_question_options VALUES (180, 45, 'Yes', NULL, NULL, true);
INSERT INTO public.additional_information_question_options VALUES (181, 45, 'No', NULL, NULL, true);
INSERT INTO public.additional_information_question_options VALUES (182, 46, 'True', NULL, NULL, true);
INSERT INTO public.additional_information_question_options VALUES (183, 46, 'If it helps advance some part of my life', NULL, NULL, true);
INSERT INTO public.additional_information_question_options VALUES (184, 46, 'I think I am accomplished enough', NULL, NULL, true);
INSERT INTO public.additional_information_question_options VALUES (185, 47, 'Yoga', NULL, NULL, true);
INSERT INTO public.additional_information_question_options VALUES (186, 47, 'High intensity exercise like kickboxing', NULL, NULL, true);
INSERT INTO public.additional_information_question_options VALUES (187, 47, 'Something creative like painting', NULL, NULL, true);
INSERT INTO public.additional_information_question_options VALUES (188, 47, 'Spending time with friends/family', NULL, NULL, true);
INSERT INTO public.additional_information_question_options VALUES (189, 47, 'Going out partying', NULL, NULL, true);
INSERT INTO public.additional_information_question_options VALUES (190, 47, 'Talking to someone about it', NULL, NULL, true);
INSERT INTO public.additional_information_question_options VALUES (191, 47, 'Prayer/turning to God', NULL, NULL, true);
INSERT INTO public.additional_information_question_options VALUES (192, 47, 'Being left alone', NULL, NULL, true);
INSERT INTO public.additional_information_question_options VALUES (193, 47, 'Netflix/video games', NULL, NULL, true);
INSERT INTO public.additional_information_question_options VALUES (194, 48, 'Reading', NULL, NULL, true);
INSERT INTO public.additional_information_question_options VALUES (195, 48, 'Talking to someone', NULL, NULL, true);
INSERT INTO public.additional_information_question_options VALUES (196, 48, 'Doing something out-doors', NULL, NULL, true);
INSERT INTO public.additional_information_question_options VALUES (197, 48, 'Sleeping/lazy days', NULL, NULL, true);
INSERT INTO public.additional_information_question_options VALUES (198, 48, 'Spa day/holiday', NULL, NULL, true);
INSERT INTO public.additional_information_question_options VALUES (199, 49, 'True', NULL, NULL, true);
INSERT INTO public.additional_information_question_options VALUES (200, 49, 'Somewhat true', NULL, NULL, true);
INSERT INTO public.additional_information_question_options VALUES (201, 49, 'Not true', NULL, NULL, true);
INSERT INTO public.additional_information_question_options VALUES (202, 50, 'Childish', NULL, NULL, true);
INSERT INTO public.additional_information_question_options VALUES (203, 50, 'Witty', NULL, NULL, true);
INSERT INTO public.additional_information_question_options VALUES (204, 50, 'Dirty', NULL, NULL, true);
INSERT INTO public.additional_information_question_options VALUES (205, 50, 'Sarcastic', NULL, NULL, true);
INSERT INTO public.additional_information_question_options VALUES (206, 50, 'Self-depreciating', NULL, NULL, true);
INSERT INTO public.additional_information_question_options VALUES (207, 50, 'Physical pranks', NULL, NULL, true);
INSERT INTO public.additional_information_question_options VALUES (208, 50, 'Weird', NULL, NULL, true);
INSERT INTO public.additional_information_question_options VALUES (209, 50, 'Dark', NULL, NULL, true);
INSERT INTO public.additional_information_question_options VALUES (210, 51, 'True', NULL, NULL, true);
INSERT INTO public.additional_information_question_options VALUES (211, 51, 'Somewhat true', NULL, NULL, true);
INSERT INTO public.additional_information_question_options VALUES (212, 51, 'Not true', NULL, NULL, true);
INSERT INTO public.additional_information_question_options VALUES (213, 52, 'True', NULL, NULL, true);
INSERT INTO public.additional_information_question_options VALUES (214, 52, 'Somewhat true', NULL, NULL, true);
INSERT INTO public.additional_information_question_options VALUES (215, 52, 'It takes me some time to forgive', NULL, NULL, true);
INSERT INTO public.additional_information_question_options VALUES (216, 52, 'I forgive but never forget', NULL, NULL, true);
INSERT INTO public.additional_information_question_options VALUES (217, 52, 'I am unforgiving ', NULL, NULL, true);
INSERT INTO public.additional_information_question_options VALUES (218, 53, 'Liberal', NULL, NULL, true);
INSERT INTO public.additional_information_question_options VALUES (219, 53, 'Conservative', NULL, NULL, true);
INSERT INTO public.additional_information_question_options VALUES (220, 53, 'I can’t decide', NULL, NULL, true);
INSERT INTO public.additional_information_question_options VALUES (221, 54, 'True', NULL, NULL, true);
INSERT INTO public.additional_information_question_options VALUES (222, 54, 'If it helps advance some part of my life', NULL, NULL, true);
INSERT INTO public.additional_information_question_options VALUES (223, 54, 'I think I am accomplished enough', NULL, NULL, true);
INSERT INTO public.additional_information_question_options VALUES (224, 55, 'Friendly', NULL, NULL, true);
INSERT INTO public.additional_information_question_options VALUES (225, 55, 'Romantic', NULL, NULL, true);
INSERT INTO public.additional_information_question_options VALUES (226, 55, 'Kind', NULL, NULL, true);
INSERT INTO public.additional_information_question_options VALUES (227, 55, 'Ambitions', NULL, NULL, true);
INSERT INTO public.additional_information_question_options VALUES (228, 55, 'Workaholic', NULL, NULL, true);
INSERT INTO public.additional_information_question_options VALUES (229, 55, 'Easy-going', NULL, NULL, true);
INSERT INTO public.additional_information_question_options VALUES (230, 55, 'Generous', NULL, NULL, true);
INSERT INTO public.additional_information_question_options VALUES (231, 55, 'Busy', NULL, NULL, true);
INSERT INTO public.additional_information_question_options VALUES (232, 55, 'Spontaneous', NULL, NULL, true);
INSERT INTO public.additional_information_question_options VALUES (233, 55, 'Adventurous', NULL, NULL, true);
INSERT INTO public.additional_information_question_options VALUES (234, 55, 'Foodie', NULL, NULL, true);
INSERT INTO public.additional_information_question_options VALUES (235, 55, 'Loyal', NULL, NULL, true);
INSERT INTO public.additional_information_question_options VALUES (236, 55, 'Funny', NULL, NULL, true);
INSERT INTO public.additional_information_question_options VALUES (237, 55, 'Good listener', NULL, NULL, true);
INSERT INTO public.additional_information_question_options VALUES (238, 55, 'Smart', NULL, NULL, true);
INSERT INTO public.additional_information_question_options VALUES (239, 55, 'Passionate', NULL, NULL, true);
INSERT INTO public.additional_information_question_options VALUES (240, 55, 'Compassionate', NULL, NULL, true);
INSERT INTO public.additional_information_question_options VALUES (241, 55, 'Modest', NULL, NULL, true);
INSERT INTO public.additional_information_question_options VALUES (242, 55, 'Creative', NULL, NULL, true);
INSERT INTO public.additional_information_question_options VALUES (243, 55, 'Homebody', NULL, NULL, true);
INSERT INTO public.additional_information_question_options VALUES (244, 55, 'Respectful', NULL, NULL, true);
INSERT INTO public.additional_information_question_options VALUES (245, 55, 'Quiet', NULL, NULL, true);
INSERT INTO public.additional_information_question_options VALUES (246, 55, 'Social', NULL, NULL, true);
INSERT INTO public.additional_information_question_options VALUES (247, 55, 'Religious', NULL, NULL, true);
INSERT INTO public.additional_information_question_options VALUES (248, 55, 'Party-animal', NULL, NULL, true);
INSERT INTO public.additional_information_question_options VALUES (249, 55, 'Trendy', NULL, NULL, true);
INSERT INTO public.additional_information_question_options VALUES (250, 55, 'Shopaholic', NULL, NULL, true);
INSERT INTO public.additional_information_question_options VALUES (251, 55, 'Rational', NULL, NULL, true);
INSERT INTO public.additional_information_question_options VALUES (252, 56, 'Yes! I love doing nice things for people and seeing the job it brings them', NULL, NULL, true);
INSERT INTO public.additional_information_question_options VALUES (253, 56, 'Somewhat true – depends on the person and how much I care about them', NULL, NULL, true);
INSERT INTO public.additional_information_question_options VALUES (254, 56, 'Depends on my mood – if I’m happy I like to make others happy', NULL, NULL, true);
INSERT INTO public.additional_information_question_options VALUES (255, 56, 'Not at all true - I don’t really think that way', NULL, NULL, true);
INSERT INTO public.additional_information_question_options VALUES (256, 56, 'I only do nice things for special occasions', NULL, NULL, true);
INSERT INTO public.additional_information_question_options VALUES (257, 57, 'I don’t want a partner who would ask me to change anything about myself', NULL, NULL, true);
INSERT INTO public.additional_information_question_options VALUES (258, 57, 'I might change something about myself if my partner is open to doing the same', NULL, NULL, true);
INSERT INTO public.additional_information_question_options VALUES (259, 57, 'I would most likely change for my partner to avoid conflict', NULL, NULL, true);
INSERT INTO public.additional_information_question_options VALUES (260, 58, 'Most weekends and weekday evenings (after work)- All my free time should be spent with my partner/family', NULL, NULL, true);
INSERT INTO public.additional_information_question_options VALUES (261, 58, 'At least the weekends and/or a few evenings a week – I like to socialise with friends occasionally', NULL, NULL, true);
INSERT INTO public.additional_information_question_options VALUES (262, 58, 'I like to spend similar amounts of time with my partner and my friends', NULL, NULL, true);
INSERT INTO public.additional_information_question_options VALUES (263, 58, 'A few hours a week – I have a busy life/other priorities', NULL, NULL, true);
INSERT INTO public.additional_information_question_options VALUES (264, 59, 'Shared of course – we both put in 50/50', NULL, NULL, true);
INSERT INTO public.additional_information_question_options VALUES (265, 59, 'Shared but in proportion to income', NULL, NULL, true);
INSERT INTO public.additional_information_question_options VALUES (266, 59, 'The man should pay for everything', NULL, NULL, true);
INSERT INTO public.additional_information_question_options VALUES (267, 60, 'Yes', NULL, NULL, true);
INSERT INTO public.additional_information_question_options VALUES (268, 60, 'Maybe', NULL, NULL, true);
INSERT INTO public.additional_information_question_options VALUES (269, 60, 'If we have kids – until they are grown up/in school', NULL, NULL, true);
INSERT INTO public.additional_information_question_options VALUES (270, 60, 'If my partner wants me to', NULL, NULL, true);
INSERT INTO public.additional_information_question_options VALUES (271, 60, 'I would love to be a stay at home partner/homemaker', NULL, NULL, true);
INSERT INTO public.additional_information_question_options VALUES (272, 61, 'Equally', NULL, NULL, true);
INSERT INTO public.additional_information_question_options VALUES (273, 61, 'In proportion to work – whoever works more/brings in more financial support should do less of the household chores', NULL, NULL, true);
INSERT INTO public.additional_information_question_options VALUES (274, 61, 'The woman should do most of the household chores', NULL, NULL, true);
INSERT INTO public.additional_information_question_options VALUES (275, 61, 'The man should do most of the household chores', NULL, NULL, true);
INSERT INTO public.additional_information_question_options VALUES (276, 61, 'Whoever the stay-at-home partner is', NULL, NULL, true);
INSERT INTO public.additional_information_question_options VALUES (277, 62, 'I would never move; I love living where I am', NULL, NULL, true);
INSERT INTO public.additional_information_question_options VALUES (278, 62, 'I would spend time commuting to see my old friends/family often', NULL, NULL, true);
INSERT INTO public.additional_information_question_options VALUES (279, 62, 'I would start going to the gym, social events in the area to meet likeminded people', NULL, NULL, true);
INSERT INTO public.additional_information_question_options VALUES (280, 62, 'I get to know my colleagues and go from there', NULL, NULL, true);
INSERT INTO public.additional_information_question_options VALUES (281, 62, 'I don’t have a big social circle anyway so I’m happy to take it as it comes', NULL, NULL, true);
INSERT INTO public.additional_information_question_options VALUES (282, 63, 'Yes! I love an excuse to celebrate', NULL, NULL, true);
INSERT INTO public.additional_information_question_options VALUES (283, 63, 'Yes, I think celebrating milestones are important', NULL, NULL, true);
INSERT INTO public.additional_information_question_options VALUES (284, 63, 'Sometimes, if it’s an important milestone', NULL, NULL, true);
INSERT INTO public.additional_information_question_options VALUES (285, 63, 'Only if my partner wants me to', NULL, NULL, true);
INSERT INTO public.additional_information_question_options VALUES (286, 63, 'Only if my partner does the same for me', NULL, NULL, true);
INSERT INTO public.additional_information_question_options VALUES (287, 63, 'No, I don’t think these things are important.', NULL, NULL, true);
INSERT INTO public.additional_information_question_options VALUES (288, 64, 'Yes', NULL, NULL, true);
INSERT INTO public.additional_information_question_options VALUES (289, 64, 'Depends on how close they are', NULL, NULL, true);
INSERT INTO public.additional_information_question_options VALUES (290, 64, 'No, I have friends of the opposite sex', NULL, NULL, true);
INSERT INTO public.additional_information_question_options VALUES (291, 64, 'I don’t mind, I trust my partner', NULL, NULL, true);
INSERT INTO public.additional_information_question_options VALUES (292, 65, 'True', NULL, NULL, true);
INSERT INTO public.additional_information_question_options VALUES (293, 65, 'Somewhat true', NULL, NULL, true);
INSERT INTO public.additional_information_question_options VALUES (294, 65, 'Occasionally, if they need protecting', NULL, NULL, true);
INSERT INTO public.additional_information_question_options VALUES (295, 65, 'Not true', NULL, NULL, true);
INSERT INTO public.additional_information_question_options VALUES (296, 66, 'Something subtle like handholding is okay', NULL, NULL, true);
INSERT INTO public.additional_information_question_options VALUES (297, 66, 'Yes! I love PDA', NULL, NULL, true);
INSERT INTO public.additional_information_question_options VALUES (298, 66, 'No, I prefer to show affection in the privacy of my home', NULL, NULL, true);
INSERT INTO public.additional_information_question_options VALUES (299, 69, 'Yes', NULL, NULL, true);
INSERT INTO public.additional_information_question_options VALUES (300, 69, 'No', NULL, NULL, true);
INSERT INTO public.additional_information_question_options VALUES (301, 70, 'Yes', NULL, NULL, true);
INSERT INTO public.additional_information_question_options VALUES (302, 70, 'No', NULL, NULL, true);
INSERT INTO public.additional_information_question_options VALUES (303, 71, 'My job', NULL, NULL, true);
INSERT INTO public.additional_information_question_options VALUES (304, 71, 'Doing nothing all day long', NULL, NULL, true);
INSERT INTO public.additional_information_question_options VALUES (305, 71, 'Horse-riding', NULL, NULL, true);
INSERT INTO public.additional_information_question_options VALUES (306, 71, 'Reading', NULL, NULL, true);
INSERT INTO public.additional_information_question_options VALUES (307, 71, 'Travel', NULL, NULL, true);
INSERT INTO public.additional_information_question_options VALUES (308, 71, 'Trying new food', NULL, NULL, true);
INSERT INTO public.additional_information_question_options VALUES (309, 71, 'Movies', NULL, NULL, true);
INSERT INTO public.additional_information_question_options VALUES (310, 71, 'Art', NULL, NULL, true);
INSERT INTO public.additional_information_question_options VALUES (311, 71, 'Swimming/cycling/running', NULL, NULL, true);
INSERT INTO public.additional_information_question_options VALUES (312, 71, 'Watching tv/Netflix', NULL, NULL, true);
INSERT INTO public.additional_information_question_options VALUES (313, 71, 'Comedy', NULL, NULL, true);
INSERT INTO public.additional_information_question_options VALUES (314, 71, 'Gaming', NULL, NULL, true);
INSERT INTO public.additional_information_question_options VALUES (315, 71, 'Spending time outdoors', NULL, NULL, true);
INSERT INTO public.additional_information_question_options VALUES (316, 71, 'Yoga', NULL, NULL, true);
INSERT INTO public.additional_information_question_options VALUES (317, 71, 'Theatre/Opera/Shows', NULL, NULL, true);
INSERT INTO public.additional_information_question_options VALUES (318, 71, 'Charity work', NULL, NULL, true);
INSERT INTO public.additional_information_question_options VALUES (319, 71, 'Science/technology', NULL, NULL, true);
INSERT INTO public.additional_information_question_options VALUES (320, 71, 'Science/technology', NULL, NULL, true);
INSERT INTO public.additional_information_question_options VALUES (321, 71, 'Personal development', NULL, NULL, true);
INSERT INTO public.additional_information_question_options VALUES (322, 71, 'Galleries/museums', NULL, NULL, true);
INSERT INTO public.additional_information_question_options VALUES (323, 71, 'Spend time with family', NULL, NULL, true);
INSERT INTO public.additional_information_question_options VALUES (324, 71, 'Cooking/baking', NULL, NULL, true);
INSERT INTO public.additional_information_question_options VALUES (325, 72, 'Something peaceful and relaxing (reading/watching tv etc)', NULL, NULL, true);
INSERT INTO public.additional_information_question_options VALUES (326, 72, 'Something active and adventurous', NULL, NULL, true);
INSERT INTO public.additional_information_question_options VALUES (327, 72, 'Something outdoors', NULL, NULL, true);
INSERT INTO public.additional_information_question_options VALUES (328, 72, 'Trying something new and spontaneous', NULL, NULL, true);
INSERT INTO public.additional_information_question_options VALUES (329, 74, 'Yes – I love trying new food', NULL, NULL, true);
INSERT INTO public.additional_information_question_options VALUES (330, 74, 'No – I tend to stick to what I know', NULL, NULL, true);
INSERT INTO public.additional_information_question_options VALUES (331, 74, 'Depends – I’m open to some new experiences', NULL, NULL, true);
INSERT INTO public.additional_information_question_options VALUES (332, 75, 'True', NULL, NULL, true);
INSERT INTO public.additional_information_question_options VALUES (333, 75, 'Somewhat true', NULL, NULL, true);
INSERT INTO public.additional_information_question_options VALUES (334, 75, 'Not at all true', NULL, NULL, true);
INSERT INTO public.additional_information_question_options VALUES (335, 76, 'Yes – I love documenting my life in social media', NULL, NULL, true);
INSERT INTO public.additional_information_question_options VALUES (336, 76, 'Yes – but only some parts of my life are in social media – I like a bit of privacy', NULL, NULL, true);
INSERT INTO public.additional_information_question_options VALUES (337, 76, 'It’s not exactly important but I use it to stay in touch with people', NULL, NULL, true);
INSERT INTO public.additional_information_question_options VALUES (338, 76, 'I only use it to stalk people''s', NULL, NULL, true);
INSERT INTO public.additional_information_question_options VALUES (339, 76, 'No – I hate social media ', NULL, NULL, true);
INSERT INTO public.additional_information_question_options VALUES (340, 77, 'It’s fine – it’s up to them what they do with their life', NULL, NULL, true);
INSERT INTO public.additional_information_question_options VALUES (341, 77, 'It’s fine as long as they don’t breech my privacy', NULL, NULL, true);
INSERT INTO public.additional_information_question_options VALUES (342, 77, 'Depends on how much they use it – I would be uncomfortable with someone who posts everything about their life online', NULL, NULL, true);
INSERT INTO public.additional_information_question_options VALUES (343, 77, 'I wouldn’t be with someone who uses social media at all', NULL, NULL, true);


--
-- Data for Name: additional_information_questions; Type: TABLE DATA; Schema: public; Owner: postgres
--

INSERT INTO public.additional_information_questions VALUES (1, '1. What is your level of education?  ', 1, 1, true);
INSERT INTO public.additional_information_questions VALUES (2, '2. How important is intelligence and education level in a partner? ', 1, 1, true);
INSERT INTO public.additional_information_questions VALUES (3, '3. Who do you think should be the breadwinner in the family?  ', 1, 1, true);
INSERT INTO public.additional_information_questions VALUES (4, '4. How would you feel if your partner is more successful than you in their chosen career? ', 1, 1, true);
INSERT INTO public.additional_information_questions VALUES (5, '5. I am ambitious', 1, 1, true);
INSERT INTO public.additional_information_questions VALUES (6, '6. It is important that my partner is ambitious', 1, 1, true);
INSERT INTO public.additional_information_questions VALUES (7, '7. How tall are you?', 2, 2, true);
INSERT INTO public.additional_information_questions VALUES (8, '8. Do you want your partner to be taller or shorter than you?', 1, 2, true);
INSERT INTO public.additional_information_questions VALUES (9, '9. How important is your partners height in reference to yours?', 1, 2, true);
INSERT INTO public.additional_information_questions VALUES (10, '10. How satisfied are you with how you look?', 1, 2, true);
INSERT INTO public.additional_information_questions VALUES (11, '11. How important is your partners appearance?', 1, 2, true);
INSERT INTO public.additional_information_questions VALUES (12, '12. What is your sense of style?', 1, 2, true);
INSERT INTO public.additional_information_questions VALUES (13, '13. I consider myself to be fit/athletic ', 1, 2, true);
INSERT INTO public.additional_information_questions VALUES (14, '14. What ethnic group do you belong to?', 3, 3, true);
INSERT INTO public.additional_information_questions VALUES (15, '15. Do you have an ethnic preference in your partner?', 3, 3, true);
INSERT INTO public.additional_information_questions VALUES (16, '16. How important is marriage within the same ethnic group to you?', 3, 3, true);
INSERT INTO public.additional_information_questions VALUES (17, '17. What sect of Islam do you ascribe to?', 3, 3, true);
INSERT INTO public.additional_information_questions VALUES (18, '18. What sect would you be open to in a partner?', 3, 3, true);
INSERT INTO public.additional_information_questions VALUES (19, '19. How important is your partners religious affiliation/sect to you?', 1, 3, true);
INSERT INTO public.additional_information_questions VALUES (20, '20. How religious are you?', 1, 3, true);
INSERT INTO public.additional_information_questions VALUES (21, '21. How important is your partners religiousness to you?', 1, 3, true);
INSERT INTO public.additional_information_questions VALUES (22, '22. What religious belief system/sect would you want to bring up your children in', 1, 3, true);
INSERT INTO public.additional_information_questions VALUES (23, '23. Do you drink alcohol?', 1, 4, true);
INSERT INTO public.additional_information_questions VALUES (24, '24. Would you be open to a partner that drinks?', 1, 4, true);
INSERT INTO public.additional_information_questions VALUES (25, '25. Do you smoke?', 1, 4, true);
INSERT INTO public.additional_information_questions VALUES (26, '26. Would you be open to a partner that smokes?', 1, 4, true);
INSERT INTO public.additional_information_questions VALUES (27, '27. How soon would you introduce your partner to your family/friends', 1, 5, true);
INSERT INTO public.additional_information_questions VALUES (28, '28. How important is it for your family to like/approve your partner?', 1, 5, true);
INSERT INTO public.additional_information_questions VALUES (29, '29. Would you want to live with your/your partners parents/extended family after marriage?', 1, 5, true);
INSERT INTO public.additional_information_questions VALUES (30, '30. What things are most important to you in a relationship/marriage (choose at least 5) ', 4, 5, true);
INSERT INTO public.additional_information_questions VALUES (31, '31. What would be your ideal first date?', 1, 6, true);
INSERT INTO public.additional_information_questions VALUES (32, '32. Would you be comfortable meeting a date without a chaperone', 1, 6, true);
INSERT INTO public.additional_information_questions VALUES (33, '33. You''re on a first date. What does your date notice most about you ?', 1, 6, true);
INSERT INTO public.additional_information_questions VALUES (34, '34. If your partner suggests that you pre-book your future dates/activities how would you feel?', 1, 6, true);
INSERT INTO public.additional_information_questions VALUES (35, '35. How much notice would your partner need to give you to arrange a date/meet-up with you?', 1, 6, true);
INSERT INTO public.additional_information_questions VALUES (36, '36. If your partner is late to a date and does not inform you that they are delayed, how would you react?', 1, 6, true);
INSERT INTO public.additional_information_questions VALUES (37, '37. Who do you think should pay for a date?', 1, 6, true);
INSERT INTO public.additional_information_questions VALUES (38, '38. If you have an argument with your partner, how important is it to reconcile quickly?', 1, 7, true);
INSERT INTO public.additional_information_questions VALUES (39, '39. What type of temperament do you think you mostly associate with?', 1, 7, true);
INSERT INTO public.additional_information_questions VALUES (40, '40. I tend to be…', 1, 7, true);
INSERT INTO public.additional_information_questions VALUES (41, '41. I get upset easily', 1, 7, true);
INSERT INTO public.additional_information_questions VALUES (42, '42. I tend to get stressed easily in high-pressure situations', 1, 7, true);
INSERT INTO public.additional_information_questions VALUES (43, '43. I consider myself patient', 1, 7, true);
INSERT INTO public.additional_information_questions VALUES (44, '44. I consider myself worldly', 1, 7, true);
INSERT INTO public.additional_information_questions VALUES (45, '45. I am a creative person', 1, 7, true);
INSERT INTO public.additional_information_questions VALUES (46, '46. I always like to feel accomplished in something new', 1, 7, true);
INSERT INTO public.additional_information_questions VALUES (47, '47. What helps you de-stress?', 1, 7, true);
INSERT INTO public.additional_information_questions VALUES (48, '48. What helps you recharge your batteries', 1, 7, true);
INSERT INTO public.additional_information_questions VALUES (49, '49. I like to make people laugh', 1, 7, true);
INSERT INTO public.additional_information_questions VALUES (50, '50. What type of humour do you appreciate?', 1, 7, true);
INSERT INTO public.additional_information_questions VALUES (51, '51. I find it easy to strike up a conversation with a stranger.', 1, 7, true);
INSERT INTO public.additional_information_questions VALUES (52, '52. I understand and forgive easily', 1, 7, true);
INSERT INTO public.additional_information_questions VALUES (53, '53. My political leanings are', 1, 7, true);
INSERT INTO public.additional_information_questions VALUES (54, '54. I always like to feel accomplished in something new', 1, 7, true);
INSERT INTO public.additional_information_questions VALUES (55, '55. Choose five qualities which your friends and family would choose to describe you? (Hint – why not ask a friend/family member to do this bit?)', 4, 7, true);
INSERT INTO public.additional_information_questions VALUES (56, '56. I like to do nice things for people for no reason at all', 1, 7, true);
INSERT INTO public.additional_information_questions VALUES (57, '57. Would you change something about yourself for your partner/if your partner asks you to?', 1, 8, true);
INSERT INTO public.additional_information_questions VALUES (58, '58. How much of your weekly time would you like to be able to share with your partner', 1, 8, true);
INSERT INTO public.additional_information_questions VALUES (59, '59. How would you handle finances in your relationship?', 1, 8, true);
INSERT INTO public.additional_information_questions VALUES (60, '60. Would you ever consider being a stay-at-home partner', 1, 8, true);
INSERT INTO public.additional_information_questions VALUES (61, '61. How should household chores/work be shared?', 1, 8, true);
INSERT INTO public.additional_information_questions VALUES (62, '62. If you move into a new city, how would you settle in?', 1, 8, true);
INSERT INTO public.additional_information_questions VALUES (63, '63. I like to celebrate milestones in a relationship/partner (Birthdays, anniversaries, achievements)', 4, 8, true);
INSERT INTO public.additional_information_questions VALUES (64, '64. Would you be jealous if your partner has friends of the opposite sex?', 1, 8, true);
INSERT INTO public.additional_information_questions VALUES (65, '65. I am protective of my partner/family', 1, 8, true);
INSERT INTO public.additional_information_questions VALUES (66, '66. I like public displays of affection', 1, 8, true);
INSERT INTO public.additional_information_questions VALUES (67, '67. Describe three things that you would consider red-flags in a partner/relationship?', 3, 8, true);
INSERT INTO public.additional_information_questions VALUES (68, '68. What are your relationship deal-breakers?', 3, 8, true);
INSERT INTO public.additional_information_questions VALUES (69, '69. Do you want kids?', 1, 8, true);
INSERT INTO public.additional_information_questions VALUES (70, '70. Would you accept a partner who already has kids from a previous relationship?', 1, 8, true);
INSERT INTO public.additional_information_questions VALUES (71, '71. If you could pick any 3 things to spend your life doing, what would they be?', 4, 9, true);
INSERT INTO public.additional_information_questions VALUES (72, '72. What activities do you enjoy most outside of work?', 1, 9, true);
INSERT INTO public.additional_information_questions VALUES (73, '73. What are you most passionate about in life?', 3, 9, true);
INSERT INTO public.additional_information_questions VALUES (74, '74. Are you adventurous with food?', 1, 9, true);
INSERT INTO public.additional_information_questions VALUES (75, '75. I have a busy social life', 1, 9, true);
INSERT INTO public.additional_information_questions VALUES (76, '76. Is social media important to you', 1, 9, true);
INSERT INTO public.additional_information_questions VALUES (77, '77. How would you feel about your partners social media usage', 1, 9, true);


--
-- Data for Name: admins; Type: TABLE DATA; Schema: public; Owner: postgres
--

INSERT INTO public.admins VALUES (102, 'Tester', 'tester@cx.com', 'tester@cx.com', '$2b$10$WK47FoYsuz.IsDl0Jd0Z6.b1Dw8nxmm0beiX8uLsVIFuaUqHyVK76', '9546738767', true, false, false, false, false, false, false, false, '$2b$10$zVEzmbwN1gwlXyC137De4ubMBppIPc82RBspGnuzLsNCm2YAmHAfG');
INSERT INTO public.admins VALUES (101, 'Mr.Admin', 'mansoor@cxperte.com', 'mansoor@cxperte.com', '$2b$10$fxK/obnRdHnMrWjHsma8ZeA0Rs1zwbS1WZwM1Q1vNrxq93rz2wiOW', '9890989099', true, false, true, true, false, true, false, false, '$2b$10$mKKBPU9rE3HgzC4DiLUTyeSFrFgvsC8XTVcOswdxEiIGdvXKK/eBq');
INSERT INTO public.admins VALUES (106, 'Mr.Admin', 'mansoornew@cxperte.com', 'mansoornew@cxperte.com', '$2b$10$WJ9ifdY5njskt3tJv4qwBOu5245mqUu5aw8MHV5AsJDK7crFpfkQW', '9890989099', true, false, true, true, false, true, false, false, '$2b$10$dBVFrdGSRgO9167GjaFcaO/e.GAz96QbCOFx0Mdh0mrxuQOVuyVXa');
INSERT INTO public.admins VALUES (99, 'Redbytes Software', 'rbs@cx.com', 'rbs@cx.com', '$2a$10$GQKLreQt9pEFUTSzU/g4feFRV2wJZkAFEYK3RlisyfKNyHFI7dCWG', '9999999900', true, true, true, true, true, true, true, true, '$2b$10$d1Jo.GDHOP6IKBFUXuGSS.fetMLMi.BLJrM/MZKg9Z4zGJeDjqk7i');


--
-- Data for Name: answer_types; Type: TABLE DATA; Schema: public; Owner: postgres
--

INSERT INTO public.answer_types VALUES (1, 'single_selection', true);
INSERT INTO public.answer_types VALUES (2, 'range', true);
INSERT INTO public.answer_types VALUES (3, 'text', true);
INSERT INTO public.answer_types VALUES (4, 'multiple_selection', true);


--
-- Data for Name: articles; Type: TABLE DATA; Schema: public; Owner: postgres
--

INSERT INTO public.articles VALUES (42, 'ertyftugb', 'mbj', '1686742272247-Default.jpg', 99, '2023-06-14 17:01:15.575504+05:30', 99, '2023-06-14 17:01:15+05:30', true, 0, 0);
INSERT INTO public.articles VALUES (41, 'tesztse', 'testst', '1686727663107-download (1).jfif', 99, '2023-06-14 12:57:43.125136+05:30', 99, '2023-06-14 12:57:43+05:30', true, 1, 0);
INSERT INTO public.articles VALUES (43, 'ertyftugb', 'mbj', '1686742274916-Default.jpg', 99, '2023-06-14 17:01:24.796226+05:30', 99, '2023-06-14 17:01:24+05:30', true, 1, 0);
INSERT INTO public.articles VALUES (40, 'What does article do', 'lorem ipsum dolor sit amet lorem ipsum dolor sit amet lorem ipsum dolor sit amet lorem ipsum dolor sit amet lorem ipsum dolor sit amet lorem ipsum dolor sit amet lorem ipsum dolor sit amet lorem ipsum dolor sit amet lorem ipsum dolor sit amet lorem ipsum dolor sit amet lorem ipsum dolor sit amet lorem ipsum dolor sit amet lorem ipsum dolor sit amet lorem ipsum dolor sit amet lorem ipsum dolor sit amet lorem ipsum dolor sit amet lorem ipsum dolor sit amet lorem ipsum dolor sit amet lorem ipsum dolor sit amet lorem ipsum dolor sit amet lorem ipsum dolor sit amet lorem ipsum dolor sit amet lorem ipsum dolor sit amet lorem ipsum dolor sit amet lorem ipsum dolor sit amet lorem ipsum dolor sit amet lorem ipsum dolor sit amet lorem ipsum dolor sit amet lorem ipsum dolor sit amet lorem ipsum dolor sit amet ', '1686726795261-sky2.jpg', 99, '2023-06-14 12:43:15.277054+05:30', 99, '2023-06-14 12:43:15+05:30', true, 5, 0);
INSERT INTO public.articles VALUES (38, 'test tesrt test test', '<svg xmlns="http://www.w3.org/2000/svg" width="30" height="28" viewBox="0 0 30 28"> <path id="users" d="M9.266,14a5.387,5.387,0,0,0-4.141,2H3.031a3.582,3.582,0,0,1-2.156-.633A2.141,2.141,0,0,1,0,13.516Q0,8,1.937,8a3,3,0,0,1,.68.328,10.3,10.3,0,0,0,1.523.664A5.48,5.48,0,0,0,6,9.328a6.283,6.283,0,0,0,2.078-.359A7.775,7.775,0,0,0,8,10a6.88,6.88,0,0,0,1.266,4ZM26,23.953a3.893,3.893,0,0,1-1.141,2.961A4.214,4.214,0,0,1,21.828,28H8.171a4.212,4.212,0,0,1-3.031-1.086A3.9,3.9,0,0,1,4,23.953q0-.828.055-1.618a15.96,15.96,0,0,1,.219-1.7,13.332,13.332,0,0,1,.413-1.695,7.982,7.982,0,0,1,.672-1.523,5.519,5.519,0,0,1,.968-1.266,4.063,4.063,0,0,1,1.336-.836A4.7,4.7,0,0,1,9.406,15a1.836,1.836,0,0,1,.672.336q.515.336,1.141.75a6.864,6.864,0,0,0,1.672.75,7.252,7.252,0,0,0,5.89-.75q.626-.414,1.141-.75A1.836,1.836,0,0,1,20.592,15a4.693,4.693,0,0,1,1.742.313,4.074,4.074,0,0,1,1.336.836,5.488,5.488,0,0,1,.968,1.266,8.053,8.053,0,0,1,.672,1.523,13.236,13.236,0,0,1,.414,1.695,15.959,15.959,0,0,1,.219,1.7q.055.789.055,1.618ZM10,4A3.856,3.856,0,0,1,8.828,6.828,3.85,3.85,0,0,1,6,8,3.858,3.858,0,0,1,3.172,6.828,3.852,3.852,0,0,1,2,4,3.852,3.852,0,0,1,3.172,1.172,3.858,3.858,0,0,1,6,0,3.85,3.85,0,0,1,8.828,1.172,3.856,3.856,0,0,1,10,4Zm11,6a5.783,5.783,0,0,1-1.757,4.242A5.776,5.776,0,0,1,15,16a5.785,5.785,0,0,1-4.242-1.758A5.779,5.779,0,0,1,9,10a5.779,5.779,0,0,1,1.757-4.242A5.785,5.785,0,0,1,15,4a5.776,5.776,0,0,1,4.242,1.758A5.783,5.783,0,0,1,21,10Zm9,3.516a2.142,2.142,0,0,1-.875,1.852A3.575,3.575,0,0,1,26.968,16H24.875a5.387,5.387,0,0,0-4.141-2A6.88,6.88,0,0,0,22,10a7.775,7.775,0,0,0-.078-1.032A6.283,6.283,0,0,0,24,9.327a5.485,5.485,0,0,0,1.859-.336,10.248,10.248,0,0,0,1.523-.664A2.972,2.972,0,0,1,28.063,8Q30,8,30,13.515ZM28,4a3.856,3.856,0,0,1-1.172,2.828,4,4,0,0,1-5.657,0A3.852,3.852,0,0,1,20,4a3.852,3.852,0,0,1,1.172-2.828,4,4,0,0,1,5.657,0A3.856,3.856,0,0,1,28,4Z" fill="#fe7f87"></path></svg>', '1689227381066-images.png', 99, '2023-06-14 11:57:26.307324+05:30', 100, '2023-07-13 11:19:41+05:30', true, 0, 0);


--
-- Data for Name: citizenship_document_types; Type: TABLE DATA; Schema: public; Owner: postgres
--

INSERT INTO public.citizenship_document_types VALUES (1, 'passport');
INSERT INTO public.citizenship_document_types VALUES (2, 'driving licence');


--
-- Data for Name: country_of_origins; Type: TABLE DATA; Schema: public; Owner: postgres
--

INSERT INTO public.country_of_origins VALUES (1, 'India', true);
INSERT INTO public.country_of_origins VALUES (2, 'USA', true);
INSERT INTO public.country_of_origins VALUES (3, 'Afganistan', true);


--
-- Data for Name: degrees; Type: TABLE DATA; Schema: public; Owner: postgres
--

INSERT INTO public.degrees VALUES (1, '12 th', 4, true);
INSERT INTO public.degrees VALUES (2, 'B.Com', 2, true);
INSERT INTO public.degrees VALUES (3, 'M.Com', 1, true);


--
-- Data for Name: drinks; Type: TABLE DATA; Schema: public; Owner: postgres
--

INSERT INTO public.drinks VALUES (1, 'Yes', true);
INSERT INTO public.drinks VALUES (2, 'No', true);
INSERT INTO public.drinks VALUES (3, 'Social', true);
INSERT INTO public.drinks VALUES (4, 'Doesn''t Matter', true);


--
-- Data for Name: education_types; Type: TABLE DATA; Schema: public; Owner: postgres
--

INSERT INTO public.education_types VALUES (1, 'Post Graduation', true);
INSERT INTO public.education_types VALUES (2, 'Graduation', true);
INSERT INTO public.education_types VALUES (3, 'Diploma', true);
INSERT INTO public.education_types VALUES (4, 'Plus Two', true);
INSERT INTO public.education_types VALUES (5, 'Below Plus Two', true);


--
-- Data for Name: educational_document_types; Type: TABLE DATA; Schema: public; Owner: postgres
--

INSERT INTO public.educational_document_types VALUES (2, 'Proof Of Education', true);


--
-- Data for Name: educational_subjects; Type: TABLE DATA; Schema: public; Owner: postgres
--

INSERT INTO public.educational_subjects VALUES (14, 'test', true);
INSERT INTO public.educational_subjects VALUES (9, 'TERR', true);
INSERT INTO public.educational_subjects VALUES (8, 'MBA', true);
INSERT INTO public.educational_subjects VALUES (5, 'MSC ()', true);
INSERT INTO public.educational_subjects VALUES (4, 'MCA', false);


--
-- Data for Name: employment_document_types; Type: TABLE DATA; Schema: public; Owner: postgres
--

INSERT INTO public.employment_document_types VALUES (1, 'Wage Slip(At least 2 months)', true);
INSERT INTO public.employment_document_types VALUES (2, 'Proof of Employment', true);


--
-- Data for Name: employment_types; Type: TABLE DATA; Schema: public; Owner: postgres
--

INSERT INTO public.employment_types VALUES (1, 'Administrator', true);
INSERT INTO public.employment_types VALUES (2, 'Actor', true);
INSERT INTO public.employment_types VALUES (3, 'Doctor', true);
INSERT INTO public.employment_types VALUES (4, 'Software Engineer', true);


--
-- Data for Name: genders; Type: TABLE DATA; Schema: public; Owner: postgres
--

INSERT INTO public.genders VALUES (1, 'Male', true);
INSERT INTO public.genders VALUES (2, 'Female', true);


--
-- Data for Name: halals; Type: TABLE DATA; Schema: public; Owner: postgres
--

INSERT INTO public.halals VALUES (1, 'Always', true);
INSERT INTO public.halals VALUES (2, 'Sometimes', true);
INSERT INTO public.halals VALUES (3, 'Usually', true);
INSERT INTO public.halals VALUES (4, 'Never', true);


--
-- Data for Name: languages; Type: TABLE DATA; Schema: public; Owner: postgres
--

INSERT INTO public.languages VALUES (1, 'English', true);
INSERT INTO public.languages VALUES (2, 'Hindi', true);
INSERT INTO public.languages VALUES (3, 'Urdu', true);
INSERT INTO public.languages VALUES (4, 'Abkhaz', true);
INSERT INTO public.languages VALUES (5, 'Adangme', true);
INSERT INTO public.languages VALUES (6, 'Adyghe', true);
INSERT INTO public.languages VALUES (7, 'Afrikaans', true);
INSERT INTO public.languages VALUES (8, 'Akan (Twi + Fante)', true);
INSERT INTO public.languages VALUES (9, 'Albanian', true);
INSERT INTO public.languages VALUES (10, 'Albanian (Tosk dialect)', true);
INSERT INTO public.languages VALUES (11, 'Altay', true);
INSERT INTO public.languages VALUES (12, 'Amharic', true);
INSERT INTO public.languages VALUES (13, 'Arabic', true);
INSERT INTO public.languages VALUES (14, 'Arabic (both de facto)', true);
INSERT INTO public.languages VALUES (15, 'Armenian', true);
INSERT INTO public.languages VALUES (16, 'Assamese', true);
INSERT INTO public.languages VALUES (17, 'Aymarà', true);
INSERT INTO public.languages VALUES (18, 'Azebaijani', true);
INSERT INTO public.languages VALUES (19, 'Balinese', true);
INSERT INTO public.languages VALUES (20, 'Balochi', true);
INSERT INTO public.languages VALUES (21, 'Bashkir', true);
INSERT INTO public.languages VALUES (22, 'Basque', true);
INSERT INTO public.languages VALUES (23, 'Belarusian', true);
INSERT INTO public.languages VALUES (24, 'Bemba', true);
INSERT INTO public.languages VALUES (25, 'Bengali', true);
INSERT INTO public.languages VALUES (26, 'Bikol', true);
INSERT INTO public.languages VALUES (27, 'Bislama', true);
INSERT INTO public.languages VALUES (28, 'Bodo', true);
INSERT INTO public.languages VALUES (29, 'Bosnian', true);
INSERT INTO public.languages VALUES (30, 'Bulgarian', true);
INSERT INTO public.languages VALUES (31, 'Burmese', true);
INSERT INTO public.languages VALUES (32, 'Buryat', true);
INSERT INTO public.languages VALUES (33, 'Cantonese (de facto in Hong Kong)', true);
INSERT INTO public.languages VALUES (34, 'Carolinian', true);
INSERT INTO public.languages VALUES (35, 'Catalan', true);
INSERT INTO public.languages VALUES (36, 'Cebuano', true);
INSERT INTO public.languages VALUES (37, 'Chamorro', true);
INSERT INTO public.languages VALUES (38, 'Chechen', true);
INSERT INTO public.languages VALUES (39, 'Chichewa', true);
INSERT INTO public.languages VALUES (40, 'Chipewyan', true);
INSERT INTO public.languages VALUES (41, 'Chitonga', true);
INSERT INTO public.languages VALUES (42, 'Chokwe', true);
INSERT INTO public.languages VALUES (43, 'Chukchi', true);
INSERT INTO public.languages VALUES (44, 'Chuuk', true);
INSERT INTO public.languages VALUES (45, 'Chuvash', true);
INSERT INTO public.languages VALUES (46, 'Comorian', true);
INSERT INTO public.languages VALUES (47, 'Cree', true);
INSERT INTO public.languages VALUES (48, 'Croatian', true);
INSERT INTO public.languages VALUES (49, 'Czech', true);
INSERT INTO public.languages VALUES (50, 'Dagaare', true);
INSERT INTO public.languages VALUES (51, 'Dagbane', true);
INSERT INTO public.languages VALUES (52, 'Danish', true);
INSERT INTO public.languages VALUES (53, 'Dari Persian', true);
INSERT INTO public.languages VALUES (54, 'Dhivehi', true);
INSERT INTO public.languages VALUES (55, 'Dogri', true);
INSERT INTO public.languages VALUES (56, 'Dogrib', true);
INSERT INTO public.languages VALUES (57, 'Dolgan', true);
INSERT INTO public.languages VALUES (58, 'Dutch', true);
INSERT INTO public.languages VALUES (59, 'Dyula', true);
INSERT INTO public.languages VALUES (60, 'Dzongkha', true);
INSERT INTO public.languages VALUES (61, 'Ebon/Marshallese', true);
INSERT INTO public.languages VALUES (62, 'English', true);
INSERT INTO public.languages VALUES (63, 'English (de facto)', true);
INSERT INTO public.languages VALUES (64, 'English (Hong Kong)', true);
INSERT INTO public.languages VALUES (65, 'Erzya', true);
INSERT INTO public.languages VALUES (66, 'Estonian', true);
INSERT INTO public.languages VALUES (67, 'Evenk', true);
INSERT INTO public.languages VALUES (68, 'Ewe', true);
INSERT INTO public.languages VALUES (69, 'Faroese', true);
INSERT INTO public.languages VALUES (70, 'Fijian', true);
INSERT INTO public.languages VALUES (71, 'Filipino', true);
INSERT INTO public.languages VALUES (72, 'Finnish', true);
INSERT INTO public.languages VALUES (73, 'Franco-Provençal', true);
INSERT INTO public.languages VALUES (74, 'French', true);
INSERT INTO public.languages VALUES (75, 'Frisian', true);
INSERT INTO public.languages VALUES (76, 'Friulian', true);
INSERT INTO public.languages VALUES (77, 'Fula', true);
INSERT INTO public.languages VALUES (78, 'Ga', true);
INSERT INTO public.languages VALUES (79, 'Gagauz', true);
INSERT INTO public.languages VALUES (80, 'Galician', true);
INSERT INTO public.languages VALUES (81, 'Georgian', true);
INSERT INTO public.languages VALUES (82, 'German', true);
INSERT INTO public.languages VALUES (83, 'Gonja', true);
INSERT INTO public.languages VALUES (84, 'Greek', true);
INSERT INTO public.languages VALUES (85, 'Guarani', true);
INSERT INTO public.languages VALUES (86, 'Guaraní', true);
INSERT INTO public.languages VALUES (87, 'Gujarati', true);
INSERT INTO public.languages VALUES (88, 'Gwichin', true);
INSERT INTO public.languages VALUES (89, 'Haitian Creole', true);
INSERT INTO public.languages VALUES (90, 'Hausa', true);
INSERT INTO public.languages VALUES (91, 'Hawaiian', true);
INSERT INTO public.languages VALUES (92, 'Hebrew', true);
INSERT INTO public.languages VALUES (93, 'Hiligaynon', true);
INSERT INTO public.languages VALUES (94, 'Hindi', true);
INSERT INTO public.languages VALUES (95, 'Hindustani', true);
INSERT INTO public.languages VALUES (96, 'Hiri-Motu', true);
INSERT INTO public.languages VALUES (97, 'Hungarian', true);
INSERT INTO public.languages VALUES (98, 'Icelandic', true);
INSERT INTO public.languages VALUES (99, 'Igbo', true);
INSERT INTO public.languages VALUES (100, 'Ilokano', true);
INSERT INTO public.languages VALUES (101, 'Indonesian', true);
INSERT INTO public.languages VALUES (102, 'Ingush', true);
INSERT INTO public.languages VALUES (103, 'Inuinnaqtun', true);
INSERT INTO public.languages VALUES (104, 'Inuktitut', true);
INSERT INTO public.languages VALUES (105, 'Irish Gaelic', true);
INSERT INTO public.languages VALUES (106, 'Italian', true);
INSERT INTO public.languages VALUES (107, 'Japanese', true);
INSERT INTO public.languages VALUES (108, 'Kabardian', true);
INSERT INTO public.languages VALUES (109, 'Kabuverdianu', true);
INSERT INTO public.languages VALUES (110, 'Kalaallisut', true);
INSERT INTO public.languages VALUES (111, 'Kalanga', true);
INSERT INTO public.languages VALUES (112, 'Kalmyk', true);
INSERT INTO public.languages VALUES (113, 'Kannada', true);
INSERT INTO public.languages VALUES (114, 'Kaonde', true);
INSERT INTO public.languages VALUES (115, 'Karachay-Balkar', true);
INSERT INTO public.languages VALUES (116, 'Kasem', true);
INSERT INTO public.languages VALUES (117, 'Kashmiri', true);
INSERT INTO public.languages VALUES (118, 'Kazakh', true);
INSERT INTO public.languages VALUES (119, 'Khakas', true);
INSERT INTO public.languages VALUES (120, 'Khalkha Mongolian', true);
INSERT INTO public.languages VALUES (121, 'Khanty', true);
INSERT INTO public.languages VALUES (122, 'Khmer', true);
INSERT INTO public.languages VALUES (123, 'Kikongo', true);
INSERT INTO public.languages VALUES (124, 'Kimbundu', true);
INSERT INTO public.languages VALUES (125, 'Kinaraya', true);
INSERT INTO public.languages VALUES (126, 'Kinyarwanda', true);
INSERT INTO public.languages VALUES (127, 'Kiribati', true);
INSERT INTO public.languages VALUES (128, 'Kirundi', true);
INSERT INTO public.languages VALUES (129, 'Kiswahili', true);
INSERT INTO public.languages VALUES (130, 'Komi-Zyrian', true);
INSERT INTO public.languages VALUES (131, 'Konkani', true);
INSERT INTO public.languages VALUES (132, 'Korean', true);
INSERT INTO public.languages VALUES (133, 'Koryak', true);
INSERT INTO public.languages VALUES (134, 'Kosraean', true);
INSERT INTO public.languages VALUES (135, 'Kurdish', true);
INSERT INTO public.languages VALUES (136, 'Kwanyama', true);
INSERT INTO public.languages VALUES (137, 'Kyrgyz', true);
INSERT INTO public.languages VALUES (138, 'Ladin', true);
INSERT INTO public.languages VALUES (139, 'Lao', true);
INSERT INTO public.languages VALUES (140, 'Latvian', true);
INSERT INTO public.languages VALUES (141, 'Lingala', true);
INSERT INTO public.languages VALUES (142, 'Lithuanian', true);
INSERT INTO public.languages VALUES (143, 'Lozi', true);
INSERT INTO public.languages VALUES (144, 'Lunda', true);
INSERT INTO public.languages VALUES (145, 'Luvale', true);
INSERT INTO public.languages VALUES (146, 'Luxembourgish', true);
INSERT INTO public.languages VALUES (147, 'Macedonian', true);
INSERT INTO public.languages VALUES (148, 'Magindanao', true);
INSERT INTO public.languages VALUES (149, 'Maithili', true);
INSERT INTO public.languages VALUES (150, 'Malagasy', true);
INSERT INTO public.languages VALUES (151, 'Malay', true);
INSERT INTO public.languages VALUES (152, 'Malayalam', true);
INSERT INTO public.languages VALUES (153, 'Maltese', true);
INSERT INTO public.languages VALUES (154, 'Mandarin Chinese', true);
INSERT INTO public.languages VALUES (155, 'Mandinka', true);
INSERT INTO public.languages VALUES (156, 'Manipuri', true);
INSERT INTO public.languages VALUES (157, 'Mansi', true);
INSERT INTO public.languages VALUES (158, 'Maori', true);
INSERT INTO public.languages VALUES (159, 'Maranao', true);
INSERT INTO public.languages VALUES (160, 'Marathi', true);
INSERT INTO public.languages VALUES (161, 'Mari', true);
INSERT INTO public.languages VALUES (162, 'Meänkieli', true);
INSERT INTO public.languages VALUES (163, 'Moksha', true);
INSERT INTO public.languages VALUES (164, 'Mongolian', true);
INSERT INTO public.languages VALUES (165, 'Mooré', true);
INSERT INTO public.languages VALUES (166, 'Munukutuba', true);
INSERT INTO public.languages VALUES (167, 'Nauruan', true);
INSERT INTO public.languages VALUES (168, 'Ndebele', true);
INSERT INTO public.languages VALUES (169, 'Nenets', true);
INSERT INTO public.languages VALUES (170, 'Nepali', true);
INSERT INTO public.languages VALUES (171, 'Niuean', true);
INSERT INTO public.languages VALUES (172, 'Norwegian', true);
INSERT INTO public.languages VALUES (173, 'Nuristani', true);
INSERT INTO public.languages VALUES (174, 'Nyanja/Chichewa', true);
INSERT INTO public.languages VALUES (175, 'Nzema', true);
INSERT INTO public.languages VALUES (176, 'Occitan', true);
INSERT INTO public.languages VALUES (177, 'Oriya', true);
INSERT INTO public.languages VALUES (178, 'Ossetic', true);
INSERT INTO public.languages VALUES (179, 'Palauan', true);
INSERT INTO public.languages VALUES (180, 'Pamiri', true);
INSERT INTO public.languages VALUES (181, 'Pampangan', true);
INSERT INTO public.languages VALUES (182, 'Pangasinan', true);
INSERT INTO public.languages VALUES (183, 'Panjabi', true);
INSERT INTO public.languages VALUES (184, 'Pashai', true);
INSERT INTO public.languages VALUES (185, 'Pashto', true);
INSERT INTO public.languages VALUES (186, 'Persian/Farsi', true);
INSERT INTO public.languages VALUES (187, 'Polish', true);
INSERT INTO public.languages VALUES (188, 'Ponapean', true);
INSERT INTO public.languages VALUES (189, 'Portuguese', true);
INSERT INTO public.languages VALUES (190, 'Portuguese (Macau)', true);
INSERT INTO public.languages VALUES (191, 'Quechua', true);
INSERT INTO public.languages VALUES (192, 'Romani', true);
INSERT INTO public.languages VALUES (193, 'Romanian', true);
INSERT INTO public.languages VALUES (194, 'Romanian (Moldovan)', true);
INSERT INTO public.languages VALUES (195, 'Romansch', true);
INSERT INTO public.languages VALUES (196, 'Russian', true);
INSERT INTO public.languages VALUES (197, 'Ruthenian', true);
INSERT INTO public.languages VALUES (198, 'Saami', true);
INSERT INTO public.languages VALUES (199, 'Samoan', true);
INSERT INTO public.languages VALUES (200, 'Sango', true);
INSERT INTO public.languages VALUES (201, 'Sanskrit', true);
INSERT INTO public.languages VALUES (202, 'Santali', true);
INSERT INTO public.languages VALUES (203, 'Sardinian', true);
INSERT INTO public.languages VALUES (204, 'Scots', true);
INSERT INTO public.languages VALUES (205, 'Serbian', true);
INSERT INTO public.languages VALUES (206, 'Serbian/Montenegrin', true);
INSERT INTO public.languages VALUES (207, 'Seselwa', true);
INSERT INTO public.languages VALUES (208, 'Sesotho', true);
INSERT INTO public.languages VALUES (209, 'Sesotho sa Leboa', true);
INSERT INTO public.languages VALUES (210, 'Setswana', true);
INSERT INTO public.languages VALUES (211, 'Shona', true);
INSERT INTO public.languages VALUES (212, 'Sindhi', true);
INSERT INTO public.languages VALUES (213, 'Sinhala', true);
INSERT INTO public.languages VALUES (214, 'Siswati', true);
INSERT INTO public.languages VALUES (215, 'Slavey', true);
INSERT INTO public.languages VALUES (216, 'Slovak', true);
INSERT INTO public.languages VALUES (217, 'Slovenian', true);
INSERT INTO public.languages VALUES (218, 'Somali', true);
INSERT INTO public.languages VALUES (219, 'Soninke', true);
INSERT INTO public.languages VALUES (220, 'Sorbian', true);
INSERT INTO public.languages VALUES (221, 'Spanish', true);
INSERT INTO public.languages VALUES (222, 'Spanish (de facto)', true);
INSERT INTO public.languages VALUES (223, 'Swahili', true);
INSERT INTO public.languages VALUES (224, 'Swedish', true);
INSERT INTO public.languages VALUES (225, 'Swedish (de facto)', true);
INSERT INTO public.languages VALUES (226, 'Tagalog', true);
INSERT INTO public.languages VALUES (227, 'Tahitian', true);
INSERT INTO public.languages VALUES (228, 'Tajik', true);
INSERT INTO public.languages VALUES (229, 'Tajiki', true);
INSERT INTO public.languages VALUES (230, 'Tamazight', true);
INSERT INTO public.languages VALUES (231, 'Tamil', true);
INSERT INTO public.languages VALUES (232, 'Tatar', true);
INSERT INTO public.languages VALUES (233, 'Tausug', true);
INSERT INTO public.languages VALUES (234, 'Telugu', true);
INSERT INTO public.languages VALUES (235, 'Tetun', true);
INSERT INTO public.languages VALUES (236, 'Thai', true);
INSERT INTO public.languages VALUES (237, 'Tibetan', true);
INSERT INTO public.languages VALUES (238, 'Tigrinya', true);
INSERT INTO public.languages VALUES (239, 'Tok Pisin', true);
INSERT INTO public.languages VALUES (240, 'Tokelauan', true);
INSERT INTO public.languages VALUES (241, 'Tongan', true);
INSERT INTO public.languages VALUES (242, 'Tshiluba', true);
INSERT INTO public.languages VALUES (243, 'Tsonga', true);
INSERT INTO public.languages VALUES (244, 'Turkish', true);
INSERT INTO public.languages VALUES (245, 'Turkmen', true);
INSERT INTO public.languages VALUES (246, 'Tuvaluan', true);
INSERT INTO public.languages VALUES (247, 'Tuvin', true);
INSERT INTO public.languages VALUES (248, 'Udmurt', true);
INSERT INTO public.languages VALUES (249, 'Ukrainian', true);
INSERT INTO public.languages VALUES (250, 'Ulithian', true);
INSERT INTO public.languages VALUES (251, 'Urdu', true);
INSERT INTO public.languages VALUES (252, 'Uyghur', true);
INSERT INTO public.languages VALUES (253, 'Uzbek', true);
INSERT INTO public.languages VALUES (254, 'Venda', true);
INSERT INTO public.languages VALUES (255, 'Vietnamese', true);
INSERT INTO public.languages VALUES (256, 'Waray-Waray', true);
INSERT INTO public.languages VALUES (257, 'Wolof', true);
INSERT INTO public.languages VALUES (258, 'Xhosa', true);
INSERT INTO public.languages VALUES (259, 'Yakut', true);
INSERT INTO public.languages VALUES (260, 'Yapese', true);
INSERT INTO public.languages VALUES (261, 'Yiddish', true);
INSERT INTO public.languages VALUES (262, 'Yoruba', true);
INSERT INTO public.languages VALUES (263, 'Zhuang', true);
INSERT INTO public.languages VALUES (264, 'Zulu', true);


--
-- Data for Name: level_of_religiousness; Type: TABLE DATA; Schema: public; Owner: postgres
--

INSERT INTO public.level_of_religiousness VALUES (1, 'Not Practicing', true);
INSERT INTO public.level_of_religiousness VALUES (2, 'Usually Practicing', true);
INSERT INTO public.level_of_religiousness VALUES (3, 'Moderately Practicing', true);
INSERT INTO public.level_of_religiousness VALUES (4, 'Strictly Practicing', true);


--
-- Data for Name: marital_status; Type: TABLE DATA; Schema: public; Owner: postgres
--

INSERT INTO public.marital_status VALUES (1, 'Never Married', true);
INSERT INTO public.marital_status VALUES (2, 'Married and not Divorced', true);
INSERT INTO public.marital_status VALUES (3, 'Married and Divorced', true);
INSERT INTO public.marital_status VALUES (4, 'Separated', true);
INSERT INTO public.marital_status VALUES (5, 'Annulled', true);
INSERT INTO public.marital_status VALUES (6, 'Widowed', true);


--
-- Data for Name: nationalities; Type: TABLE DATA; Schema: public; Owner: postgres
--

INSERT INTO public.nationalities VALUES (1, 'Indian', true);
INSERT INTO public.nationalities VALUES (2, 'UK', true);
INSERT INTO public.nationalities VALUES (3, 'USA', true);
INSERT INTO public.nationalities VALUES (4, 'Algeria', true);


--
-- Data for Name: payment_modes; Type: TABLE DATA; Schema: public; Owner: postgres
--

INSERT INTO public.payment_modes VALUES (1, 'Cash', true);
INSERT INTO public.payment_modes VALUES (2, 'Net Banking', true);


--
-- Data for Name: plan_details; Type: TABLE DATA; Schema: public; Owner: postgres
--

INSERT INTO public.plan_details VALUES (6, 3, 90, 90, '3 month', 30, true);
INSERT INTO public.plan_details VALUES (5, 4, 7, 0, 'ONE WEEK FREE BASIC MEMBERSHIP TRIAL  ', 0, true);
INSERT INTO public.plan_details VALUES (7, 3, 180, 150, '6 Month', 25, true);
INSERT INTO public.plan_details VALUES (8, 3, 365, 240, '12 Month', 20, true);
INSERT INTO public.plan_details VALUES (9, 2, 90, 105, '3 Month', 35, true);
INSERT INTO public.plan_details VALUES (10, 2, 180, 180, '6 Month', 30, true);
INSERT INTO public.plan_details VALUES (11, 2, 365, 300, '12 month', 25, true);
INSERT INTO public.plan_details VALUES (12, 1, 90, 135, '3 Month', 45, true);
INSERT INTO public.plan_details VALUES (13, 1, 180, 240, '6 month', 40, true);
INSERT INTO public.plan_details VALUES (14, 1, 365, 420, '12 month', 35, true);


--
-- Data for Name: plans; Type: TABLE DATA; Schema: public; Owner: postgres
--

INSERT INTO public.plans VALUES (3, 'Basic', 'Basic member badge 

Full profile visibility to all registered users  

Upload up to 5 pictures 

Unlimited swipes  

Message up to 7 new matches a day ', true, 5, 7);
INSERT INTO public.plans VALUES (2, 'Basic Plus', 'Basic Plus member badge 

Full profile visibility to all registered users  

Upload up to 10 pictures 

Video profile  

Unlimited swipes 

Unlimited messages  

Profile toggle / privacy options  

Citizenship verification  

Extended questionnaire for enhanced matches  

Travel mode', true, 10, 100000);
INSERT INTO public.plans VALUES (1, 'Premium', 'Premium member badge 

Decide who gets to see your profile  

Upload up to 10 pictures 

Video profile  

Unlimited swipes 

Unlimited messages  

Profile toggle / privacy options  

Citizenship verification  

Extended questionnaire for enhanced matches  

Travel mode 

Job/Professionalism verified ', true, 100000, 100000);
INSERT INTO public.plans VALUES (4, 'Trial Period', 'Free to sign up ', true, 1, 0);


--
-- Data for Name: prayers; Type: TABLE DATA; Schema: public; Owner: postgres
--

INSERT INTO public.prayers VALUES (1, 'Always', true);
INSERT INTO public.prayers VALUES (2, 'Sometimes', true);
INSERT INTO public.prayers VALUES (3, 'Usually', true);
INSERT INTO public.prayers VALUES (4, 'Never', true);


--
-- Data for Name: prenup; Type: TABLE DATA; Schema: public; Owner: postgres
--

INSERT INTO public.prenup VALUES (1, 'Yes', true);
INSERT INTO public.prenup VALUES (2, 'No', true);
INSERT INTO public.prenup VALUES (3, 'I Don''t Mind', true);


--
-- Data for Name: privacy_policy; Type: TABLE DATA; Schema: public; Owner: postgres
--

INSERT INTO public.privacy_policy VALUES (1, ' father & mates, I''m a daring, self-made, down-to-earth tewtqa father & mates, I''m a daring, self-made, down-to-earth tewtqa father & mates, I''m a daring, self-made, down-to-earth tewtqa father & mates, I''m a daring, self-made, down-to-earth tewtqa father & mates, I''m a daring, self-made, down-to-earth tewtqa father & mates, I''m a daring, self-made, down-to-earth tewtqa father & mates, I''m a daring, self-made, down-to-earth tewtqa father & mates, I''m a daring, self-made, down-to-earth tewtqa father & mates, I''m a daring, self-made, down-to-earth tewtqa father & mates, I''m a daring, self-made, down-to-earth tewtqa father & mates, I''m a daring, self-made, down-to-earth tewtqa father & mates, I''m a daring, self-made, down-to-earth tewtqa father & mates, I''m a daring, self-made, down-to-earth tewtqa father & mates, I''m a daring, self-made, down-to-earth tewtqa father & mates, I''m a daring, self-made, down-to-earth tewtqa father & mates, I''m a daring, self-made, down-to-earth tewtqa father & mates, I''m a daring, self-made, down-to-earth tewtqa father & mates, I''m a daring, self-made, down-to-earth tewtqa father & mates, I''m a daring, self-made, down-to-earth tewtqa father & mates, I''m a daring, self-made, down-to-earth tewtqa father & mates, I''m a daring, self-made, down-to-earth tewtqa father & mates, I''m a daring, self-made, down-to-earth tewtqa father & mates, I''m a daring, self-made, down-to-earth tewtqa father & mates, I''m a daring, self-made, down-to-earth tewtqa father & mates, I''m a daring, self-made, down-to-earth tewtqa father & mates, I''m a daring, self-made, down-to-earth tewtqa father & mates, I''m a daring, self-made, down-to-earth tewtqa father & mates, I''m a daring, self-made, down-to-earth tewtqa father & mates, I''m a daring, self-made, down-to-earth tewtqa father & mates, I''m a daring, self-made, down-to-earth tewtqa father & mates, I''m a daring, self-made, down-to-earth tewtqa father & mates, I''m a daring, self-made, down-to-earth tewtqa father & mates, I''m a daring, self-made, down-to-earth tewtqa father & mates, I''m a daring, self-made, down-to-earth tewtqa father & mates, I''m a daring, self-made, down-to-earth tewtqa father & mates, I''m a daring, self-made, down-to-earth tewtqa father & mates, I''m a daring, self-made, down-to-earth tewtqa father & mates, I''m a daring, self-made, down-to-earth tewtqa father & mates, I''m a daring, self-made, down-to-earth tewtqa father & mates, I''m a daring, self-made, down-to-earth tewtqa father & mates, I''m a daring, self-made, down-to-earth tewtqa father & mates, I''m a daring, self-made, down-to-earth tewtqa father & mates, I''m a daring, self-made, down-to-earth tewtqa father & mates, I''m a daring, self-made, down-to-earth tewtqa father & mates, I''m a daring, self-made, down-to-earth tewtqa father & mates, I''m a daring, self-made, down-to-earth tewtqa', true);


--
-- Data for Name: private_chat; Type: TABLE DATA; Schema: public; Owner: postgres
--

INSERT INTO public.private_chat VALUES (6, 90, 104, 'private-90-104', '2023-06-13 13:18:34+05:30', 'inactive', 'active', 'inactive', '2023-06-15 09:52:36+05:30', NULL);
INSERT INTO public.private_chat VALUES (14, 131, 136, 'private-131-136', '2023-06-28 17:19:50+05:30', 'inactive', 'active', 'inactive', '2023-06-28 17:23:17+05:30', NULL);
INSERT INTO public.private_chat VALUES (5, 91, 88, 'private-91-88', '2023-06-04 00:40:02+05:30', 'inactive', 'active', 'inactive', '2023-06-04 01:15:15+05:30', NULL);
INSERT INTO public.private_chat VALUES (7, 90, 88, 'private-90-88', '2023-06-14 12:40:03+05:30', 'inactive', 'active', 'inactive', '2023-06-15 12:03:32+05:30', NULL);
INSERT INTO public.private_chat VALUES (9, 126, 130, 'private-126-130', '2023-06-19 17:23:48+05:30', 'inactive', 'active', 'inactive', '2023-07-20 15:25:29+05:30', NULL);
INSERT INTO public.private_chat VALUES (8, 105, 90, 'private-105-90', '2023-06-15 18:37:13+05:30', 'inactive', 'active', 'inactive', '2023-06-16 16:47:07+05:30', NULL);
INSERT INTO public.private_chat VALUES (15, 130, 125, 'private-130-125', '2023-07-24 12:19:45+05:30', 'inactive', 'active', 'inactive', '2023-08-09 10:59:42+05:30', 'Block');
INSERT INTO public.private_chat VALUES (16, 166, 125, 'private-166-125', '2023-08-08 14:39:10+05:30', 'inactive', 'active', 'inactive', '2023-08-09 11:01:36+05:30', 'Block');
INSERT INTO public.private_chat VALUES (13, 130, 133, 'private-130-133', '2023-06-20 16:38:42+05:30', 'inactive', 'active', 'inactive', '2023-07-20 15:01:58+05:30', 'Block');
INSERT INTO public.private_chat VALUES (12, 130, 129, 'private-130-129', '2023-06-20 16:20:02+05:30', 'inactive', 'active', 'inactive', '2023-06-20 16:20:57+05:30', 'Block');
INSERT INTO public.private_chat VALUES (11, 130, 127, 'private-130-127', '2023-06-20 16:17:31+05:30', 'inactive', 'active', 'inactive', '2023-07-24 16:34:57+05:30', 'Block');
INSERT INTO public.private_chat VALUES (18, 166, 127, 'private-166-127', '2023-08-08 17:42:02+05:30', 'inactive', 'active', 'inactive', '2023-08-08 17:47:40+05:30', 'Reject');
INSERT INTO public.private_chat VALUES (17, 125, 200, 'private-125-200', '2023-08-08 16:55:31+05:30', 'inactive', 'active', 'inactive', '2023-08-09 10:55:05+05:30', NULL);
INSERT INTO public.private_chat VALUES (10, 125, 130, 'private-125-130', '2023-06-20 16:12:46+05:30', 'inactive', 'active', 'inactive', '2023-08-09 10:56:35+05:30', 'Block');


--
-- Data for Name: private_chat_conversation; Type: TABLE DATA; Schema: public; Owner: postgres
--

INSERT INTO public.private_chat_conversation VALUES (1, 91, 'Hi', '2023-06-04 00:40:03+05:30', 'active', 'unread', 88, 5);
INSERT INTO public.private_chat_conversation VALUES (2, 91, 'Hi', '2023-06-04 00:40:35+05:30', 'active', 'unread', 88, 5);
INSERT INTO public.private_chat_conversation VALUES (3, 91, 'Hello', '2023-06-04 01:07:13+05:30', 'active', 'unread', 88, 5);
INSERT INTO public.private_chat_conversation VALUES (4, 91, 'Hello', '2023-06-04 01:08:27+05:30', 'active', 'unread', 88, 5);
INSERT INTO public.private_chat_conversation VALUES (5, 91, 'Hello dear', '2023-06-04 01:09:21+05:30', 'active', 'unread', 88, 5);
INSERT INTO public.private_chat_conversation VALUES (6, 91, 'Hello dear', '2023-06-04 01:10:29+05:30', 'active', 'unread', 88, 5);
INSERT INTO public.private_chat_conversation VALUES (7, 91, 'Hello dear', '2023-06-04 01:11:03+05:30', 'active', 'unread', 88, 5);
INSERT INTO public.private_chat_conversation VALUES (8, 91, 'Hello dear', '2023-06-04 01:12:03+05:30', 'active', 'unread', 88, 5);
INSERT INTO public.private_chat_conversation VALUES (9, 91, 'Hello dear', '2023-06-04 01:13:25+05:30', 'active', 'unread', 88, 5);
INSERT INTO public.private_chat_conversation VALUES (10, 91, 'Hello dear', '2023-06-04 01:13:55+05:30', 'active', 'unread', 88, 5);
INSERT INTO public.private_chat_conversation VALUES (11, 91, 'Hello dear how are you', '2023-06-04 01:14:56+05:30', 'active', 'unread', 88, 5);
INSERT INTO public.private_chat_conversation VALUES (12, 91, 'Hyy', '2023-06-04 01:15:15+05:30', 'active', 'unread', 88, 5);
INSERT INTO public.private_chat_conversation VALUES (13, 88, '', '2023-06-04 11:51:06+05:30', 'active', 'unread', 91, 5);
INSERT INTO public.private_chat_conversation VALUES (14, 88, '', '2023-06-04 12:07:45+05:30', 'active', 'unread', 91, 5);
INSERT INTO public.private_chat_conversation VALUES (15, 88, '', '2023-06-04 12:08:01+05:30', 'active', 'unread', 91, 5);
INSERT INTO public.private_chat_conversation VALUES (16, 88, '', '2023-06-04 12:28:04+05:30', 'active', 'unread', 91, 5);
INSERT INTO public.private_chat_conversation VALUES (17, 90, 'hi', '2023-06-13 13:18:34+05:30', 'active', 'unread', 104, 6);
INSERT INTO public.private_chat_conversation VALUES (18, 90, 'Hy', '2023-06-13 14:15:24+05:30', 'active', 'unread', 104, 6);
INSERT INTO public.private_chat_conversation VALUES (19, 90, 'Hy', '2023-06-13 15:46:51+05:30', 'active', 'unread', 104, 6);
INSERT INTO public.private_chat_conversation VALUES (20, 90, 'hai', '2023-06-13 16:38:36+05:30', 'active', 'unread', 104, 6);
INSERT INTO public.private_chat_conversation VALUES (21, 90, 'Good morning
', '2023-06-13 17:11:03+05:30', 'active', 'unread', 104, 6);
INSERT INTO public.private_chat_conversation VALUES (22, 90, '😁😁😁😁😁😁', '2023-06-14 10:13:00+05:30', 'active', 'unread', 104, 6);
INSERT INTO public.private_chat_conversation VALUES (23, 90, 'hai how u doing sdhfdjkshdjksfhdjksfhds', '2023-06-14 12:40:04+05:30', 'active', 'unread', 88, 7);
INSERT INTO public.private_chat_conversation VALUES (24, 90, 'tghdfgdfgdfgdfgdgdgdfgdf', '2023-06-14 14:50:21+05:30', 'active', 'unread', 104, 6);
INSERT INTO public.private_chat_conversation VALUES (25, 90, 'dfgdgfdgfdgdfgfdfgd
', '2023-06-14 14:50:28+05:30', 'active', 'unread', 104, 6);
INSERT INTO public.private_chat_conversation VALUES (26, 90, 'Xvvb', '2023-06-14 18:25:09+05:30', 'active', 'unread', 88, 7);
INSERT INTO public.private_chat_conversation VALUES (27, 90, 'Hai', '2023-06-14 18:26:10+05:30', 'active', 'unread', 88, 7);
INSERT INTO public.private_chat_conversation VALUES (28, 90, 'How 😑🤑🤑🤗😙', '2023-06-14 18:28:03+05:30', 'active', 'unread', 88, 7);
INSERT INTO public.private_chat_conversation VALUES (29, 90, 'Have you been ', '2023-06-14 18:39:40+05:30', 'active', 'unread', 88, 7);
INSERT INTO public.private_chat_conversation VALUES (30, 90, 'Hahabsbsbsvbs', '2023-06-15 09:43:46+05:30', 'active', 'unread', 88, 7);
INSERT INTO public.private_chat_conversation VALUES (31, 90, 'How 🤔 ', '2023-06-15 09:43:55+05:30', 'active', 'unread', 88, 7);
INSERT INTO public.private_chat_conversation VALUES (32, 90, 'Doood', '2023-06-15 09:44:02+05:30', 'active', 'unread', 88, 7);
INSERT INTO public.private_chat_conversation VALUES (33, 90, 'How to get ', '2023-06-15 09:48:48+05:30', 'active', 'unread', 104, 6);
INSERT INTO public.private_chat_conversation VALUES (34, 90, 'Dhe', '2023-06-15 09:49:13+05:30', 'active', 'unread', 88, 7);
INSERT INTO public.private_chat_conversation VALUES (35, 90, '1234', '2023-06-15 09:49:54+05:30', 'active', 'unread', 88, 7);
INSERT INTO public.private_chat_conversation VALUES (36, 90, 'Dubai', '2023-06-15 09:50:38+05:30', 'active', 'unread', 104, 6);
INSERT INTO public.private_chat_conversation VALUES (37, 90, 'Child ', '2023-06-15 09:52:36+05:30', 'active', 'unread', 104, 6);
INSERT INTO public.private_chat_conversation VALUES (38, 90, 'bs  snejsns sensnssbsbs', '2023-06-15 10:05:00+05:30', 'active', 'unread', 88, 7);
INSERT INTO public.private_chat_conversation VALUES (39, 90, 'Ggggg', '2023-06-15 10:07:41+05:30', 'active', 'unread', 88, 7);
INSERT INTO public.private_chat_conversation VALUES (40, 90, 'fgfdgfggsfgs', '2023-06-15 10:09:28+05:30', 'active', 'unread', 88, 7);
INSERT INTO public.private_chat_conversation VALUES (41, 90, 'sgsgsgg', '2023-06-15 10:09:32+05:30', 'active', 'unread', 88, 7);
INSERT INTO public.private_chat_conversation VALUES (42, 90, 'wrgwgwrgw', '2023-06-15 10:09:35+05:30', 'active', 'unread', 88, 7);
INSERT INTO public.private_chat_conversation VALUES (43, 90, 'sxgfgsggsdg', '2023-06-15 10:09:38+05:30', 'active', 'unread', 88, 7);
INSERT INTO public.private_chat_conversation VALUES (44, 90, 'Gebd', '2023-06-15 10:11:58+05:30', 'active', 'unread', 88, 7);
INSERT INTO public.private_chat_conversation VALUES (45, 90, 'Hai', '2023-06-15 10:45:04+05:30', 'active', 'unread', 88, 7);
INSERT INTO public.private_chat_conversation VALUES (46, 90, 'Hoi', '2023-06-15 10:45:36+05:30', 'active', 'unread', 88, 7);
INSERT INTO public.private_chat_conversation VALUES (47, 90, 'aeryeyay', '2023-06-15 12:03:32+05:30', 'active', 'unread', 88, 7);
INSERT INTO public.private_chat_conversation VALUES (48, 105, 'hi', '2023-06-15 18:37:13+05:30', 'active', 'unread', 90, 8);
INSERT INTO public.private_chat_conversation VALUES (49, 105, 'how are you', '2023-06-16 16:46:00+05:30', 'active', 'unread', 90, 8);
INSERT INTO public.private_chat_conversation VALUES (50, 105, 'hi
', '2023-06-16 16:46:40+05:30', 'active', 'unread', 90, 8);
INSERT INTO public.private_chat_conversation VALUES (51, 105, 'I am fine', '2023-06-16 16:46:48+05:30', 'active', 'unread', 90, 8);
INSERT INTO public.private_chat_conversation VALUES (52, 105, 'I am fine', '2023-06-16 16:46:59+05:30', 'active', 'unread', 90, 8);
INSERT INTO public.private_chat_conversation VALUES (53, 105, 'what about you', '2023-06-16 16:47:07+05:30', 'active', 'unread', 90, 8);
INSERT INTO public.private_chat_conversation VALUES (54, 126, 'hi', '2023-06-19 17:23:48+05:30', 'active', 'unread', 130, 9);
INSERT INTO public.private_chat_conversation VALUES (55, 126, 'hi', '2023-06-20 11:06:27+05:30', 'active', 'unread', 130, 9);
INSERT INTO public.private_chat_conversation VALUES (56, 126, 'hi', '2023-06-20 11:25:05+05:30', 'active', 'unread', 130, 9);
INSERT INTO public.private_chat_conversation VALUES (57, 126, 'hi aslam', '2023-06-20 11:30:47+05:30', 'active', 'unread', 130, 9);
INSERT INTO public.private_chat_conversation VALUES (58, 126, 'hi', '2023-06-20 11:31:31+05:30', 'active', 'unread', 130, 9);
INSERT INTO public.private_chat_conversation VALUES (59, 130, 'hi', '2023-06-20 11:39:25+05:30', 'active', 'unread', 126, 9);
INSERT INTO public.private_chat_conversation VALUES (60, 126, 'hi sara', '2023-06-20 11:47:15+05:30', 'active', 'unread', 130, 9);
INSERT INTO public.private_chat_conversation VALUES (61, 130, 'hi aslam', '2023-06-20 11:48:02+05:30', 'active', 'unread', 126, 9);
INSERT INTO public.private_chat_conversation VALUES (62, 130, 'Hi😂', '2023-06-20 11:50:01+05:30', 'active', 'unread', 126, 9);
INSERT INTO public.private_chat_conversation VALUES (63, 130, '😎', '2023-06-20 11:50:20+05:30', 'active', 'unread', 126, 9);
INSERT INTO public.private_chat_conversation VALUES (64, 130, '', '2023-06-20 12:15:00+05:30', 'active', 'unread', 126, 9);
INSERT INTO public.private_chat_conversation VALUES (65, 130, '', '2023-06-20 12:15:01+05:30', 'active', 'unread', 126, 9);
INSERT INTO public.private_chat_conversation VALUES (66, 130, '', '2023-06-20 12:29:03+05:30', 'active', 'unread', 126, 9);
INSERT INTO public.private_chat_conversation VALUES (67, 126, '', '2023-06-20 12:31:43+05:30', 'active', 'unread', 130, 9);
INSERT INTO public.private_chat_conversation VALUES (68, 126, 'nice', '2023-06-20 12:31:58+05:30', 'active', 'unread', 130, 9);
INSERT INTO public.private_chat_conversation VALUES (69, 126, '', '2023-06-20 12:32:13+05:30', 'active', 'unread', 130, 9);
INSERT INTO public.private_chat_conversation VALUES (70, 125, 'hi', '2023-06-20 16:12:46+05:30', 'active', 'unread', 130, 10);
INSERT INTO public.private_chat_conversation VALUES (71, 130, 'hi', '2023-06-20 16:15:26+05:30', 'active', 'unread', 125, 10);
INSERT INTO public.private_chat_conversation VALUES (72, 130, 'hi', '2023-06-20 16:15:54+05:30', 'active', 'unread', 126, 9);
INSERT INTO public.private_chat_conversation VALUES (73, 130, 'hi', '2023-06-20 16:17:31+05:30', 'active', 'unread', 127, 11);
INSERT INTO public.private_chat_conversation VALUES (74, 130, 'hi', '2023-06-20 16:20:02+05:30', 'active', 'unread', 129, 12);
INSERT INTO public.private_chat_conversation VALUES (75, 130, 'hi', '2023-06-20 16:20:29+05:30', 'active', 'unread', 129, 12);
INSERT INTO public.private_chat_conversation VALUES (76, 130, 'hi2', '2023-06-20 16:20:57+05:30', 'active', 'unread', 129, 12);
INSERT INTO public.private_chat_conversation VALUES (77, 130, 'hi', '2023-06-20 16:38:42+05:30', 'active', 'unread', 133, 13);
INSERT INTO public.private_chat_conversation VALUES (78, 125, '', '2023-06-20 18:27:49+05:30', 'active', 'unread', 130, 10);
INSERT INTO public.private_chat_conversation VALUES (79, 130, '😎', '2023-06-20 18:28:42+05:30', 'active', 'unread', 125, 10);
INSERT INTO public.private_chat_conversation VALUES (80, 130, 'hi', '2023-06-20 18:30:08+05:30', 'active', 'unread', 125, 10);
INSERT INTO public.private_chat_conversation VALUES (81, 130, 'hi', '2023-06-20 18:30:54+05:30', 'active', 'unread', 125, 10);
INSERT INTO public.private_chat_conversation VALUES (82, 130, 'hi', '2023-06-20 18:31:24+05:30', 'active', 'unread', 125, 10);
INSERT INTO public.private_chat_conversation VALUES (83, 130, 'abc', '2023-06-20 18:31:55+05:30', 'active', 'unread', 125, 10);
INSERT INTO public.private_chat_conversation VALUES (84, 130, 'ac', '2023-06-20 18:35:20+05:30', 'active', 'unread', 125, 10);
INSERT INTO public.private_chat_conversation VALUES (85, 130, '', '2023-06-20 18:35:33+05:30', 'active', 'unread', 125, 10);
INSERT INTO public.private_chat_conversation VALUES (86, 130, 'abcd', '2023-06-20 18:35:46+05:30', 'active', 'unread', 125, 10);
INSERT INTO public.private_chat_conversation VALUES (87, 130, 'abcd', '2023-06-20 18:36:13+05:30', 'active', 'unread', 125, 10);
INSERT INTO public.private_chat_conversation VALUES (88, 130, '', '2023-06-20 18:36:27+05:30', 'active', 'unread', 125, 10);
INSERT INTO public.private_chat_conversation VALUES (89, 130, 'abcd', '2023-06-20 18:36:43+05:30', 'active', 'unread', 125, 10);
INSERT INTO public.private_chat_conversation VALUES (90, 125, 'hi', '2023-06-22 11:51:20+05:30', 'active', 'unread', 130, 10);
INSERT INTO public.private_chat_conversation VALUES (91, 130, 'hi', '2023-06-22 11:54:49+05:30', 'active', 'unread', 125, 10);
INSERT INTO public.private_chat_conversation VALUES (92, 125, 'hi', '2023-06-22 15:19:07+05:30', 'active', 'unread', 130, 10);
INSERT INTO public.private_chat_conversation VALUES (93, 125, 'hi', '2023-06-22 15:19:15+05:30', 'active', 'unread', 130, 10);
INSERT INTO public.private_chat_conversation VALUES (94, 125, 'hi', '2023-06-23 15:40:48+05:30', 'active', 'unread', 130, 10);
INSERT INTO public.private_chat_conversation VALUES (95, 125, '', '2023-06-23 15:40:53+05:30', 'active', 'unread', 130, 10);
INSERT INTO public.private_chat_conversation VALUES (96, 131, 'hi', '2023-06-28 17:19:50+05:30', 'active', 'unread', 136, 14);
INSERT INTO public.private_chat_conversation VALUES (97, 136, 'Hi.  How are you', '2023-06-28 17:22:39+05:30', 'active', 'unread', 131, 14);
INSERT INTO public.private_chat_conversation VALUES (98, 136, '', '2023-06-28 17:22:48+05:30', 'active', 'unread', 131, 14);
INSERT INTO public.private_chat_conversation VALUES (99, 131, '😀', '2023-06-28 17:23:17+05:30', 'active', 'unread', 136, 14);
INSERT INTO public.private_chat_conversation VALUES (100, 131, '', '2023-07-03 12:14:25+05:30', 'active', 'unread', 136, 14);
INSERT INTO public.private_chat_conversation VALUES (101, 125, '', '2023-07-03 14:49:31+05:30', 'active', 'unread', 130, 10);
INSERT INTO public.private_chat_conversation VALUES (102, 125, '😁', '2023-07-13 14:59:23+05:30', 'active', 'unread', 130, 10);
INSERT INTO public.private_chat_conversation VALUES (103, 125, '', '2023-07-13 15:25:02+05:30', 'active', 'unread', 130, 10);
INSERT INTO public.private_chat_conversation VALUES (104, 125, 'hai', '2023-07-13 15:25:13+05:30', 'active', 'unread', 130, 10);
INSERT INTO public.private_chat_conversation VALUES (105, 125, '', '2023-07-13 15:36:58+05:30', 'active', 'unread', 130, 10);
INSERT INTO public.private_chat_conversation VALUES (106, 125, '', '2023-07-13 16:34:50+05:30', 'active', 'unread', 130, 10);
INSERT INTO public.private_chat_conversation VALUES (107, 125, 'dfgdf', '2023-07-14 09:36:21+05:30', 'active', 'unread', 130, 10);
INSERT INTO public.private_chat_conversation VALUES (108, 125, 'sgsgsgsggsgsgsgsg
', '2023-07-14 09:37:04+05:30', 'active', 'unread', 130, 10);
INSERT INTO public.private_chat_conversation VALUES (109, 125, 'sadad', '2023-07-14 10:42:47+05:30', 'active', 'unread', 130, 10);
INSERT INTO public.private_chat_conversation VALUES (110, 125, '', '2023-07-14 16:20:24+05:30', 'active', 'unread', 130, 10);
INSERT INTO public.private_chat_conversation VALUES (111, 125, ' cxcxcxcxc', '2023-07-14 16:20:49+05:30', 'active', 'unread', 130, 10);
INSERT INTO public.private_chat_conversation VALUES (112, 125, ' ', '2023-07-14 16:21:13+05:30', 'active', 'unread', 130, 10);
INSERT INTO public.private_chat_conversation VALUES (113, 125, ' ', '2023-07-14 16:21:53+05:30', 'active', 'unread', 130, 10);
INSERT INTO public.private_chat_conversation VALUES (114, 125, ' ', '2023-07-14 16:23:43+05:30', 'active', 'unread', 130, 10);
INSERT INTO public.private_chat_conversation VALUES (115, 130, 'Hey ', '2023-07-18 12:11:02+05:30', 'active', 'unread', 133, 13);
INSERT INTO public.private_chat_conversation VALUES (116, 130, ' ', '2023-07-18 12:13:26+05:30', 'active', 'unread', 133, 13);
INSERT INTO public.private_chat_conversation VALUES (117, 130, ' ', '2023-07-18 12:19:32+05:30', 'active', 'unread', 133, 13);
INSERT INTO public.private_chat_conversation VALUES (118, 130, '', '2023-07-18 12:19:32+05:30', 'active', 'unread', 133, 13);
INSERT INTO public.private_chat_conversation VALUES (119, 130, ' ', '2023-07-18 12:20:20+05:30', 'active', 'unread', 133, 13);
INSERT INTO public.private_chat_conversation VALUES (120, 130, ' Vggffff', '2023-07-18 12:24:02+05:30', 'active', 'unread', 133, 13);
INSERT INTO public.private_chat_conversation VALUES (121, 130, ' ', '2023-07-18 12:24:13+05:30', 'active', 'unread', 133, 13);
INSERT INTO public.private_chat_conversation VALUES (122, 130, ' ', '2023-07-18 12:24:54+05:30', 'active', 'unread', 133, 13);
INSERT INTO public.private_chat_conversation VALUES (123, 130, ' ', '2023-07-18 12:30:19+05:30', 'active', 'unread', 133, 13);
INSERT INTO public.private_chat_conversation VALUES (124, 130, ' ', '2023-07-18 12:30:31+05:30', 'active', 'unread', 133, 13);
INSERT INTO public.private_chat_conversation VALUES (125, 130, '', '2023-07-18 12:47:05+05:30', 'active', 'unread', 133, 13);
INSERT INTO public.private_chat_conversation VALUES (126, 130, ' ', '2023-07-18 12:53:11+05:30', 'active', 'unread', 133, 13);
INSERT INTO public.private_chat_conversation VALUES (127, 130, ' ', '2023-07-18 13:29:04+05:30', 'active', 'unread', 133, 13);
INSERT INTO public.private_chat_conversation VALUES (128, 130, ' ', '2023-07-18 13:36:57+05:30', 'active', 'unread', 133, 13);
INSERT INTO public.private_chat_conversation VALUES (129, 130, '', '2023-07-18 13:37:01+05:30', 'active', 'unread', 133, 13);
INSERT INTO public.private_chat_conversation VALUES (130, 130, ' Ffff', '2023-07-18 13:37:47+05:30', 'active', 'unread', 133, 13);
INSERT INTO public.private_chat_conversation VALUES (131, 130, 'Hai', '2023-07-18 13:48:13+05:30', 'active', 'unread', 133, 13);
INSERT INTO public.private_chat_conversation VALUES (132, 130, ' ', '2023-07-18 13:48:20+05:30', 'active', 'unread', 133, 13);
INSERT INTO public.private_chat_conversation VALUES (133, 130, '', '2023-07-18 13:48:23+05:30', 'active', 'unread', 133, 13);
INSERT INTO public.private_chat_conversation VALUES (134, 130, ' ', '2023-07-18 13:48:28+05:30', 'active', 'unread', 133, 13);
INSERT INTO public.private_chat_conversation VALUES (135, 130, ' ', '2023-07-18 13:48:53+05:30', 'active', 'unread', 133, 13);
INSERT INTO public.private_chat_conversation VALUES (136, 130, ' ', '2023-07-18 14:00:21+05:30', 'active', 'unread', 133, 13);
INSERT INTO public.private_chat_conversation VALUES (137, 130, '', '2023-07-18 14:43:51+05:30', 'active', 'unread', 133, 13);
INSERT INTO public.private_chat_conversation VALUES (138, 130, '', '2023-07-18 14:43:51+05:30', 'active', 'unread', 133, 13);
INSERT INTO public.private_chat_conversation VALUES (139, 130, ' ', '2023-07-18 14:44:30+05:30', 'active', 'unread', 133, 13);
INSERT INTO public.private_chat_conversation VALUES (140, 130, ' ', '2023-07-18 14:44:37+05:30', 'active', 'unread', 133, 13);
INSERT INTO public.private_chat_conversation VALUES (141, 130, '', '2023-07-18 14:44:37+05:30', 'active', 'unread', 133, 13);
INSERT INTO public.private_chat_conversation VALUES (142, 130, '', '2023-07-18 14:48:14+05:30', 'active', 'unread', 133, 13);
INSERT INTO public.private_chat_conversation VALUES (143, 130, '', '2023-07-18 14:48:28+05:30', 'active', 'unread', 133, 13);
INSERT INTO public.private_chat_conversation VALUES (144, 130, '', '2023-07-18 15:04:59+05:30', 'active', 'unread', 133, 13);
INSERT INTO public.private_chat_conversation VALUES (145, 125, '', '2023-07-18 15:29:19+05:30', 'active', 'unread', 130, 10);
INSERT INTO public.private_chat_conversation VALUES (146, 125, '', '2023-07-18 15:50:42+05:30', 'active', 'unread', 130, 10);
INSERT INTO public.private_chat_conversation VALUES (147, 125, '', '2023-07-18 17:33:40+05:30', 'active', 'unread', 130, 10);
INSERT INTO public.private_chat_conversation VALUES (148, 125, 'Cvbbnnjjjnjjjjjkbjvvjchch h hcj hch h n j kvjvj j jvjvkvkvkk', '2023-07-18 17:38:27+05:30', 'active', 'unread', 130, 10);
INSERT INTO public.private_chat_conversation VALUES (149, 125, 'Hai', '2023-07-18 18:06:27+05:30', 'active', 'unread', 130, 10);
INSERT INTO public.private_chat_conversation VALUES (150, 125, ' Hbba
Ggg@gmail.com ', '2023-07-18 18:12:33+05:30', 'active', 'unread', 130, 10);
INSERT INTO public.private_chat_conversation VALUES (151, 125, '', '2023-07-18 18:13:05+05:30', 'active', 'unread', 130, 10);
INSERT INTO public.private_chat_conversation VALUES (152, 125, '', '2023-07-18 18:28:23+05:30', 'active', 'unread', 130, 10);
INSERT INTO public.private_chat_conversation VALUES (153, 125, ' 😄😅😅😅😅😅😆😆😅😆', '2023-07-18 18:29:00+05:30', 'active', 'unread', 130, 10);
INSERT INTO public.private_chat_conversation VALUES (154, 125, '   Bb
', '2023-07-18 18:33:12+05:30', 'active', 'unread', 130, 10);
INSERT INTO public.private_chat_conversation VALUES (155, 125, ' Ffff', '2023-07-18 18:48:27+05:30', 'active', 'unread', 130, 10);
INSERT INTO public.private_chat_conversation VALUES (156, 125, '', '2023-07-18 18:48:38+05:30', 'active', 'unread', 130, 10);
INSERT INTO public.private_chat_conversation VALUES (157, 125, ' ', '2023-07-18 18:48:39+05:30', 'active', 'unread', 130, 10);
INSERT INTO public.private_chat_conversation VALUES (158, 125, '', '2023-07-18 18:48:51+05:30', 'active', 'unread', 130, 10);
INSERT INTO public.private_chat_conversation VALUES (159, 125, '', '2023-07-18 18:48:52+05:30', 'active', 'unread', 130, 10);
INSERT INTO public.private_chat_conversation VALUES (160, 125, '', '2023-07-18 19:07:52+05:30', 'active', 'unread', 130, 10);
INSERT INTO public.private_chat_conversation VALUES (161, 130, '', '2023-07-18 19:33:16+05:30', 'active', 'unread', 125, 10);
INSERT INTO public.private_chat_conversation VALUES (162, 125, '', '2023-07-18 19:36:11+05:30', 'active', 'unread', 130, 10);
INSERT INTO public.private_chat_conversation VALUES (163, 125, ' ', '2023-07-18 19:36:55+05:30', 'active', 'unread', 130, 10);
INSERT INTO public.private_chat_conversation VALUES (164, 125, '', '2023-07-18 19:41:19+05:30', 'active', 'unread', 130, 10);
INSERT INTO public.private_chat_conversation VALUES (165, 125, '', '2023-07-18 19:41:21+05:30', 'active', 'unread', 130, 10);
INSERT INTO public.private_chat_conversation VALUES (166, 125, ' ', '2023-07-18 19:41:42+05:30', 'active', 'unread', 130, 10);
INSERT INTO public.private_chat_conversation VALUES (167, 125, ' ', '2023-07-18 19:42:32+05:30', 'active', 'unread', 130, 10);
INSERT INTO public.private_chat_conversation VALUES (168, 125, 'Gffdxccfff', '2023-07-19 09:23:47+05:30', 'active', 'unread', 130, 10);
INSERT INTO public.private_chat_conversation VALUES (169, 125, '', '2023-07-19 09:24:00+05:30', 'active', 'unread', 130, 10);
INSERT INTO public.private_chat_conversation VALUES (170, 125, ' ', '2023-07-19 09:24:29+05:30', 'active', 'unread', 130, 10);
INSERT INTO public.private_chat_conversation VALUES (171, 125, ' ', '2023-07-19 09:25:34+05:30', 'active', 'unread', 130, 10);
INSERT INTO public.private_chat_conversation VALUES (172, 125, '', '2023-07-19 09:27:03+05:30', 'active', 'unread', 130, 10);
INSERT INTO public.private_chat_conversation VALUES (173, 125, ' ', '2023-07-19 09:27:31+05:30', 'active', 'unread', 130, 10);
INSERT INTO public.private_chat_conversation VALUES (174, 125, ' ', '2023-07-19 09:31:57+05:30', 'active', 'unread', 130, 10);
INSERT INTO public.private_chat_conversation VALUES (175, 125, '', '2023-07-19 09:51:58+05:30', 'active', 'unread', 130, 10);
INSERT INTO public.private_chat_conversation VALUES (176, 125, '', '2023-07-19 09:52:46+05:30', 'active', 'unread', 130, 10);
INSERT INTO public.private_chat_conversation VALUES (177, 125, ' Cvvbnnnjmkmj', '2023-07-19 09:55:01+05:30', 'active', 'unread', 130, 10);
INSERT INTO public.private_chat_conversation VALUES (178, 125, '', '2023-07-19 09:55:10+05:30', 'active', 'unread', 130, 10);
INSERT INTO public.private_chat_conversation VALUES (179, 125, '', '2023-07-19 09:55:23+05:30', 'active', 'unread', 130, 10);
INSERT INTO public.private_chat_conversation VALUES (180, 125, '', '2023-07-19 09:59:40+05:30', 'active', 'unread', 130, 10);
INSERT INTO public.private_chat_conversation VALUES (181, 125, '', '2023-07-19 10:05:00+05:30', 'active', 'unread', 130, 10);
INSERT INTO public.private_chat_conversation VALUES (182, 125, '', '2023-07-19 10:05:37+05:30', 'active', 'unread', 130, 10);
INSERT INTO public.private_chat_conversation VALUES (183, 125, '', '2023-07-19 10:08:07+05:30', 'active', 'unread', 130, 10);
INSERT INTO public.private_chat_conversation VALUES (184, 125, '', '2023-07-19 10:09:31+05:30', 'active', 'unread', 130, 10);
INSERT INTO public.private_chat_conversation VALUES (185, 125, '', '2023-07-19 10:10:47+05:30', 'active', 'unread', 130, 10);
INSERT INTO public.private_chat_conversation VALUES (186, 125, '', '2023-07-19 10:11:06+05:30', 'active', 'unread', 130, 10);
INSERT INTO public.private_chat_conversation VALUES (187, 125, '', '2023-07-19 10:14:53+05:30', 'active', 'unread', 130, 10);
INSERT INTO public.private_chat_conversation VALUES (188, 125, '', '2023-07-19 10:15:09+05:30', 'active', 'unread', 130, 10);
INSERT INTO public.private_chat_conversation VALUES (189, 125, '', '2023-07-19 10:15:24+05:30', 'active', 'unread', 130, 10);
INSERT INTO public.private_chat_conversation VALUES (190, 125, '', '2023-07-19 10:15:37+05:30', 'active', 'unread', 130, 10);
INSERT INTO public.private_chat_conversation VALUES (191, 125, '', '2023-07-19 10:38:46+05:30', 'active', 'unread', 130, 10);
INSERT INTO public.private_chat_conversation VALUES (192, 125, '', '2023-07-19 10:44:08+05:30', 'active', 'unread', 130, 10);
INSERT INTO public.private_chat_conversation VALUES (193, 125, '', '2023-07-19 10:44:11+05:30', 'active', 'unread', 130, 10);
INSERT INTO public.private_chat_conversation VALUES (194, 125, 'Gggg
', '2023-07-19 11:00:40+05:30', 'active', 'unread', 130, 10);
INSERT INTO public.private_chat_conversation VALUES (195, 125, '', '2023-07-19 12:30:07+05:30', 'active', 'unread', 130, 10);
INSERT INTO public.private_chat_conversation VALUES (196, 125, '', '2023-07-19 12:30:10+05:30', 'active', 'unread', 130, 10);
INSERT INTO public.private_chat_conversation VALUES (197, 125, '', '2023-07-19 12:39:49+05:30', 'active', 'unread', 130, 10);
INSERT INTO public.private_chat_conversation VALUES (198, 125, '', '2023-07-19 12:40:06+05:30', 'active', 'unread', 130, 10);
INSERT INTO public.private_chat_conversation VALUES (199, 125, 'Fdxxd', '2023-07-19 12:42:10+05:30', 'active', 'unread', 130, 10);
INSERT INTO public.private_chat_conversation VALUES (200, 125, '', '2023-07-19 12:52:11+05:30', 'active', 'unread', 130, 10);
INSERT INTO public.private_chat_conversation VALUES (201, 125, '', '2023-07-19 12:54:33+05:30', 'active', 'unread', 130, 10);
INSERT INTO public.private_chat_conversation VALUES (202, 125, '', '2023-07-19 12:58:02+05:30', 'active', 'unread', 130, 10);
INSERT INTO public.private_chat_conversation VALUES (203, 125, '', '2023-07-19 12:58:17+05:30', 'active', 'unread', 130, 10);
INSERT INTO public.private_chat_conversation VALUES (204, 125, '', '2023-07-19 12:58:57+05:30', 'active', 'unread', 130, 10);
INSERT INTO public.private_chat_conversation VALUES (205, 125, '', '2023-07-20 09:17:16+05:30', 'active', 'unread', 130, 10);
INSERT INTO public.private_chat_conversation VALUES (206, 125, '', '2023-07-20 10:43:24+05:30', 'active', 'unread', 130, 10);
INSERT INTO public.private_chat_conversation VALUES (207, 125, '', '2023-07-20 10:43:36+05:30', 'active', 'unread', 130, 10);
INSERT INTO public.private_chat_conversation VALUES (208, 125, '', '2023-07-20 10:46:00+05:30', 'active', 'unread', 130, 10);
INSERT INTO public.private_chat_conversation VALUES (209, 125, '', '2023-07-20 10:46:37+05:30', 'active', 'unread', 130, 10);
INSERT INTO public.private_chat_conversation VALUES (210, 125, 'fdffdf', '2023-07-20 11:17:32+05:30', 'active', 'unread', 130, 10);
INSERT INTO public.private_chat_conversation VALUES (211, 125, '', '2023-07-20 11:17:38+05:30', 'active', 'unread', 130, 10);
INSERT INTO public.private_chat_conversation VALUES (212, 125, '', '2023-07-20 11:17:54+05:30', 'active', 'unread', 130, 10);
INSERT INTO public.private_chat_conversation VALUES (213, 125, '', '2023-07-20 11:29:56+05:30', 'active', 'unread', 130, 10);
INSERT INTO public.private_chat_conversation VALUES (214, 125, '', '2023-07-20 11:29:56+05:30', 'active', 'unread', 130, 10);
INSERT INTO public.private_chat_conversation VALUES (215, 125, '', '2023-07-20 12:46:39+05:30', 'active', 'unread', 130, 10);
INSERT INTO public.private_chat_conversation VALUES (216, 125, 'sfgsgsdgsg', '2023-07-20 13:13:09+05:30', 'active', 'unread', 130, 10);
INSERT INTO public.private_chat_conversation VALUES (217, 125, '', '2023-07-20 13:13:25+05:30', 'active', 'unread', 130, 10);
INSERT INTO public.private_chat_conversation VALUES (218, 125, '', '2023-07-20 14:27:37+05:30', 'active', 'unread', 130, 10);
INSERT INTO public.private_chat_conversation VALUES (219, 125, 'afafafafafafafafaf', '2023-07-20 14:27:52+05:30', 'active', 'unread', 130, 10);
INSERT INTO public.private_chat_conversation VALUES (220, 125, ' Ask
', '2023-07-20 14:28:49+05:30', 'active', 'unread', 130, 10);
INSERT INTO public.private_chat_conversation VALUES (221, 130, '', '2023-07-20 14:41:09+05:30', 'active', 'unread', 129, 12);
INSERT INTO public.private_chat_conversation VALUES (222, 130, '', '2023-07-20 14:47:39+05:30', 'active', 'unread', 127, 11);
INSERT INTO public.private_chat_conversation VALUES (223, 130, '', '2023-07-20 14:47:53+05:30', 'active', 'unread', 127, 11);
INSERT INTO public.private_chat_conversation VALUES (224, 130, '', '2023-07-20 14:48:36+05:30', 'active', 'unread', 127, 11);
INSERT INTO public.private_chat_conversation VALUES (225, 130, '', '2023-07-20 14:48:56+05:30', 'active', 'unread', 127, 11);
INSERT INTO public.private_chat_conversation VALUES (226, 130, '', '2023-07-20 14:48:57+05:30', 'active', 'unread', 127, 11);
INSERT INTO public.private_chat_conversation VALUES (227, 130, '', '2023-07-20 14:50:55+05:30', 'active', 'unread', 133, 13);
INSERT INTO public.private_chat_conversation VALUES (228, 130, '', '2023-07-20 14:51:16+05:30', 'active', 'unread', 133, 13);
INSERT INTO public.private_chat_conversation VALUES (229, 130, '', '2023-07-20 14:53:59+05:30', 'active', 'unread', 133, 13);
INSERT INTO public.private_chat_conversation VALUES (230, 130, '😁', '2023-07-20 15:01:58+05:30', 'active', 'unread', 133, 13);
INSERT INTO public.private_chat_conversation VALUES (231, 130, '', '2023-07-20 15:08:53+05:30', 'active', 'unread', 133, 13);
INSERT INTO public.private_chat_conversation VALUES (232, 130, '', '2023-07-20 15:09:05+05:30', 'active', 'unread', 133, 13);
INSERT INTO public.private_chat_conversation VALUES (233, 130, '', '2023-07-20 15:10:56+05:30', 'active', 'unread', 126, 9);
INSERT INTO public.private_chat_conversation VALUES (234, 130, '', '2023-07-20 15:11:02+05:30', 'active', 'unread', 126, 9);
INSERT INTO public.private_chat_conversation VALUES (235, 125, 'Hi Jamie 
', '2023-07-20 15:15:26+05:30', 'active', 'unread', 130, 10);
INSERT INTO public.private_chat_conversation VALUES (236, 125, '', '2023-07-20 15:15:58+05:30', 'active', 'unread', 130, 10);
INSERT INTO public.private_chat_conversation VALUES (237, 125, '', '2023-07-20 15:22:59+05:30', 'active', 'unread', 130, 10);
INSERT INTO public.private_chat_conversation VALUES (238, 130, 'Hi
', '2023-07-20 15:25:29+05:30', 'active', 'unread', 126, 9);
INSERT INTO public.private_chat_conversation VALUES (239, 130, 'How

', '2023-07-20 15:25:46+05:30', 'active', 'unread', 125, 10);
INSERT INTO public.private_chat_conversation VALUES (240, 125, 'I doubt it ', '2023-07-20 15:26:55+05:30', 'active', 'unread', 130, 10);
INSERT INTO public.private_chat_conversation VALUES (241, 125, ' Anyway thanks ', '2023-07-20 15:27:05+05:30', 'active', 'unread', 130, 10);
INSERT INTO public.private_chat_conversation VALUES (242, 125, ' Hopefully it will work ', '2023-07-20 15:27:19+05:30', 'active', 'unread', 130, 10);
INSERT INTO public.private_chat_conversation VALUES (243, 130, 'Hopefully', '2023-07-20 15:27:36+05:30', 'active', 'unread', 125, 10);
INSERT INTO public.private_chat_conversation VALUES (244, 130, '', '2023-07-20 15:27:56+05:30', 'active', 'unread', 125, 10);
INSERT INTO public.private_chat_conversation VALUES (245, 130, '', '2023-07-20 15:43:57+05:30', 'active', 'unread', 125, 10);
INSERT INTO public.private_chat_conversation VALUES (246, 130, 'dsdsdsds
', '2023-07-20 15:44:16+05:30', 'active', 'unread', 125, 10);
INSERT INTO public.private_chat_conversation VALUES (247, 130, '', '2023-07-20 16:10:10+05:30', 'active', 'unread', 127, 11);
INSERT INTO public.private_chat_conversation VALUES (248, 130, '', '2023-07-20 16:13:52+05:30', 'active', 'unread', 129, 12);
INSERT INTO public.private_chat_conversation VALUES (249, 130, '', '2023-07-20 16:17:44+05:30', 'active', 'unread', 127, 11);
INSERT INTO public.private_chat_conversation VALUES (250, 130, '', '2023-07-20 16:18:10+05:30', 'active', 'unread', 129, 12);
INSERT INTO public.private_chat_conversation VALUES (251, 125, '', '2023-07-20 16:48:11+05:30', 'active', 'unread', 130, 10);
INSERT INTO public.private_chat_conversation VALUES (252, 125, '', '2023-07-20 16:48:29+05:30', 'active', 'unread', 130, 10);
INSERT INTO public.private_chat_conversation VALUES (253, 130, '', '2023-07-21 16:33:01+05:30', 'active', 'unread', 127, 11);
INSERT INTO public.private_chat_conversation VALUES (254, 130, '', '2023-07-21 16:33:51+05:30', 'active', 'unread', 129, 12);
INSERT INTO public.private_chat_conversation VALUES (255, 130, '', '2023-07-21 16:34:03+05:30', 'active', 'unread', 129, 12);
INSERT INTO public.private_chat_conversation VALUES (256, 130, 'dsfsv', '2023-07-24 12:19:45+05:30', 'active', 'unread', 125, 15);
INSERT INTO public.private_chat_conversation VALUES (257, 130, '', '2023-07-24 12:20:22+05:30', 'active', 'unread', 125, 15);
INSERT INTO public.private_chat_conversation VALUES (258, 130, '', '2023-07-24 12:20:52+05:30', 'active', 'unread', 125, 15);
INSERT INTO public.private_chat_conversation VALUES (259, 130, '', '2023-07-24 12:21:07+05:30', 'active', 'unread', 125, 15);
INSERT INTO public.private_chat_conversation VALUES (260, 130, '', '2023-07-24 12:21:19+05:30', 'active', 'unread', 125, 15);
INSERT INTO public.private_chat_conversation VALUES (261, 130, 'hai', '2023-07-24 12:22:18+05:30', 'active', 'unread', 125, 15);
INSERT INTO public.private_chat_conversation VALUES (262, 125, 'Hi', '2023-07-24 12:32:02+05:30', 'active', 'unread', 130, 10);
INSERT INTO public.private_chat_conversation VALUES (263, 130, 'fghf', '2023-07-24 16:01:16+05:30', 'active', 'unread', 127, 11);
INSERT INTO public.private_chat_conversation VALUES (264, 130, '', '2023-07-24 16:01:27+05:30', 'active', 'unread', 127, 11);
INSERT INTO public.private_chat_conversation VALUES (265, 125, '', '2023-07-24 16:14:27+05:30', 'active', 'unread', 130, 10);
INSERT INTO public.private_chat_conversation VALUES (266, 130, 'dgadgaga
', '2023-07-24 16:34:57+05:30', 'active', 'unread', 127, 11);
INSERT INTO public.private_chat_conversation VALUES (267, 125, '', '2023-07-25 11:31:17+05:30', 'active', 'unread', 130, 10);
INSERT INTO public.private_chat_conversation VALUES (268, 125, '', '2023-07-25 11:31:39+05:30', 'active', 'unread', 130, 10);
INSERT INTO public.private_chat_conversation VALUES (269, 125, '', '2023-07-25 11:32:21+05:30', 'active', 'unread', 130, 10);
INSERT INTO public.private_chat_conversation VALUES (270, 130, '', '2023-07-25 11:36:41+05:30', 'active', 'unread', 125, 15);
INSERT INTO public.private_chat_conversation VALUES (271, 125, '', '2023-07-25 11:36:52+05:30', 'active', 'unread', 130, 10);
INSERT INTO public.private_chat_conversation VALUES (272, 125, '', '2023-07-25 11:40:35+05:30', 'active', 'unread', 130, 10);
INSERT INTO public.private_chat_conversation VALUES (273, 130, '', '2023-07-25 11:48:21+05:30', 'active', 'unread', 125, 15);
INSERT INTO public.private_chat_conversation VALUES (274, 130, '', '2023-07-25 11:48:37+05:30', 'active', 'unread', 125, 15);
INSERT INTO public.private_chat_conversation VALUES (275, 130, '', '2023-07-25 11:49:15+05:30', 'active', 'unread', 125, 15);
INSERT INTO public.private_chat_conversation VALUES (276, 130, '', '2023-07-25 12:05:34+05:30', 'active', 'unread', 127, 11);
INSERT INTO public.private_chat_conversation VALUES (277, 130, '', '2023-07-25 12:05:49+05:30', 'active', 'unread', 127, 11);
INSERT INTO public.private_chat_conversation VALUES (278, 130, '', '2023-07-25 12:07:24+05:30', 'active', 'unread', 127, 11);
INSERT INTO public.private_chat_conversation VALUES (279, 130, '', '2023-07-25 12:07:41+05:30', 'active', 'unread', 127, 11);
INSERT INTO public.private_chat_conversation VALUES (280, 130, '', '2023-07-25 12:09:05+05:30', 'active', 'unread', 125, 15);
INSERT INTO public.private_chat_conversation VALUES (281, 130, '', '2023-07-25 12:09:33+05:30', 'active', 'unread', 125, 15);
INSERT INTO public.private_chat_conversation VALUES (282, 130, '', '2023-07-25 12:10:50+05:30', 'active', 'unread', 125, 15);
INSERT INTO public.private_chat_conversation VALUES (283, 130, '', '2023-07-25 12:15:56+05:30', 'active', 'unread', 127, 11);
INSERT INTO public.private_chat_conversation VALUES (284, 130, '', '2023-07-25 12:16:57+05:30', 'active', 'unread', 133, 13);
INSERT INTO public.private_chat_conversation VALUES (285, 130, '', '2023-07-25 12:19:08+05:30', 'active', 'unread', 127, 11);
INSERT INTO public.private_chat_conversation VALUES (286, 130, '', '2023-07-25 12:19:19+05:30', 'active', 'unread', 127, 11);
INSERT INTO public.private_chat_conversation VALUES (287, 130, '', '2023-07-25 12:20:24+05:30', 'active', 'unread', 127, 11);
INSERT INTO public.private_chat_conversation VALUES (288, 130, '', '2023-07-25 12:21:13+05:30', 'active', 'unread', 127, 11);
INSERT INTO public.private_chat_conversation VALUES (289, 130, '', '2023-07-25 12:29:52+05:30', 'active', 'unread', 125, 15);
INSERT INTO public.private_chat_conversation VALUES (290, 130, '', '2023-07-25 12:30:05+05:30', 'active', 'unread', 125, 15);
INSERT INTO public.private_chat_conversation VALUES (291, 130, '', '2023-07-25 12:30:30+05:30', 'active', 'unread', 125, 15);
INSERT INTO public.private_chat_conversation VALUES (292, 130, '', '2023-07-25 12:31:18+05:30', 'active', 'unread', 125, 15);
INSERT INTO public.private_chat_conversation VALUES (293, 130, '', '2023-07-25 12:32:10+05:30', 'active', 'unread', 125, 15);
INSERT INTO public.private_chat_conversation VALUES (294, 130, '', '2023-07-25 12:32:49+05:30', 'active', 'unread', 125, 15);
INSERT INTO public.private_chat_conversation VALUES (295, 130, '', '2023-07-25 12:34:43+05:30', 'active', 'unread', 125, 15);
INSERT INTO public.private_chat_conversation VALUES (296, 130, '', '2023-07-25 12:35:56+05:30', 'active', 'unread', 125, 15);
INSERT INTO public.private_chat_conversation VALUES (297, 130, '', '2023-07-25 12:39:58+05:30', 'active', 'unread', 125, 15);
INSERT INTO public.private_chat_conversation VALUES (298, 130, '', '2023-07-25 12:40:12+05:30', 'active', 'unread', 125, 15);
INSERT INTO public.private_chat_conversation VALUES (299, 130, '', '2023-07-25 14:11:22+05:30', 'active', 'unread', 129, 12);
INSERT INTO public.private_chat_conversation VALUES (300, 130, '', '2023-07-25 16:03:46+05:30', 'active', 'unread', 127, 11);
INSERT INTO public.private_chat_conversation VALUES (301, 130, '', '2023-07-25 16:04:21+05:30', 'active', 'unread', 127, 11);
INSERT INTO public.private_chat_conversation VALUES (302, 130, '', '2023-07-25 16:04:37+05:30', 'active', 'unread', 127, 11);
INSERT INTO public.private_chat_conversation VALUES (303, 130, '', '2023-07-25 16:05:46+05:30', 'active', 'unread', 127, 11);
INSERT INTO public.private_chat_conversation VALUES (304, 166, 'Hi', '2023-08-08 14:39:10+05:30', 'active', 'unread', 125, 16);
INSERT INTO public.private_chat_conversation VALUES (305, 125, 'hi', '2023-08-08 16:09:16+05:30', 'active', 'unread', 166, 16);
INSERT INTO public.private_chat_conversation VALUES (306, 125, 'Hi', '2023-08-08 16:10:35+05:30', 'active', 'unread', 166, 16);
INSERT INTO public.private_chat_conversation VALUES (307, 166, 'Hi', '2023-08-08 16:28:04+05:30', 'active', 'unread', 125, 16);
INSERT INTO public.private_chat_conversation VALUES (308, 125, 'hi', '2023-08-08 16:55:31+05:30', 'active', 'unread', 200, 17);
INSERT INTO public.private_chat_conversation VALUES (309, 166, 'hi', '2023-08-08 17:42:02+05:30', 'active', 'unread', 127, 18);
INSERT INTO public.private_chat_conversation VALUES (310, 127, 'hi', '2023-08-08 17:47:40+05:30', 'active', 'unread', 166, 18);
INSERT INTO public.private_chat_conversation VALUES (311, 125, '', '2023-08-09 10:54:29+05:30', 'active', 'unread', 200, 17);
INSERT INTO public.private_chat_conversation VALUES (312, 125, '', '2023-08-09 10:55:05+05:30', 'active', 'unread', 200, 17);
INSERT INTO public.private_chat_conversation VALUES (313, 125, 'Hi', '2023-08-09 10:56:35+05:30', 'active', 'unread', 130, 10);
INSERT INTO public.private_chat_conversation VALUES (314, 125, 'Hi', '2023-08-09 10:59:42+05:30', 'active', 'unread', 130, 15);
INSERT INTO public.private_chat_conversation VALUES (315, 125, 'Hi', '2023-08-09 11:00:31+05:30', 'active', 'unread', 166, 16);
INSERT INTO public.private_chat_conversation VALUES (316, 125, '', '2023-08-09 11:01:36+05:30', 'active', 'unread', 166, 16);
INSERT INTO public.private_chat_conversation VALUES (317, 125, '', '2023-08-09 11:03:57+05:30', 'active', 'unread', 166, 16);
INSERT INTO public.private_chat_conversation VALUES (318, 125, '', '2023-08-09 11:21:55+05:30', 'active', 'unread', 166, 16);
INSERT INTO public.private_chat_conversation VALUES (319, 125, '', '2023-08-09 11:22:39+05:30', 'active', 'unread', 130, 15);
INSERT INTO public.private_chat_conversation VALUES (320, 125, '', '2023-08-09 11:24:51+05:30', 'active', 'unread', 130, 15);
INSERT INTO public.private_chat_conversation VALUES (323, 166, '', '2023-08-18 17:09:17+05:30', 'active', 'unread', 127, 18);


--
-- Data for Name: private_chat_files; Type: TABLE DATA; Schema: public; Owner: postgres
--

INSERT INTO public.private_chat_files VALUES (1, NULL, NULL, '2023-06-04 12:07:45+05:30', 'unread', 14, NULL, 5);
INSERT INTO public.private_chat_files VALUES (2, NULL, NULL, '2023-06-04 12:08:01+05:30', 'unread', 15, NULL, 5);
INSERT INTO public.private_chat_files VALUES (3, 'http://localhost:7777/public/private-chat/1685861884269amazing.jpg', 'amazing.jpg', '2023-06-04 12:28:04+05:30', 'unread', 16, 'image/jpeg', 5);
INSERT INTO public.private_chat_files VALUES (4, 'http://203.129.225.99:7777/public/private-chat/1687243500781rn_image_picker_lib_temp_e07ccd91-2c6f-46ce-aa6d-de2025112b19.jpg', 'rn_image_picker_lib_temp_e07ccd91-2c6f-46ce-aa6d-de2025112b19.jpg', '2023-06-20 12:15:00+05:30', 'unread', 64, 'image/jpeg', 9);
INSERT INTO public.private_chat_files VALUES (5, 'http://203.129.225.99:7777/public/private-chat/1687244343009rn_image_picker_lib_temp_edec8bec-fb92-418b-95ac-383965e6df62.jpg', 'rn_image_picker_lib_temp_edec8bec-fb92-418b-95ac-383965e6df62.jpg', '2023-06-20 12:29:03+05:30', 'unread', 66, 'image/jpeg', 9);
INSERT INTO public.private_chat_files VALUES (6, 'http://203.129.225.99:7777/public/private-chat/1687244503681rn_image_picker_lib_temp_6be0d51b-aba7-432d-8840-6e42127aabff.jpg', 'rn_image_picker_lib_temp_6be0d51b-aba7-432d-8840-6e42127aabff.jpg', '2023-06-20 12:31:43+05:30', 'unread', 67, 'image/jpeg', 9);
INSERT INTO public.private_chat_files VALUES (7, 'http://203.129.225.99:7777/public/private-chat/1687244533538rn_image_picker_lib_temp_862a1051-e4bc-4969-be70-f9e41a254dfd.jpg', 'rn_image_picker_lib_temp_862a1051-e4bc-4969-be70-f9e41a254dfd.jpg', '2023-06-20 12:32:13+05:30', 'unread', 69, 'image/jpeg', 9);
INSERT INTO public.private_chat_files VALUES (8, 'http://203.129.225.99:7777/public/private-chat/1687265869359rn_image_picker_lib_temp_798b3dd3-ba98-4c1e-943b-415e62e39b93.jpg', 'rn_image_picker_lib_temp_798b3dd3-ba98-4c1e-943b-415e62e39b93.jpg', '2023-06-20 18:27:49+05:30', 'unread', 78, 'image/jpeg', 10);
INSERT INTO public.private_chat_files VALUES (9, 'http://203.129.225.99:7777/public/private-chat/1687266333833rn_image_picker_lib_temp_1425a456-e133-4a18-a8de-2e773292f5ff.jpg', 'rn_image_picker_lib_temp_1425a456-e133-4a18-a8de-2e773292f5ff.jpg', '2023-06-20 18:35:33+05:30', 'unread', 85, 'image/jpeg', 10);
INSERT INTO public.private_chat_files VALUES (10, 'http://203.129.225.99:7777/public/private-chat/1687266387472rn_image_picker_lib_temp_a28179c1-35ff-4273-83f0-930daf979045.jpg', 'rn_image_picker_lib_temp_a28179c1-35ff-4273-83f0-930daf979045.jpg', '2023-06-20 18:36:27+05:30', 'unread', 88, 'image/jpeg', 10);
INSERT INTO public.private_chat_files VALUES (11, 'http://203.129.225.99:7777/public/private-chat/1687515053666rn_image_picker_lib_temp_5b192555-d638-4fa9-856f-db8d8f794892.jpg', 'rn_image_picker_lib_temp_5b192555-d638-4fa9-856f-db8d8f794892.jpg', '2023-06-23 15:40:53+05:30', 'unread', 95, 'image/jpeg', 10);
INSERT INTO public.private_chat_files VALUES (12, 'http://203.129.225.99:7777/public/private-chat/1687953168921094c4a0f-7189-481f-95a9-30d118734019.jpg', '094C4A0F-7189-481F-95A9-30D118734019.jpg', '2023-06-28 17:22:48+05:30', 'unread', 98, 'image/jpeg', 14);
INSERT INTO public.private_chat_files VALUES (13, 'http://203.129.225.99:7777/public/private-chat/1688366662106rn_image_picker_lib_temp_97908ee7-7577-4ab4-9a17-80f1bc7f2e9a.jpg', 'rn_image_picker_lib_temp_97908ee7-7577-4ab4-9a17-80f1bc7f2e9a.jpg', '2023-07-03 12:14:25+05:30', 'unread', 100, 'image/jpeg', 14);
INSERT INTO public.private_chat_files VALUES (14, 'http://203.129.225.99:7777/public/private-chat/1688375971742screenshot-2023-07-03-at-2.49.18-pm.png', 'Screenshot 2023-07-03 at 2.49.18 PM.png', '2023-07-03 14:49:31+05:30', 'unread', 101, 'image/png', 10);
INSERT INTO public.private_chat_files VALUES (15, 'http://203.129.225.99:7777/public/private-chat/1689662969508rn_image_picker_lib_temp_206de484-9e37-4c9b-85a2-1847ebd69307.jpg', 'rn_image_picker_lib_temp_206de484-9e37-4c9b-85a2-1847ebd69307.jpg', '2023-07-18 12:19:32+05:30', 'unread', 118, 'image/jpeg', 13);
INSERT INTO public.private_chat_files VALUES (16, 'http://203.129.225.99:7777/public/private-chat/1689667615512rn_image_picker_lib_temp_9b08b487-052e-47f6-83f4-fd31d160a7bf.jpg', 'rn_image_picker_lib_temp_9b08b487-052e-47f6-83f4-fd31d160a7bf.jpg', '2023-07-18 13:37:01+05:30', 'unread', 129, 'image/jpeg', 13);
INSERT INTO public.private_chat_files VALUES (17, 'http://203.129.225.99:7777/public/private-chat/1689668299177rn_image_picker_lib_temp_327c827c-a2fd-4a3e-8609-4b81bacae442.jpg', 'rn_image_picker_lib_temp_327c827c-a2fd-4a3e-8609-4b81bacae442.jpg', '2023-07-18 13:48:23+05:30', 'unread', 133, 'image/jpeg', 13);
INSERT INTO public.private_chat_files VALUES (18, 'http://203.129.225.99:7777/public/private-chat/1689671630058rn_image_picker_lib_temp_27b11dc0-a00e-468e-9e22-543e1a2c74d3.jpg', 'rn_image_picker_lib_temp_27b11dc0-a00e-468e-9e22-543e1a2c74d3.jpg', '2023-07-18 14:43:51+05:30', 'unread', 137, 'image/jpeg', 13);
INSERT INTO public.private_chat_files VALUES (19, 'http://203.129.225.99:7777/public/private-chat/1689671675978rn_image_picker_lib_temp_85e075ca-3b2c-488f-931f-b605c9a7d537.jpg', 'rn_image_picker_lib_temp_85e075ca-3b2c-488f-931f-b605c9a7d537.jpg', '2023-07-18 14:44:37+05:30', 'unread', 141, 'image/jpeg', 13);
INSERT INTO public.private_chat_files VALUES (20, 'http://203.129.225.99:7777/public/private-chat/1689671893385rn_image_picker_lib_temp_172a828f-68e1-4598-aa7c-ca669ddb0b3c.jpg', 'rn_image_picker_lib_temp_172a828f-68e1-4598-aa7c-ca669ddb0b3c.jpg', '2023-07-18 14:48:14+05:30', 'unread', 142, 'image/jpeg', 13);
INSERT INTO public.private_chat_files VALUES (21, 'http://203.129.225.99:7777/public/private-chat/1689671903185rn_image_picker_lib_temp_d474fa3d-fe74-4c22-a48a-7e86e5d09178.jpg', 'rn_image_picker_lib_temp_d474fa3d-fe74-4c22-a48a-7e86e5d09178.jpg', '2023-07-18 14:48:28+05:30', 'unread', 143, 'image/jpeg', 13);
INSERT INTO public.private_chat_files VALUES (22, 'http://203.129.225.99:7777/public/private-chat/1689672896783rn_image_picker_lib_temp_62b69697-5f4c-4ac8-98ee-28b4569a9781.jpg', 'rn_image_picker_lib_temp_62b69697-5f4c-4ac8-98ee-28b4569a9781.jpg', '2023-07-18 15:04:59+05:30', 'unread', 144, 'image/jpeg', 13);
INSERT INTO public.private_chat_files VALUES (23, 'http://203.129.225.99:7777/public/private-chat/1689674351093rn_image_picker_lib_temp_e0ce5178-a7af-4c72-8223-032da65bda5a.jpg', 'rn_image_picker_lib_temp_e0ce5178-a7af-4c72-8223-032da65bda5a.jpg', '2023-07-18 15:29:19+05:30', 'unread', 145, 'image/jpeg', 10);
INSERT INTO public.private_chat_files VALUES (24, 'http://203.129.225.99:7777/public/private-chat/1689675641571rn_image_picker_lib_temp_74c6d970-17aa-4965-827b-53400923d96f.jpg', 'rn_image_picker_lib_temp_74c6d970-17aa-4965-827b-53400923d96f.jpg', '2023-07-18 15:50:42+05:30', 'unread', 146, 'image/jpeg', 10);
INSERT INTO public.private_chat_files VALUES (25, 'http://203.129.225.99:7777/public/private-chat/1689681818941rn_image_picker_lib_temp_fb02321c-4683-4651-a29d-c7ec47b49231.jpg', 'rn_image_picker_lib_temp_fb02321c-4683-4651-a29d-c7ec47b49231.jpg', '2023-07-18 17:33:40+05:30', 'unread', 147, 'image/jpeg', 10);
INSERT INTO public.private_chat_files VALUES (26, 'http://203.129.225.99:7777/public/private-chat/1689684184332rn_image_picker_lib_temp_c59e7f48-6864-4129-bd8d-415c088593b3.jpg', 'rn_image_picker_lib_temp_c59e7f48-6864-4129-bd8d-415c088593b3.jpg', '2023-07-18 18:13:05+05:30', 'unread', 151, 'image/jpeg', 10);
INSERT INTO public.private_chat_files VALUES (27, 'http://203.129.225.99:7777/public/private-chat/1689685102075rn_image_picker_lib_temp_140e2610-4128-4781-a3f2-d52ae27306c3.jpg', 'rn_image_picker_lib_temp_140e2610-4128-4781-a3f2-d52ae27306c3.jpg', '2023-07-18 18:28:23+05:30', 'unread', 152, 'image/jpeg', 10);
INSERT INTO public.private_chat_files VALUES (28, 'http://203.129.225.99:7777/public/private-chat/1689686314214rn_image_picker_lib_temp_01b4057f-98ff-4f78-a990-9665b33ece95.jpg', 'rn_image_picker_lib_temp_01b4057f-98ff-4f78-a990-9665b33ece95.jpg', '2023-07-18 18:48:38+05:30', 'unread', 156, 'image/jpeg', 10);
INSERT INTO public.private_chat_files VALUES (29, 'http://localhost:3000/public/private-chat/easy-lifestyle-137766.mp3', 'easy-lifestyle-137766.mp3', '2023-07-18 18:48:51+05:30', 'unread', 158, 'audio/mpeg', 10);
INSERT INTO public.private_chat_files VALUES (30, 'http://203.129.225.99:7777/public/private-chat/1689686331372rn_image_picker_lib_temp_70c33c94-d0a8-4d39-8a19-553ad87c08ac.jpg', 'rn_image_picker_lib_temp_70c33c94-d0a8-4d39-8a19-553ad87c08ac.jpg', '2023-07-18 18:48:52+05:30', 'unread', 159, 'image/jpeg', 10);
INSERT INTO public.private_chat_files VALUES (31, 'http://203.129.225.99:3000/public/private-chat/easy-lifestyle-137766.mp3', 'easy-lifestyle-137766.mp3', '2023-07-18 19:07:52+05:30', 'unread', 160, 'audio/mpeg', 10);
INSERT INTO public.private_chat_files VALUES (32, 'http://203.129.225.99:3000/public/private-chat/easy-lifestyle-137766.mp3', 'easy-lifestyle-137766.mp3', '2023-07-18 19:33:16+05:30', 'unread', 161, 'audio/mpeg', 10);
INSERT INTO public.private_chat_files VALUES (33, 'http://203.129.225.99:3000/public/private-chat/rn_image_picker_lib_temp_0e30dddc-bf1f-4d6b-b95e-b3dc8546c800.jpg', 'rn_image_picker_lib_temp_0e30dddc-bf1f-4d6b-b95e-b3dc8546c800.jpg', '2023-07-18 19:41:22+05:30', 'unread', 165, 'image/jpeg', 10);
INSERT INTO public.private_chat_files VALUES (34, 'http://203.129.225.99:3000/public/private-chat/rn_image_picker_lib_temp_26dfd02e-e3fd-48d3-8221-227bf937fbaf.jpg', 'rn_image_picker_lib_temp_26dfd02e-e3fd-48d3-8221-227bf937fbaf.jpg', '2023-07-19 09:24:00+05:30', 'unread', 169, 'image/jpeg', 10);
INSERT INTO public.private_chat_files VALUES (35, 'http://203.129.225.99:3000/public/private-chat/rn_image_picker_lib_temp_ff89b800-ca98-4a43-b254-30b60849599f.jpg', 'rn_image_picker_lib_temp_ff89b800-ca98-4a43-b254-30b60849599f.jpg', '2023-07-19 09:27:03+05:30', 'unread', 172, 'image/jpeg', 10);
INSERT INTO public.private_chat_files VALUES (36, 'http://203.129.225.99:3000/public/private-chat/m4a', 'm4a', '2023-07-19 09:51:58+05:30', 'unread', 175, 'audio/m4a', 10);
INSERT INTO public.private_chat_files VALUES (37, 'http://203.129.225.99:3000/public/private-chat/m4a', 'm4a', '2023-07-19 09:52:46+05:30', 'unread', 176, 'audio/m4a', 10);
INSERT INTO public.private_chat_files VALUES (38, 'http://203.129.225.99:3000/public/private-chat/rn_image_picker_lib_temp_b97b3c86-c777-4be0-94cd-6a5d27fbcbc6.jpg', 'rn_image_picker_lib_temp_b97b3c86-c777-4be0-94cd-6a5d27fbcbc6.jpg', '2023-07-19 09:55:10+05:30', 'unread', 178, 'image/jpeg', 10);
INSERT INTO public.private_chat_files VALUES (39, 'http://203.129.225.99:3000/public/private-chat/m4a', 'm4a', '2023-07-19 09:55:23+05:30', 'unread', 179, 'audio/m4a', 10);
INSERT INTO public.private_chat_files VALUES (40, 'http://203.129.225.99:3000/public/private-chat/m4a', 'm4a', '2023-07-19 09:59:40+05:30', 'unread', 180, 'audio/m4a', 10);
INSERT INTO public.private_chat_files VALUES (41, 'http://203.129.225.99:3000/public/private-chat/m4a', 'm4a', '2023-07-19 10:05:00+05:30', 'unread', 181, 'audio/m4a', 10);
INSERT INTO public.private_chat_files VALUES (42, 'http://203.129.225.99:3000/public/private-chat/m4a', 'm4a', '2023-07-19 10:05:37+05:30', 'unread', 182, 'audio/m4a', 10);
INSERT INTO public.private_chat_files VALUES (43, 'http://203.129.225.99:3000/public/private-chat/rn_image_picker_lib_temp_07f82f3e-790c-470e-aff9-0a8e7ffd642b.jpg', 'rn_image_picker_lib_temp_07f82f3e-790c-470e-aff9-0a8e7ffd642b.jpg', '2023-07-19 10:08:07+05:30', 'unread', 183, 'image/jpeg', 10);
INSERT INTO public.private_chat_files VALUES (44, 'http://203.129.225.99:3000/public/private-chat/m4a', 'm4a', '2023-07-19 10:09:31+05:30', 'unread', 184, 'audio/m4a', 10);
INSERT INTO public.private_chat_files VALUES (45, 'http://203.129.225.99:3000/public/private-chat/rn_image_picker_lib_temp_7f08bf9f-cc6e-4045-9d5e-b03dac163b26.jpg', 'rn_image_picker_lib_temp_7f08bf9f-cc6e-4045-9d5e-b03dac163b26.jpg', '2023-07-19 10:10:48+05:30', 'unread', 185, 'image/jpeg', 10);
INSERT INTO public.private_chat_files VALUES (46, 'http://203.129.225.99:3000/public/private-chat/rn_image_picker_lib_temp_fa54714a-2fa2-4302-8f71-c03bf11cd7f4.jpg', 'rn_image_picker_lib_temp_fa54714a-2fa2-4302-8f71-c03bf11cd7f4.jpg', '2023-07-19 10:11:06+05:30', 'unread', 186, 'image/jpeg', 10);
INSERT INTO public.private_chat_files VALUES (47, 'http://203.129.225.99:3000/public/private-chat/m4a', 'm4a', '2023-07-19 10:14:54+05:30', 'unread', 187, 'audio/m4a', 10);
INSERT INTO public.private_chat_files VALUES (48, 'http://203.129.225.99:3000/public/private-chat/m4a', 'm4a', '2023-07-19 10:15:09+05:30', 'unread', 188, 'audio/m4a', 10);
INSERT INTO public.private_chat_files VALUES (49, 'http://203.129.225.99:3000/public/private-chat/m4a', 'm4a', '2023-07-19 10:15:24+05:30', 'unread', 189, 'audio/m4a', 10);
INSERT INTO public.private_chat_files VALUES (50, 'http://203.129.225.99:3000/public/private-chat/m4a', 'm4a', '2023-07-19 10:15:37+05:30', 'unread', 190, 'audio/m4a', 10);
INSERT INTO public.private_chat_files VALUES (51, 'http://203.129.225.99:3000/public/private-chat/m4a', 'm4a', '2023-07-19 10:38:46+05:30', 'unread', 191, 'audio/m4a', 10);
INSERT INTO public.private_chat_files VALUES (52, 'http://203.129.225.99:3000/public/private-chat/m4a', 'm4a', '2023-07-19 10:44:08+05:30', 'unread', 192, 'audio/m4a', 10);
INSERT INTO public.private_chat_files VALUES (53, 'http://203.129.225.99:3000/public/private-chat/m4a', 'm4a', '2023-07-19 10:44:11+05:30', 'unread', 193, 'audio/m4a', 10);
INSERT INTO public.private_chat_files VALUES (54, 'http://203.129.225.99:3000/public/private-chat/rn_image_picker_lib_temp_19167cfc-2c0f-452d-8bc7-eac691b16b47.jpg', 'rn_image_picker_lib_temp_19167cfc-2c0f-452d-8bc7-eac691b16b47.jpg', '2023-07-19 12:30:07+05:30', 'unread', 195, 'image/jpeg', 10);
INSERT INTO public.private_chat_files VALUES (55, 'http://203.129.225.99:3000/public/private-chat/rn_image_picker_lib_temp_a4d73134-8841-47f4-b952-4c61ddcbf023.jpg', 'rn_image_picker_lib_temp_a4d73134-8841-47f4-b952-4c61ddcbf023.jpg', '2023-07-19 12:30:10+05:30', 'unread', 196, 'image/jpeg', 10);
INSERT INTO public.private_chat_files VALUES (56, 'http://203.129.225.99:3000/public/private-chat/rn_image_picker_lib_temp_f8c59556-10f7-4d0b-b4b6-3c9289d9cb77.jpg', 'rn_image_picker_lib_temp_f8c59556-10f7-4d0b-b4b6-3c9289d9cb77.jpg', '2023-07-19 12:39:49+05:30', 'unread', 197, 'image/jpeg', 10);
INSERT INTO public.private_chat_files VALUES (57, 'http://203.129.225.99:3000/public/private-chat/m4a', 'm4a', '2023-07-19 12:40:06+05:30', 'unread', 198, 'audio/m4a', 10);
INSERT INTO public.private_chat_files VALUES (58, 'http://203.129.225.99:3000/public/private-chat/m4a', 'm4a', '2023-07-19 12:52:11+05:30', 'unread', 200, 'audio/m4a', 10);
INSERT INTO public.private_chat_files VALUES (59, 'http://203.129.225.99:3000/public/private-chat/m4a', 'm4a', '2023-07-19 12:54:33+05:30', 'unread', 201, 'audio/m4a', 10);
INSERT INTO public.private_chat_files VALUES (60, 'http://203.129.225.99:3000/public/private-chat/m4a', 'm4a', '2023-07-19 12:58:03+05:30', 'unread', 202, 'audio/m4a', 10);
INSERT INTO public.private_chat_files VALUES (61, 'http://203.129.225.99:3000/public/private-chat/m4a', 'm4a', '2023-07-19 12:58:17+05:30', 'unread', 203, 'audio/m4a', 10);
INSERT INTO public.private_chat_files VALUES (62, 'http://203.129.225.99:3000/public/private-chat/m4a', 'm4a', '2023-07-19 12:58:57+05:30', 'unread', 204, 'audio/m4a', 10);
INSERT INTO public.private_chat_files VALUES (63, 'http://203.129.225.99:3000/public/private-chat/m4a', 'm4a', '2023-07-20 09:17:17+05:30', 'unread', 205, 'audio/m4a', 10);
INSERT INTO public.private_chat_files VALUES (64, 'http://203.129.225.99:3000/public/private-chat/m4a', 'm4a', '2023-07-20 10:43:24+05:30', 'unread', 206, 'audio/m4a', 10);
INSERT INTO public.private_chat_files VALUES (65, 'http://203.129.225.99:3000/public/private-chat/rn_image_picker_lib_temp_b2c0537b-a41a-48e3-8dfb-ea0df666ee9e.jpg', 'rn_image_picker_lib_temp_b2c0537b-a41a-48e3-8dfb-ea0df666ee9e.jpg', '2023-07-20 10:43:36+05:30', 'unread', 207, 'image/jpeg', 10);
INSERT INTO public.private_chat_files VALUES (66, 'http://203.129.225.99:3000/public/private-chat/m4a', 'm4a', '2023-07-20 10:46:00+05:30', 'unread', 208, 'audio/m4a', 10);
INSERT INTO public.private_chat_files VALUES (67, 'http://203.129.225.99:3000/public/private-chat/m4a', 'm4a', '2023-07-20 10:46:37+05:30', 'unread', 209, 'audio/m4a', 10);
INSERT INTO public.private_chat_files VALUES (68, 'http://203.129.225.99:3000/public/private-chat/rn_image_picker_lib_temp_68cc8019-bfeb-4dcc-b07d-a86cb6ee3afd.jpg', 'rn_image_picker_lib_temp_68cc8019-bfeb-4dcc-b07d-a86cb6ee3afd.jpg', '2023-07-20 11:17:38+05:30', 'unread', 211, 'image/jpeg', 10);
INSERT INTO public.private_chat_files VALUES (69, 'http://203.129.225.99:3000/public/private-chat/m4a', 'm4a', '2023-07-20 11:17:54+05:30', 'unread', 212, 'audio/m4a', 10);
INSERT INTO public.private_chat_files VALUES (70, 'http://203.129.225.99:3000/public/private-chat/m4a', 'm4a', '2023-07-20 11:29:56+05:30', 'unread', 213, 'audio/m4a', 10);
INSERT INTO public.private_chat_files VALUES (71, 'http://203.129.225.99:3000/public/private-chat/m4a', 'm4a', '2023-07-20 11:29:56+05:30', 'unread', 214, 'audio/m4a', 10);
INSERT INTO public.private_chat_files VALUES (72, 'http://203.129.225.99:3000/public/private-chat/rn_image_picker_lib_temp_46bb4598-1fff-4b15-8106-d74691d9ebe4.jpg', 'rn_image_picker_lib_temp_46bb4598-1fff-4b15-8106-d74691d9ebe4.jpg', '2023-07-20 12:46:39+05:30', 'unread', 215, 'image/jpeg', 10);
INSERT INTO public.private_chat_files VALUES (73, 'http://203.129.225.99:3000/public/private-chat/m4a', 'm4a', '2023-07-20 13:13:25+05:30', 'unread', 217, 'audio/m4a', 10);
INSERT INTO public.private_chat_files VALUES (74, 'http://203.129.225.99:3000/public/private-chat/m4a', 'm4a', '2023-07-20 14:27:37+05:30', 'unread', 218, 'audio/m4a', 10);
INSERT INTO public.private_chat_files VALUES (75, 'http://203.129.225.99:3000/public/private-chat/m4a', 'm4a', '2023-07-20 14:41:09+05:30', 'unread', 221, 'audio/m4a', 12);
INSERT INTO public.private_chat_files VALUES (76, 'http://203.129.225.99:3000/public/private-chat/rn_image_picker_lib_temp_c68c9ae7-9ac7-47de-9781-91ff2c7861b6.jpg', 'rn_image_picker_lib_temp_c68c9ae7-9ac7-47de-9781-91ff2c7861b6.jpg', '2023-07-20 14:47:39+05:30', 'unread', 222, 'image/jpeg', 11);
INSERT INTO public.private_chat_files VALUES (77, 'http://203.129.225.99:3000/public/private-chat/m4a', 'm4a', '2023-07-20 14:47:53+05:30', 'unread', 223, 'audio/m4a', 11);
INSERT INTO public.private_chat_files VALUES (78, 'http://203.129.225.99:3000/public/private-chat/rn_image_picker_lib_temp_c186e229-335d-406a-809c-2745781a8d61.jpg', 'rn_image_picker_lib_temp_c186e229-335d-406a-809c-2745781a8d61.jpg', '2023-07-20 14:48:36+05:30', 'unread', 224, 'image/jpeg', 11);
INSERT INTO public.private_chat_files VALUES (79, 'http://203.129.225.99:3000/public/private-chat/m4a', 'm4a', '2023-07-20 14:48:56+05:30', 'unread', 225, 'audio/m4a', 11);
INSERT INTO public.private_chat_files VALUES (80, 'http://203.129.225.99:3000/public/private-chat/rn_image_picker_lib_temp_da999748-c847-46b5-89ce-276f5ce9fbf6.jpg', 'rn_image_picker_lib_temp_da999748-c847-46b5-89ce-276f5ce9fbf6.jpg', '2023-07-20 14:48:57+05:30', 'unread', 226, 'image/jpeg', 11);
INSERT INTO public.private_chat_files VALUES (81, 'http://203.129.225.99:3000/public/private-chat/rn_image_picker_lib_temp_bdc43b54-e755-4a04-8365-7faca3c2875a.jpg', 'rn_image_picker_lib_temp_bdc43b54-e755-4a04-8365-7faca3c2875a.jpg', '2023-07-20 14:50:55+05:30', 'unread', 227, 'image/jpeg', 13);
INSERT INTO public.private_chat_files VALUES (82, 'http://203.129.225.99:3000/public/private-chat/m4a', 'm4a', '2023-07-20 14:51:16+05:30', 'unread', 228, 'audio/m4a', 13);
INSERT INTO public.private_chat_files VALUES (83, 'http://203.129.225.99:3000/public/private-chat/m4a', 'm4a', '2023-07-20 14:53:59+05:30', 'unread', 229, 'audio/m4a', 13);
INSERT INTO public.private_chat_files VALUES (84, 'http://203.129.225.99:3000/public/private-chat/rn_image_picker_lib_temp_632b7379-2cf6-4dc4-823f-bb83e73c7f88.jpg', 'rn_image_picker_lib_temp_632b7379-2cf6-4dc4-823f-bb83e73c7f88.jpg', '2023-07-20 15:08:53+05:30', 'unread', 231, 'image/jpeg', 13);
INSERT INTO public.private_chat_files VALUES (85, 'http://203.129.225.99:3000/public/private-chat/rn_image_picker_lib_temp_fb99b6f1-ca09-4cdd-a778-06b7dedf12e9.jpg', 'rn_image_picker_lib_temp_fb99b6f1-ca09-4cdd-a778-06b7dedf12e9.jpg', '2023-07-20 15:09:05+05:30', 'unread', 232, 'image/jpeg', 13);
INSERT INTO public.private_chat_files VALUES (86, 'http://203.129.225.99:3000/public/private-chat/m4a', 'm4a', '2023-07-20 15:10:56+05:30', 'unread', 233, 'audio/m4a', 9);
INSERT INTO public.private_chat_files VALUES (87, 'http://203.129.225.99:3000/public/private-chat/rn_image_picker_lib_temp_40ef602e-6967-4362-808c-44791585fa41.jpg', 'rn_image_picker_lib_temp_40ef602e-6967-4362-808c-44791585fa41.jpg', '2023-07-20 15:11:03+05:30', 'unread', 234, 'image/jpeg', 9);
INSERT INTO public.private_chat_files VALUES (88, 'http://203.129.225.99:3000/public/private-chat/m4a', 'm4a', '2023-07-20 15:15:58+05:30', 'unread', 236, 'audio/m4a', 10);
INSERT INTO public.private_chat_files VALUES (89, 'http://203.129.225.99:3000/public/private-chat/rn_image_picker_lib_temp_d0b32449-aa34-4e57-9f00-f48157617aae.jpg', 'rn_image_picker_lib_temp_d0b32449-aa34-4e57-9f00-f48157617aae.jpg', '2023-07-20 15:22:59+05:30', 'unread', 237, 'image/jpeg', 10);
INSERT INTO public.private_chat_files VALUES (90, 'http://203.129.225.99:3000/public/private-chat/m4a', 'm4a', '2023-07-20 15:27:56+05:30', 'unread', 244, 'audio/m4a', 10);
INSERT INTO public.private_chat_files VALUES (91, 'http://203.129.225.99:3000/public/private-chat/rn_image_picker_lib_temp_db1d3d70-58db-477b-93de-f69a18fb5004.jpg', 'rn_image_picker_lib_temp_db1d3d70-58db-477b-93de-f69a18fb5004.jpg', '2023-07-20 15:43:57+05:30', 'unread', 245, 'image/jpeg', 10);
INSERT INTO public.private_chat_files VALUES (92, 'http://203.129.225.99:3000/public/private-chat/rn_image_picker_lib_temp_e6710715-15a9-4992-be1e-2c6bbaeedbdf.jpg', 'rn_image_picker_lib_temp_e6710715-15a9-4992-be1e-2c6bbaeedbdf.jpg', '2023-07-20 16:10:10+05:30', 'unread', 247, 'image/jpeg', 11);
INSERT INTO public.private_chat_files VALUES (93, 'http://203.129.225.99:3000/public/private-chat/rn_image_picker_lib_temp_388f25de-28f2-4b56-951c-f9416829d9e1.jpg', 'rn_image_picker_lib_temp_388f25de-28f2-4b56-951c-f9416829d9e1.jpg', '2023-07-20 16:13:52+05:30', 'unread', 248, 'image/jpeg', 12);
INSERT INTO public.private_chat_files VALUES (94, 'http://203.129.225.99:3000/public/private-chat/rn_image_picker_lib_temp_1209340b-fc09-4b83-9b2b-4da8cd235f14.jpg', 'rn_image_picker_lib_temp_1209340b-fc09-4b83-9b2b-4da8cd235f14.jpg', '2023-07-20 16:17:44+05:30', 'unread', 249, 'image/jpeg', 11);
INSERT INTO public.private_chat_files VALUES (95, 'http://203.129.225.99:3000/public/private-chat/m4a', 'm4a', '2023-07-20 16:18:10+05:30', 'unread', 250, 'audio/m4a', 12);
INSERT INTO public.private_chat_files VALUES (96, 'http://203.129.225.99:3000/public/private-chat/m4a', 'm4a', '2023-07-20 16:48:11+05:30', 'unread', 251, 'audio/m4a', 10);
INSERT INTO public.private_chat_files VALUES (97, 'http://203.129.225.99:3000/public/private-chat/m4a', 'm4a', '2023-07-20 16:48:29+05:30', 'unread', 252, 'audio/m4a', 10);
INSERT INTO public.private_chat_files VALUES (98, 'http://203.129.225.99:3000/public/private-chat/m4a', 'm4a', '2023-07-21 16:33:01+05:30', 'unread', 253, 'audio/m4a', 11);
INSERT INTO public.private_chat_files VALUES (99, 'http://203.129.225.99:3000/public/private-chat/m4a', 'm4a', '2023-07-21 16:33:51+05:30', 'unread', 254, 'audio/m4a', 12);
INSERT INTO public.private_chat_files VALUES (100, 'http://203.129.225.99:3000/public/private-chat/rn_image_picker_lib_temp_fa0f181c-a32a-44f2-b296-51b25db02270.jpg', 'rn_image_picker_lib_temp_fa0f181c-a32a-44f2-b296-51b25db02270.jpg', '2023-07-21 16:34:03+05:30', 'unread', 255, 'image/jpeg', 12);
INSERT INTO public.private_chat_files VALUES (101, 'http://203.129.225.99:3000/public/private-chat/rn_image_picker_lib_temp_89fadfb8-46f5-48a5-8512-db763213c102.jpg', 'rn_image_picker_lib_temp_89fadfb8-46f5-48a5-8512-db763213c102.jpg', '2023-07-24 12:20:22+05:30', 'unread', 257, 'image/jpeg', 15);
INSERT INTO public.private_chat_files VALUES (102, 'http://203.129.225.99:3000/public/private-chat/m4a', 'm4a', '2023-07-24 12:20:52+05:30', 'unread', 258, 'audio/m4a', 15);
INSERT INTO public.private_chat_files VALUES (103, 'http://203.129.225.99:3000/public/private-chat/m4a', 'm4a', '2023-07-24 12:21:07+05:30', 'unread', 259, 'audio/m4a', 15);
INSERT INTO public.private_chat_files VALUES (104, 'http://203.129.225.99:3000/public/private-chat/m4a', 'm4a', '2023-07-24 12:21:19+05:30', 'unread', 260, 'audio/m4a', 15);
INSERT INTO public.private_chat_files VALUES (105, 'http://203.129.225.99:3000/public/private-chat/rn_image_picker_lib_temp_582d448f-18d3-40ce-b82c-c311b68cef7b.jpg', 'rn_image_picker_lib_temp_582d448f-18d3-40ce-b82c-c311b68cef7b.jpg', '2023-07-24 16:01:27+05:30', 'unread', 264, 'image/jpeg', 11);
INSERT INTO public.private_chat_files VALUES (106, 'http://203.129.225.99:3000/public/private-chat/rn_image_picker_lib_temp_5cfc6bc3-cff6-48b0-8fd6-2f59651d733a.jpg', 'rn_image_picker_lib_temp_5cfc6bc3-cff6-48b0-8fd6-2f59651d733a.jpg', '2023-07-24 16:14:27+05:30', 'unread', 265, 'image/jpeg', 10);
INSERT INTO public.private_chat_files VALUES (107, 'http://203.129.225.99:3000/public/private-chat/m4a', 'm4a', '2023-07-25 11:31:17+05:30', 'unread', 267, 'audio/x-m4a', 10);
INSERT INTO public.private_chat_files VALUES (108, 'http://203.129.225.99:3000/public/private-chat/m4a', 'm4a', '2023-07-25 11:31:39+05:30', 'unread', 268, 'audio/x-m4a', 10);
INSERT INTO public.private_chat_files VALUES (109, 'http://203.129.225.99:3000/public/private-chat/m4a', 'm4a', '2023-07-25 11:32:21+05:30', 'unread', 269, 'audio/x-m4a', 10);
INSERT INTO public.private_chat_files VALUES (110, 'http://203.129.225.99:3000/public/private-chat/m4a', 'm4a', '2023-07-25 11:36:41+05:30', 'unread', 270, 'audio/m4a', 15);
INSERT INTO public.private_chat_files VALUES (111, 'http://203.129.225.99:3000/public/private-chat/m4a', 'm4a', '2023-07-25 11:36:52+05:30', 'unread', 271, 'audio/x-m4a', 10);
INSERT INTO public.private_chat_files VALUES (112, 'http://203.129.225.99:3000/public/private-chat/m4a', 'm4a', '2023-07-25 11:40:35+05:30', 'unread', 272, 'audio/x-m4a', 10);
INSERT INTO public.private_chat_files VALUES (113, 'http://203.129.225.99:3000/public/private-chat/m4a', 'm4a', '2023-07-25 11:48:21+05:30', 'unread', 273, 'audio/x-m4a', 15);
INSERT INTO public.private_chat_files VALUES (114, 'http://203.129.225.99:3000/public/private-chat/4aeafd77-505e-4e63-a98c-413d4af3af21.jpg', '4AEAFD77-505E-4E63-A98C-413D4AF3AF21.jpg', '2023-07-25 11:48:37+05:30', 'unread', 274, 'image/jpeg', 15);
INSERT INTO public.private_chat_files VALUES (115, 'http://203.129.225.99:3000/public/private-chat/m4a', 'm4a', '2023-07-25 11:49:15+05:30', 'unread', 275, 'audio/x-m4a', 15);
INSERT INTO public.private_chat_files VALUES (116, 'http://203.129.225.99:3000/public/private-chat/m4a', 'm4a', '2023-07-25 12:05:34+05:30', 'unread', 276, 'audio/x-m4a', 11);
INSERT INTO public.private_chat_files VALUES (117, 'http://203.129.225.99:3000/public/private-chat/m4a', 'm4a', '2023-07-25 12:05:49+05:30', 'unread', 277, 'audio/x-m4a', 11);
INSERT INTO public.private_chat_files VALUES (118, 'http://203.129.225.99:3000/public/private-chat/m4a', 'm4a', '2023-07-25 12:07:25+05:30', 'unread', 278, 'audio/x-m4a', 11);
INSERT INTO public.private_chat_files VALUES (119, 'http://203.129.225.99:3000/public/private-chat/f6b764c9-becd-4451-bcb2-73088192f4f3.png', 'F6B764C9-BECD-4451-BCB2-73088192F4F3.png', '2023-07-25 12:07:42+05:30', 'unread', 279, 'image/png', 11);
INSERT INTO public.private_chat_files VALUES (120, 'http://203.129.225.99:3000/public/private-chat/rn_image_picker_lib_temp_42afb71b-72e9-49f7-9529-c9cd024b0759.jpg', 'rn_image_picker_lib_temp_42afb71b-72e9-49f7-9529-c9cd024b0759.jpg', '2023-07-25 12:09:05+05:30', 'unread', 280, 'image/jpeg', 15);
INSERT INTO public.private_chat_files VALUES (121, 'http://203.129.225.99:3000/public/private-chat/m4a', 'm4a', '2023-07-25 12:09:33+05:30', 'unread', 281, 'audio/m4a', 15);
INSERT INTO public.private_chat_files VALUES (122, 'http://203.129.225.99:3000/public/private-chat/m4a', 'm4a', '2023-07-25 12:10:50+05:30', 'unread', 282, 'audio/x-m4a', 15);
INSERT INTO public.private_chat_files VALUES (123, 'http://203.129.225.99:3000/public/private-chat/m4a', 'm4a', '2023-07-25 12:15:56+05:30', 'unread', 283, 'audio/x-m4a', 11);
INSERT INTO public.private_chat_files VALUES (124, 'http://203.129.225.99:3000/public/private-chat/13d50f92-9110-4c3a-a055-9753594b8977.jpg', '13D50F92-9110-4C3A-A055-9753594B8977.jpg', '2023-07-25 12:16:57+05:30', 'unread', 284, 'image/jpeg', 13);
INSERT INTO public.private_chat_files VALUES (125, 'http://203.129.225.99:3000/public/private-chat/rn_image_picker_lib_temp_0b0dd453-0c71-4aaa-aa6b-b5d84a81082d.jpg', 'rn_image_picker_lib_temp_0b0dd453-0c71-4aaa-aa6b-b5d84a81082d.jpg', '2023-07-25 12:19:08+05:30', 'unread', 285, 'image/jpeg', 11);
INSERT INTO public.private_chat_files VALUES (126, 'http://203.129.225.99:3000/public/private-chat/m4a', 'm4a', '2023-07-25 12:19:19+05:30', 'unread', 286, 'audio/m4a', 11);
INSERT INTO public.private_chat_files VALUES (127, 'http://203.129.225.99:3000/public/private-chat/m4a', 'm4a', '2023-07-25 12:20:24+05:30', 'unread', 287, 'audio/x-m4a', 11);
INSERT INTO public.private_chat_files VALUES (128, 'http://203.129.225.99:3000/public/private-chat/m4a', 'm4a', '2023-07-25 12:21:13+05:30', 'unread', 288, 'audio/x-m4a', 11);
INSERT INTO public.private_chat_files VALUES (129, 'http://203.129.225.99:3000/public/private-chat/dc96817e-5fda-41f1-977a-b5b2496b21cd.jpg', 'DC96817E-5FDA-41F1-977A-B5B2496B21CD.jpg', '2023-07-25 12:29:52+05:30', 'unread', 289, 'image/jpeg', 15);
INSERT INTO public.private_chat_files VALUES (130, 'http://203.129.225.99:3000/public/private-chat/m4a', 'm4a', '2023-07-25 12:30:05+05:30', 'unread', 290, 'audio/x-m4a', 15);
INSERT INTO public.private_chat_files VALUES (131, 'http://203.129.225.99:3000/public/private-chat/m4a', 'm4a', '2023-07-25 12:30:30+05:30', 'unread', 291, 'audio/x-m4a', 15);
INSERT INTO public.private_chat_files VALUES (132, 'http://203.129.225.99:3000/public/private-chat/m4a', 'm4a', '2023-07-25 12:31:18+05:30', 'unread', 292, 'audio/m4a', 15);
INSERT INTO public.private_chat_files VALUES (133, 'http://203.129.225.99:3000/public/private-chat/m4a', 'm4a', '2023-07-25 12:32:10+05:30', 'unread', 293, 'audio/x-m4a', 15);
INSERT INTO public.private_chat_files VALUES (134, 'http://203.129.225.99:3000/public/private-chat/m4a', 'm4a', '2023-07-25 12:32:49+05:30', 'unread', 294, 'audio/x-m4a', 15);
INSERT INTO public.private_chat_files VALUES (135, 'http://203.129.225.99:3000/public/private-chat/m4a', 'm4a', '2023-07-25 12:34:43+05:30', 'unread', 295, 'audio/x-m4a', 15);
INSERT INTO public.private_chat_files VALUES (136, 'http://203.129.225.99:3000/public/private-chat/m4a', 'm4a', '2023-07-25 12:35:56+05:30', 'unread', 296, 'audio/m4a', 15);
INSERT INTO public.private_chat_files VALUES (137, 'http://203.129.225.99:3000/public/private-chat/858fe5de-6e7e-48ca-80fe-80d124e444ae.jpg', '858FE5DE-6E7E-48CA-80FE-80D124E444AE.jpg', '2023-07-25 12:39:58+05:30', 'unread', 297, 'image/jpeg', 15);
INSERT INTO public.private_chat_files VALUES (138, 'http://203.129.225.99:3000/public/private-chat/m4a', 'm4a', '2023-07-25 12:40:12+05:30', 'unread', 298, 'audio/x-m4a', 15);
INSERT INTO public.private_chat_files VALUES (139, 'http://203.129.225.99:3000/public/private-chat/m4a', 'm4a', '2023-07-25 14:11:22+05:30', 'unread', 299, 'audio/m4a', 12);
INSERT INTO public.private_chat_files VALUES (140, 'http://203.129.225.99:3000/public/private-chat/rn_image_picker_lib_temp_86a95154-b50c-4f86-a715-c54977a5afb6.jpg', 'rn_image_picker_lib_temp_86a95154-b50c-4f86-a715-c54977a5afb6.jpg', '2023-07-25 16:03:46+05:30', 'unread', 300, 'image/jpeg', 11);
INSERT INTO public.private_chat_files VALUES (141, 'http://203.129.225.99:3000/public/private-chat/m4a', 'm4a', '2023-07-25 16:04:21+05:30', 'unread', 301, 'audio/m4a', 11);
INSERT INTO public.private_chat_files VALUES (142, 'http://203.129.225.99:3000/public/private-chat/m4a', 'm4a', '2023-07-25 16:04:37+05:30', 'unread', 302, 'audio/m4a', 11);
INSERT INTO public.private_chat_files VALUES (143, 'http://203.129.225.99:3000/public/private-chat/m4a', 'm4a', '2023-07-25 16:05:46+05:30', 'unread', 303, 'audio/m4a', 11);
INSERT INTO public.private_chat_files VALUES (144, 'http://203.129.225.99:3000/public/private-chat/rn_image_picker_lib_temp_e674751d-c3f0-44d4-872b-c2b90543cbeb.jpg', 'rn_image_picker_lib_temp_e674751d-c3f0-44d4-872b-c2b90543cbeb.jpg', '2023-08-09 10:54:29+05:30', 'unread', 311, 'image/jpeg', 17);
INSERT INTO public.private_chat_files VALUES (145, 'http://203.129.225.99:3000/public/private-chat/m4a', 'm4a', '2023-08-09 11:03:57+05:30', 'unread', 317, 'audio/m4a', 16);
INSERT INTO public.private_chat_files VALUES (146, 'http://203.129.225.99:3000/public/private-chat/sound.mp4', 'sound.mp4', '2023-08-09 11:21:55+05:30', 'unread', 318, 'video/mp4', 16);
INSERT INTO public.private_chat_files VALUES (147, 'http://203.129.225.99:3000/public/private-chat/m4a', 'm4a', '2023-08-09 11:22:39+05:30', 'unread', 319, 'audio/m4a', 15);
INSERT INTO public.private_chat_files VALUES (148, 'http://203.129.225.99:3000/public/private-chat/m4a', 'm4a', '2023-08-09 11:24:51+05:30', 'unread', 320, 'audio/m4a', 15);
INSERT INTO public.private_chat_files VALUES (151, 'http://localhost:3000/public/private-chat/screenshot-(3).png', 'Screenshot (3).png', '2023-08-18 17:09:17+05:30', 'unread', 323, 'image/png', 18);


--
-- Data for Name: query_management; Type: TABLE DATA; Schema: public; Owner: postgres
--



--
-- Data for Name: query_status; Type: TABLE DATA; Schema: public; Owner: postgres
--

INSERT INTO public.query_status VALUES (1, 'Pending', true);
INSERT INTO public.query_status VALUES (4, 'Hold', true);
INSERT INTO public.query_status VALUES (2, 'In-Progress', true);
INSERT INTO public.query_status VALUES (3, 'Resolved', true);
INSERT INTO public.query_status VALUES (5, 'Not Resolved', true);
INSERT INTO public.query_status VALUES (6, 'Rejected', true);


--
-- Data for Name: question_groups; Type: TABLE DATA; Schema: public; Owner: postgres
--

INSERT INTO public.question_groups VALUES (1, 'Education and Career', true);
INSERT INTO public.question_groups VALUES (2, 'Appearance', true);
INSERT INTO public.question_groups VALUES (3, 'Religion and Ethnicity', true);
INSERT INTO public.question_groups VALUES (4, 'Lifestyle and Social', true);
INSERT INTO public.question_groups VALUES (5, 'Family and Relationship', true);
INSERT INTO public.question_groups VALUES (6, 'Getting to know your Future Partner', true);
INSERT INTO public.question_groups VALUES (7, 'Temperament and Personality', true);
INSERT INTO public.question_groups VALUES (8, 'Life and Relationship with You', true);
INSERT INTO public.question_groups VALUES (9, 'Hobbies and Spare Time', true);


--
-- Data for Name: sects; Type: TABLE DATA; Schema: public; Owner: postgres
--

INSERT INTO public.sects VALUES (1, 'Sunni', true);
INSERT INTO public.sects VALUES (2, 'Shia', true);
INSERT INTO public.sects VALUES (3, 'Ibadi', true);
INSERT INTO public.sects VALUES (4, 'Amadiyya', true);
INSERT INTO public.sects VALUES (5, 'Sufi', true);
INSERT INTO public.sects VALUES (6, 'Just Muslim', true);
INSERT INTO public.sects VALUES (7, 'Other', true);


--
-- Data for Name: smokes; Type: TABLE DATA; Schema: public; Owner: postgres
--

INSERT INTO public.smokes VALUES (1, 'Yes', true);
INSERT INTO public.smokes VALUES (2, 'No', true);
INSERT INTO public.smokes VALUES (3, 'Social', true);
INSERT INTO public.smokes VALUES (4, 'Doesn''t Matter', true);


--
-- Data for Name: suggested_profiles; Type: TABLE DATA; Schema: public; Owner: postgres
--

INSERT INTO public.suggested_profiles VALUES (99, 130, 52, '2023-06-22 22:38:58.901931+05:30', false);


--
-- Data for Name: terms_and_conditions; Type: TABLE DATA; Schema: public; Owner: postgres
--

INSERT INTO public.terms_and_conditions VALUES (1, 'pat residence as soon as I get a possibility.
Sample 10:7984pat residence as soon as I get a possibility.
Sample 10:7984pat residence as soon as I get a possibility.
Sample 10:7984pat residence as soon as I get a possibility.
Sample 10:7984pat residence as soon as I get a possibility.
Sample 10:7984pat residence as soon as I get a possibility.
Sample 10:7984pat residence as soon as I get a possibility.
Sample 10:7984pat residence as soon as I get a possibility.
Sample 10:7984pat residence as soon as I get a possibility.
Sample 10:7984pat residence as soon as I get a possibility.
Sample 10:7984pat residence as soon as I get a possibility.
Sample 10:7984pat residence as soon as I get a possibility.
Sample 10:7984pat residence as soon as I get a possibility.
Sample 10:7984pat residence as soon as I get a possibility.
Sample 10:7984pat residence as soon as I get a possibility.
Sample 10:7984pat residence as soon as I get a possibility.
Sample 10:7984pat residence as soon as I get a possibility.
Sample 10:7984pat residence as soon as I get a possibility.
Sample 10:7984pat residence as soon as I get a possibility.
Sample 10:7984pat residence as soon as I get a possibility.
Sample 10:7984pat residence as soon as I get a possibility.
Sample 10:7984pat residence as soon as I get a possibility.
Sample 10:7984pat residence as soon as I get a possibility.
Sample 10:7984pat residence as soon as I get a possibility.
Sample 10:7984pat residence as soon as I get a possibility.
Sample 10:7984', true);


--
-- Data for Name: user_about_yourself; Type: TABLE DATA; Schema: public; Owner: postgres
--

INSERT INTO public.user_about_yourself VALUES (155, 182, 'about me', 'public/uploads/videoplayback.mp4');
INSERT INTO public.user_about_yourself VALUES (156, 183, 'about me', 'public/uploads/videoplayback.mp4');
INSERT INTO public.user_about_yourself VALUES (157, 184, 'about me', 'public/uploads/videoplayback.mp4');
INSERT INTO public.user_about_yourself VALUES (158, 185, 'about me', 'public/uploads/kartun.aliyan-dans-and.mp4');
INSERT INTO public.user_about_yourself VALUES (159, 186, 'about me', 'public/uploads/kartun.aliyan-dans-and.mp4');
INSERT INTO public.user_about_yourself VALUES (160, 187, 'fdsafds dfsf dsaf dsaf dsf dsfds fds   fsd fds ds sdfsf saf sdaf saf dsaf ds fdsafsda fsda fdsafdsafds fds afds f sa fs f as dsa fsdfdsafdsfdsfdsafdsafdsafdsfdsafdsafdsafdsfdsafdsaf as f fsfsf  dfs fdsafsa  sfadsadsf safas f fasfdsaffas fas fas fr asf f sa f', 'public/uploads/rn_image_picker_lib_temp_aa2d6997-49f9-42b0-907f-51d34f8baa25.mp4');
INSERT INTO public.user_about_yourself VALUES (161, 188, 'fdsf sfs fdsa fdsf ds dsaf sd saf fds fds fdsa fdsaf ds fdsf dsf dsaf sdaf saf sfds afds fdsa fdsaf dsaf dsa fds ds fsdfdssafsfs fdsf sdaf dsafdsa fdsfdsafds a s fdsaf dsaf dsf sfds afds fsafadsf sadf sadf sdf safds fd f asf sf asf sdf fdsf dsafdsa fafsf dsa', 'public/uploads/rn_image_picker_lib_temp_847bcb58-664c-47d1-a6e6-69195f280be6.mp4');
INSERT INTO public.user_about_yourself VALUES (162, 190, 'about me', 'public/uploads/kartun.aliyan-dans-and.mp4');
INSERT INTO public.user_about_yourself VALUES (166, 197, 'fhjsakl fdjshfl dsjfkl jsklfj adsklfjadkls jfkladsj fkladsjf kl;aksjfkladsj fklads jfkladsh cvjklnads jk uaewfjdsjln adjls fhdjklshf djsahfjkladhsfjladshfjkadshfjkasurioewufklds fjds klfjds aklfj dsaklfjdklsajf adklsfj adklsfjdklsf asuriopes ajflms fkljdsakl fadjsf ', 'public/uploads/rn_image_picker_lib_temp_a356f1b2-f364-4ae5-893f-b200766b6a03.mp4');
INSERT INTO public.user_about_yourself VALUES (167, 198, 'jfdkls akladjs fkljdsa klfjds fsdj afdjsakl fjdsaklfjadklsjfkladsj fkladsjfkl dsajfkladjsfkladjsklfjadskl fjdskl fjdsaklfj adklsjf klsadjf kldsajfkl dsajfkladjs klfjadsklfj adklsfj dsadklsfj kladsjfkladklsj fkldsadjsfkl adsadjsfkl adsjf kladks jfklads jfkladkls ', 'public/uploads/rn_image_picker_lib_temp_4f72d5e0-9e0f-4418-bc4c-289aaa0cb3a1.mp4');
INSERT INTO public.user_about_yourself VALUES (168, 199, 'Fsfjsjtdtiditdutstjdriyridtidutxjtstkxykfykxgkxgjxkfykxykcyofyixtjxyofyiftixifidor6tidiydgixtixtifo6fodyifof6f97yg7hufoyftdididudditcitfxktctiftidudtrfi6fidiyftidtixofkydtidiyfyidyidtdtxtizutxtkdyofyidyodoydoydoydyidtidtidyoftiddiydtidofyofyofyodjgdkyfykdiydkyodhkxkhxykdykdykxgk', 'public/uploads/rn_image_picker_lib_temp_08f40de8-019b-4e8d-bb72-c64e0c40fb3d.mp4');
INSERT INTO public.user_about_yourself VALUES (169, 200, 'Sd duk ksa dy drill rl om dull dx om,
,دکدککسدکسکسکسککزکَککسکساککدکدجدجزجزنشکچھفجزجسکدکدکسکسکفجفججسکہفجکداکہججسکسہدجفھدجساجفجھفجفنجسسجدجدجسجرءجساھسجکسجوسکدکدکدکدیکسکہسہہسوکدکجدجدسیجاجاکسجسدیفءرجتججففجفکدہسہسکچججشججزجدجدجدجدجدجدھفھفھجکسلسسکسکسکسکسکدکجفججففجفجشجن', 'public/uploads/rn_image_picker_lib_temp_0b831ddb-3cc8-4a6e-86c3-8be41eb0901d.flv');
INSERT INTO public.user_about_yourself VALUES (186, 217, 'Fhhgty hhfhj hjgyjhvgh hhfgjj ghhfyhhFhhgty hhfhj hjgyjhvgh hhfgjj ghhfyhhFhhgty hhfhj hjgyjhvgh hhfgjj ghhfyhhFhhgty hhfhj hjgyjhvgh hhfgjj ghhfyhhFhhgty hhfhj hjgyjhvgh hhfgjj ghhfyhhFhhgty hhfhj hjgyjhvgh hhfgjj ghhfyhhFhhgty hhfhj hjgyjhvgh hhfgjj ghhfyhhFhhgty hhfhj hjgyjhvgh hhfgjj ghhfyhhFhhgty hhfhj hjgyjhvgh hhfgjj ghhfyhhFhhgty hhfhj hjgyjhvgh hhfgjj ghhfyhh', 'public/uploads/rn_image_picker_lib_temp_e38081a3-3bf7-41f2-841d-7df99510e476.mp4');
INSERT INTO public.user_about_yourself VALUES (102, 126, 'about me aslam', 'public/uploads/rn_image_picker_lib_temp_a8dd343c-be8d-481b-9fba-dd90341b5295.mp4');
INSERT INTO public.user_about_yourself VALUES (103, 127, 'abt', 'public/uploads/rn_image_picker_lib_temp_ffebd923-5007-4817-ac4f-260234eec4cb.mp4');
INSERT INTO public.user_about_yourself VALUES (104, 128, 'about', 'public/uploads/rn_image_picker_lib_temp_4b2e12d9-768b-44b9-bbf0-f25cd71a922c.mp4');
INSERT INTO public.user_about_yourself VALUES (105, 129, 'ab', 'public/uploads/rn_image_picker_lib_temp_175f62fe-9efd-4e7f-9146-a0ff7e9d511f.mp4');
INSERT INTO public.user_about_yourself VALUES (106, 130, 'about ', 'public/uploads/rn_image_picker_lib_temp_30fd0fba-e605-46c3-a627-b8b0260d1328.mp4');
INSERT INTO public.user_about_yourself VALUES (108, 132, 'about me', 'public/uploads/kartun.aliyan-dans-and.mp4');
INSERT INTO public.user_about_yourself VALUES (109, 133, 'about me', 'public/uploads/kartun.aliyan-dans-and.mp4');
INSERT INTO public.user_about_yourself VALUES (107, 131, 'Now we will upload multiple files using Multer.', 'public/uploads/rn_image_picker_lib_temp_e49bd841-a98f-4862-81c4-5af056480a60.mp4');
INSERT INTO public.user_about_yourself VALUES (136, 162, 'abt', 'public/uploads/rn_image_picker_lib_temp_4abce14d-1d28-4140-8534-2ce5f44f6a05.mp4');
INSERT INTO public.user_about_yourself VALUES (137, 163, 'ab', 'public/uploads/rn_image_picker_lib_temp_2487ff39-e500-4487-abf9-9c31ae1725fd.mp4');
INSERT INTO public.user_about_yourself VALUES (138, 164, 'Abt', 'public/uploads/rn_image_picker_lib_temp_bbfa45af-c394-4d60-8a6e-895a6d22ad6e.mp4');
INSERT INTO public.user_about_yourself VALUES (101, 125, 'about me james', 'public/uploads/rn_image_picker_lib_temp_e63539d1-3a14-4eae-9394-2b99da763f01.mp4');
INSERT INTO public.user_about_yourself VALUES (110, 134, 'test', 'public/uploads/rn_image_picker_lib_temp_f139564e-e1d7-4c21-8668-4660dfb4fd65.mp4');
INSERT INTO public.user_about_yourself VALUES (187, 218, 'Fhhgty hhfhj hjgyjhvgh hhfgjj ghhfyhhFhhgty hhfhj hjgyjhvgh hhfgjj ghhfyhhFhhgty hhfhj hjgyjhvgh hhfgjj ghhfyhhFhhgty hhfhj hjgyjhvgh hhfgjj ghhfyhhFhhgty hhfhj hjgyjhvgh hhfgjj ghhfyhhFhhgty hhfhj hjgyjhvgh hhfgjj ghhfyhhFhhgty hhfhj hjgyjhvgh hhfgjj ghhfyhhFhhgty hhfhj hjgyjhvgh hhfgjj ghhfyhhFhhgty hhfhj hjgyjhvgh hhfgjj ghhfyhhFhhgty hhfhj hjgyjhvgh hhfgjj ghhfyhh', 'public/uploads/rn_image_picker_lib_temp_41be6aeb-ae55-4c39-b75d-c4606fa30482.mp4');
INSERT INTO public.user_about_yourself VALUES (111, 135, 'test', 'public/uploads/rn_image_picker_lib_temp_2a320078-fb4b-48c0-857b-405fa86963ee.mp4');
INSERT INTO public.user_about_yourself VALUES (139, 165, 'abt', 'public/uploads/rn_image_picker_lib_temp_e982b489-c829-4d70-855d-dd5bbe47d672.mp4');
INSERT INTO public.user_about_yourself VALUES (188, 219, 'about me', 'public/uploads/kartun.aliyan-dans-and.mp4');
INSERT INTO public.user_about_yourself VALUES (189, 220, 'about me', 'public/uploads/kartun.aliyan-dans-and.mp4');
INSERT INTO public.user_about_yourself VALUES (190, 222, 'about me', 'public/uploads/kartun.aliyan-dans-and.mp4');
INSERT INTO public.user_about_yourself VALUES (191, 223, 'about me', 'public/uploads/kartun.aliyan-dans-and.mp4');
INSERT INTO public.user_about_yourself VALUES (192, 224, 'about me', 'public/uploads/kartun.aliyan-dans-and.mp4');
INSERT INTO public.user_about_yourself VALUES (193, 225, 'about me', 'public/uploads/kartun.aliyan-dans-and.mp4');
INSERT INTO public.user_about_yourself VALUES (194, 226, 'about me', 'public/uploads/kartun.aliyan-dans-and.mp4');
INSERT INTO public.user_about_yourself VALUES (195, 227, 'about me', 'public/uploads/kartun.aliyan-dans-and.mp4');
INSERT INTO public.user_about_yourself VALUES (196, 229, 'about me', 'public/uploads/kartun.aliyan-dans-and.mp4');
INSERT INTO public.user_about_yourself VALUES (197, 230, 'about me', 'public/uploads/kartun.aliyan-dans-and.mp4');
INSERT INTO public.user_about_yourself VALUES (198, 231, 'about me', 'public/uploads/kartun.aliyan-dans-and.mp4');
INSERT INTO public.user_about_yourself VALUES (199, 232, 'dfjdklgj dfklsajf kladsjfkldsajfkldjs klfjdklsajfkladsjfkladjsklfjdsa;klfjadsklfjkldsajfkldsajfkladjsklfjadklsfjkldsjafkldsjfkldjsklfjdsklfjkldsjfkdlsjfkldjsfkjdsklfjadsklfjdsklfjdklsjfkldsjfkldsjklfjdsklfjdklsjfkladsjfkldsjklfjdsklafjadklsjfkladsjfkladjsklfjadsklfjadklsj', 'public/uploads/rn_image_picker_lib_temp_71f112db-1735-4ea5-9cea-30b2c4daf407.mp4');
INSERT INTO public.user_about_yourself VALUES (140, 166, 'abt', 'public/uploads/rn_image_picker_lib_temp_619735b8-ccf5-4b4c-8100-6a844264675e.mp4');


--
-- Data for Name: user_about_yourself_photos; Type: TABLE DATA; Schema: public; Owner: postgres
--

INSERT INTO public.user_about_yourself_photos VALUES (152, 128, 'public/uploads/istockphoto-1290493691-612x612.jpg');
INSERT INTO public.user_about_yourself_photos VALUES (155, 128, 'public/uploads/istockphoto-1290493691-612x612.jpg');
INSERT INTO public.user_about_yourself_photos VALUES (156, 128, 'public/uploads/istockphoto-1290493691-612x612.jpg');
INSERT INTO public.user_about_yourself_photos VALUES (157, 128, 'public/uploads/istockphoto-1290493691-612x612.jpg');
INSERT INTO public.user_about_yourself_photos VALUES (159, 130, 'public/uploads/rn_image_picker_lib_temp_048ec9a6-8d47-4d67-907e-571f773b5006.jpg');
INSERT INTO public.user_about_yourself_photos VALUES (161, 125, 'public/uploads/rn_image_picker_lib_temp_8f0aa2bf-8bb8-423d-9a21-c7f907e6af25.jpg');
INSERT INTO public.user_about_yourself_photos VALUES (163, 134, 'public/uploads/rn_image_picker_lib_temp_e458707d-ebac-4842-9eea-2015355267c9.jpg');
INSERT INTO public.user_about_yourself_photos VALUES (165, 200, 'public/uploads/rn_image_picker_lib_temp_77e81262-fed7-4f72-8672-665a276c0885.jpg');
INSERT INTO public.user_about_yourself_photos VALUES (115, 127, 'public/uploads/istockphoto-1290493691-612x612.jpg');
INSERT INTO public.user_about_yourself_photos VALUES (116, 127, 'public/uploads/istockphoto-1290493691-612x612.jpg');
INSERT INTO public.user_about_yourself_photos VALUES (117, 127, 'public/uploads/istockphoto-1290493691-612x612.jpg');
INSERT INTO public.user_about_yourself_photos VALUES (118, 127, 'public/uploads/istockphoto-1290493691-612x612.jpg');
INSERT INTO public.user_about_yourself_photos VALUES (121, 130, 'public/uploads/istockphoto-1290493691-612x612.jpg');
INSERT INTO public.user_about_yourself_photos VALUES (123, 125, 'public/uploads/istockphoto-1290493691-612x612.jpg');
INSERT INTO public.user_about_yourself_photos VALUES (125, 130, 'public/uploads/istockphoto-1290493691-612x612.jpg');
INSERT INTO public.user_about_yourself_photos VALUES (126, 130, 'public/uploads/istockphoto-1290493691-612x612.jpg');
INSERT INTO public.user_about_yourself_photos VALUES (127, 130, 'public/uploads/istockphoto-1290493691-612x612.jpg');
INSERT INTO public.user_about_yourself_photos VALUES (128, 130, 'public/uploads/istockphoto-1290493691-612x612.jpg');
INSERT INTO public.user_about_yourself_photos VALUES (129, 130, 'public/uploads/istockphoto-1290493691-612x612.jpg');
INSERT INTO public.user_about_yourself_photos VALUES (130, 130, 'public/uploads/istockphoto-1290493691-612x612.jpg');
INSERT INTO public.user_about_yourself_photos VALUES (131, 130, 'public/uploads/istockphoto-1290493691-612x612.jpg');
INSERT INTO public.user_about_yourself_photos VALUES (132, 130, 'public/uploads/istockphoto-1290493691-612x612.jpg');
INSERT INTO public.user_about_yourself_photos VALUES (133, 130, 'public/uploads/istockphoto-1290493691-612x612.jpg');
INSERT INTO public.user_about_yourself_photos VALUES (153, 130, 'public/uploads/istockphoto-1290493691-612x612.jpg');
INSERT INTO public.user_about_yourself_photos VALUES (158, 128, 'public/uploads/istockphoto-1290493691-612x612.jpg');
INSERT INTO public.user_about_yourself_photos VALUES (162, 125, 'public/uploads/rn_image_picker_lib_temp_eb68aec1-28f6-475a-9352-50542f39f76d.jpg');
INSERT INTO public.user_about_yourself_photos VALUES (166, 200, 'public/uploads/rn_image_picker_lib_temp_9612995e-c11d-4849-aa26-2fe5c48d71ba.jpg');
INSERT INTO public.user_about_yourself_photos VALUES (122, 130, 'public/uploads/istockphoto-1290493691-612x612.jpg');


--
-- Data for Name: user_access_rights; Type: TABLE DATA; Schema: public; Owner: postgres
--

INSERT INTO public.user_access_rights VALUES (2, 130, 129, true, true, false, false, true);
INSERT INTO public.user_access_rights VALUES (3, 128, 130, true, false, false, false, false);
INSERT INTO public.user_access_rights VALUES (4, 125, 130, false, false, false, false, false);
INSERT INTO public.user_access_rights VALUES (5, 126, 130, true, false, false, false, false);
INSERT INTO public.user_access_rights VALUES (7, 133, 131, false, false, false, false, false);
INSERT INTO public.user_access_rights VALUES (9, 125, 200, true, false, false, false, false);


--
-- Data for Name: user_activities; Type: TABLE DATA; Schema: public; Owner: postgres
--

INSERT INTO public.user_activities VALUES (66, 129, 130, false, true, false, false, NULL, false, NULL, 130, '2023-06-19 15:41:57.554211+05:30', NULL, NULL, false, false, NULL);
INSERT INTO public.user_activities VALUES (70, 127, 130, false, true, false, false, NULL, false, NULL, 130, '2023-06-19 15:42:24.534697+05:30', NULL, NULL, false, false, NULL);
INSERT INTO public.user_activities VALUES (73, 131, 129, false, false, false, true, 131, false, NULL, 131, '2023-06-19 15:47:51.618103+05:30', NULL, NULL, false, false, NULL);
INSERT INTO public.user_activities VALUES (95, 200, 198, false, false, false, true, 200, false, NULL, 200, '2023-08-08 14:56:53.62804+05:30', NULL, NULL, false, false, NULL);
INSERT INTO public.user_activities VALUES (96, 200, 197, false, false, false, true, 200, false, NULL, 200, '2023-08-08 14:57:06.658953+05:30', NULL, NULL, false, false, NULL);
INSERT INTO public.user_activities VALUES (76, 131, 125, false, false, false, false, NULL, false, NULL, 131, '2023-06-27 15:57:02.423067+05:30', 125, '2023-07-11 12:04:56.5+05:30', false, false, NULL);
INSERT INTO public.user_activities VALUES (81, 125, 134, true, false, false, false, NULL, false, NULL, 125, '2023-07-13 17:20:59.100791+05:30', NULL, NULL, false, false, NULL);
INSERT INTO public.user_activities VALUES (82, 134, 125, false, true, false, false, NULL, false, NULL, 125, '2023-07-13 17:20:59.109211+05:30', NULL, NULL, false, false, NULL);
INSERT INTO public.user_activities VALUES (65, 130, 129, true, false, false, false, NULL, false, 130, 130, '2023-06-19 15:41:57.516084+05:30', NULL, NULL, false, false, NULL);
INSERT INTO public.user_activities VALUES (74, 130, 133, false, false, false, true, 130, false, 130, 130, '2023-06-20 16:23:11.241706+05:30', NULL, NULL, false, false, NULL);
INSERT INTO public.user_activities VALUES (64, 125, 130, true, true, true, false, NULL, true, 125, 130, '2023-06-19 15:40:17.091454+05:30', 125, '2023-07-24 12:32:54.78+05:30', false, true, 125);
INSERT INTO public.user_activities VALUES (63, 130, 125, true, true, true, false, NULL, true, 125, 130, '2023-06-19 15:40:17.042962+05:30', 125, '2023-07-24 12:32:54.813+05:30', false, true, 125);
INSERT INTO public.user_activities VALUES (89, 130, 165, true, false, false, false, NULL, false, NULL, 130, '2023-07-20 17:02:54.622732+05:30', NULL, NULL, false, false, NULL);
INSERT INTO public.user_activities VALUES (90, 165, 130, false, true, false, false, NULL, false, NULL, 130, '2023-07-20 17:02:54.894597+05:30', NULL, NULL, false, false, NULL);
INSERT INTO public.user_activities VALUES (98, 200, 125, true, true, true, false, NULL, false, NULL, 125, '2023-08-08 16:54:27.998182+05:30', 200, '2023-08-08 16:56:11.085+05:30', false, false, NULL);
INSERT INTO public.user_activities VALUES (97, 125, 200, true, true, true, false, NULL, false, NULL, 125, '2023-08-08 16:54:27.963723+05:30', 200, '2023-08-08 16:56:11.116+05:30', false, false, NULL);
INSERT INTO public.user_activities VALUES (72, 126, 130, true, true, true, false, NULL, false, NULL, 130, '2023-06-19 15:44:46.254193+05:30', 130, '2023-07-24 12:31:50.429+05:30', true, false, NULL);
INSERT INTO public.user_activities VALUES (67, 130, 128, true, true, true, false, NULL, false, 130, 130, '2023-06-19 15:42:06.916246+05:30', 130, '2023-07-20 17:12:36.856+05:30', false, false, NULL);
INSERT INTO public.user_activities VALUES (68, 128, 130, true, true, true, false, NULL, false, NULL, 130, '2023-06-19 15:42:06.948689+05:30', 130, '2023-07-20 17:12:36.883+05:30', false, false, NULL);
INSERT INTO public.user_activities VALUES (84, 125, 166, true, true, true, false, NULL, false, 125, 166, '2023-07-13 17:25:00.235429+05:30', 125, '2023-07-24 12:32:59.743+05:30', false, true, 125);
INSERT INTO public.user_activities VALUES (83, 166, 125, true, true, true, false, NULL, false, 125, 166, '2023-07-13 17:25:00.225794+05:30', 125, '2023-07-24 12:32:59.767+05:30', false, true, 125);
INSERT INTO public.user_activities VALUES (99, 166, 126, true, false, false, false, NULL, false, NULL, 166, '2023-08-08 17:38:54.191197+05:30', NULL, NULL, false, false, NULL);
INSERT INTO public.user_activities VALUES (100, 126, 166, false, true, false, false, NULL, false, NULL, 166, '2023-08-08 17:38:54.222955+05:30', NULL, NULL, false, false, NULL);
INSERT INTO public.user_activities VALUES (101, 166, 127, true, false, false, false, NULL, true, 127, 166, '2023-08-08 17:39:00.252421+05:30', NULL, NULL, false, false, NULL);
INSERT INTO public.user_activities VALUES (102, 127, 166, false, true, false, false, NULL, true, 127, 166, '2023-08-08 17:39:00.299692+05:30', NULL, NULL, false, false, NULL);
INSERT INTO public.user_activities VALUES (71, 130, 126, true, true, true, false, NULL, false, 130, 130, '2023-06-19 15:44:46.245724+05:30', 130, '2023-08-08 18:41:26.964+05:30', false, false, NULL);
INSERT INTO public.user_activities VALUES (69, 130, 127, true, false, false, true, 130, false, 130, 130, '2023-06-19 15:42:24.505067+05:30', 130, '2023-08-08 18:48:14.176+05:30', false, false, NULL);
INSERT INTO public.user_activities VALUES (103, 218, 197, true, false, false, false, NULL, false, NULL, 218, '2023-08-09 15:25:14.299388+05:30', NULL, NULL, false, false, NULL);
INSERT INTO public.user_activities VALUES (104, 197, 218, false, true, false, false, NULL, false, NULL, 218, '2023-08-09 15:25:14.595873+05:30', NULL, NULL, false, false, NULL);


--
-- Data for Name: user_additional_informations; Type: TABLE DATA; Schema: public; Owner: postgres
--

INSERT INTO public.user_additional_informations VALUES (40, 127, 2, 8, NULL, NULL, NULL, NULL, true);
INSERT INTO public.user_additional_informations VALUES (41, 127, 3, 13, NULL, NULL, NULL, NULL, true);
INSERT INTO public.user_additional_informations VALUES (42, 129, 1, 1, NULL, NULL, NULL, NULL, true);
INSERT INTO public.user_additional_informations VALUES (44, 129, 2, 8, NULL, NULL, NULL, NULL, true);
INSERT INTO public.user_additional_informations VALUES (45, 129, 3, 13, NULL, NULL, NULL, NULL, true);
INSERT INTO public.user_additional_informations VALUES (43, 130, 1, 1, NULL, NULL, NULL, NULL, true);
INSERT INTO public.user_additional_informations VALUES (46, 130, 2, 10, NULL, NULL, NULL, NULL, true);
INSERT INTO public.user_additional_informations VALUES (47, 130, 3, 14, NULL, NULL, NULL, NULL, true);
INSERT INTO public.user_additional_informations VALUES (49, 131, 2, 9, NULL, NULL, NULL, NULL, true);
INSERT INTO public.user_additional_informations VALUES (48, 131, 1, 1, NULL, NULL, NULL, NULL, true);
INSERT INTO public.user_additional_informations VALUES (39, 125, 1, 1, NULL, NULL, NULL, NULL, true);
INSERT INTO public.user_additional_informations VALUES (54, 125, 2, 8, NULL, NULL, NULL, NULL, true);
INSERT INTO public.user_additional_informations VALUES (55, 125, 3, 13, NULL, NULL, NULL, NULL, true);
INSERT INTO public.user_additional_informations VALUES (56, 125, 4, 16, NULL, NULL, NULL, NULL, true);
INSERT INTO public.user_additional_informations VALUES (57, 125, 5, 20, NULL, NULL, NULL, NULL, true);
INSERT INTO public.user_additional_informations VALUES (58, 200, 1, 1, NULL, NULL, NULL, NULL, true);
INSERT INTO public.user_additional_informations VALUES (59, 200, 2, 9, NULL, NULL, NULL, NULL, true);
INSERT INTO public.user_additional_informations VALUES (60, 200, 3, 13, NULL, NULL, NULL, NULL, true);
INSERT INTO public.user_additional_informations VALUES (61, 200, 4, 16, NULL, NULL, NULL, NULL, true);
INSERT INTO public.user_additional_informations VALUES (62, 200, 5, 20, NULL, NULL, NULL, NULL, true);


--
-- Data for Name: user_additional_languages; Type: TABLE DATA; Schema: public; Owner: postgres
--

INSERT INTO public.user_additional_languages VALUES (145, 125, 1, true);
INSERT INTO public.user_additional_languages VALUES (146, 125, 2, true);
INSERT INTO public.user_additional_languages VALUES (147, 126, 1, true);
INSERT INTO public.user_additional_languages VALUES (148, 126, 2, true);
INSERT INTO public.user_additional_languages VALUES (149, 127, 1, true);
INSERT INTO public.user_additional_languages VALUES (150, 127, 2, true);
INSERT INTO public.user_additional_languages VALUES (151, 128, 1, true);
INSERT INTO public.user_additional_languages VALUES (152, 128, 3, true);
INSERT INTO public.user_additional_languages VALUES (153, 129, 3, true);
INSERT INTO public.user_additional_languages VALUES (154, 129, 1, true);
INSERT INTO public.user_additional_languages VALUES (155, 129, 2, true);
INSERT INTO public.user_additional_languages VALUES (156, 130, 1, true);
INSERT INTO public.user_additional_languages VALUES (157, 130, 2, true);
INSERT INTO public.user_additional_languages VALUES (380, 217, 1, true);
INSERT INTO public.user_additional_languages VALUES (160, 132, 1, true);
INSERT INTO public.user_additional_languages VALUES (161, 132, 1, true);
INSERT INTO public.user_additional_languages VALUES (162, 132, 2, true);
INSERT INTO public.user_additional_languages VALUES (163, 133, 1, true);
INSERT INTO public.user_additional_languages VALUES (164, 133, 1, true);
INSERT INTO public.user_additional_languages VALUES (165, 133, 2, true);
INSERT INTO public.user_additional_languages VALUES (166, 134, 1, true);
INSERT INTO public.user_additional_languages VALUES (167, 134, 3, true);
INSERT INTO public.user_additional_languages VALUES (168, 131, 1, true);
INSERT INTO public.user_additional_languages VALUES (169, 131, 2, true);
INSERT INTO public.user_additional_languages VALUES (170, 131, 3, true);
INSERT INTO public.user_additional_languages VALUES (171, 135, 2, true);
INSERT INTO public.user_additional_languages VALUES (172, 135, 1, true);
INSERT INTO public.user_additional_languages VALUES (383, 218, 2, true);
INSERT INTO public.user_additional_languages VALUES (384, 218, 3, true);
INSERT INTO public.user_additional_languages VALUES (385, 218, 1, true);
INSERT INTO public.user_additional_languages VALUES (386, 219, 1, true);
INSERT INTO public.user_additional_languages VALUES (387, 219, 1, true);
INSERT INTO public.user_additional_languages VALUES (388, 219, 2, true);
INSERT INTO public.user_additional_languages VALUES (389, 220, 1, true);
INSERT INTO public.user_additional_languages VALUES (390, 220, 1, true);
INSERT INTO public.user_additional_languages VALUES (391, 220, 2, true);
INSERT INTO public.user_additional_languages VALUES (392, 222, 2, true);
INSERT INTO public.user_additional_languages VALUES (393, 222, 1, true);
INSERT INTO public.user_additional_languages VALUES (394, 223, 2, true);
INSERT INTO public.user_additional_languages VALUES (395, 223, 1, true);
INSERT INTO public.user_additional_languages VALUES (396, 224, 2, true);
INSERT INTO public.user_additional_languages VALUES (244, 162, 1, true);
INSERT INTO public.user_additional_languages VALUES (245, 162, 2, true);
INSERT INTO public.user_additional_languages VALUES (246, 163, 1, true);
INSERT INTO public.user_additional_languages VALUES (247, 163, 2, true);
INSERT INTO public.user_additional_languages VALUES (248, 164, 1, true);
INSERT INTO public.user_additional_languages VALUES (249, 164, 2, true);
INSERT INTO public.user_additional_languages VALUES (250, 165, 1, true);
INSERT INTO public.user_additional_languages VALUES (251, 165, 2, true);
INSERT INTO public.user_additional_languages VALUES (252, 166, 1, true);
INSERT INTO public.user_additional_languages VALUES (253, 166, 2, true);
INSERT INTO public.user_additional_languages VALUES (397, 224, 1, true);
INSERT INTO public.user_additional_languages VALUES (398, 225, 2, true);
INSERT INTO public.user_additional_languages VALUES (399, 225, 1, true);
INSERT INTO public.user_additional_languages VALUES (400, 226, 2, true);
INSERT INTO public.user_additional_languages VALUES (401, 226, 1, true);
INSERT INTO public.user_additional_languages VALUES (402, 227, 2, true);
INSERT INTO public.user_additional_languages VALUES (403, 227, 1, true);
INSERT INTO public.user_additional_languages VALUES (404, 229, 16, true);
INSERT INTO public.user_additional_languages VALUES (405, 230, 16, true);
INSERT INTO public.user_additional_languages VALUES (406, 231, 16, true);
INSERT INTO public.user_additional_languages VALUES (407, 232, 1, true);
INSERT INTO public.user_additional_languages VALUES (296, 182, 1, true);
INSERT INTO public.user_additional_languages VALUES (297, 182, 1, true);
INSERT INTO public.user_additional_languages VALUES (298, 182, 2, true);
INSERT INTO public.user_additional_languages VALUES (299, 183, 1, true);
INSERT INTO public.user_additional_languages VALUES (300, 183, 1, true);
INSERT INTO public.user_additional_languages VALUES (301, 183, 2, true);
INSERT INTO public.user_additional_languages VALUES (302, 184, 1, true);
INSERT INTO public.user_additional_languages VALUES (303, 184, 1, true);
INSERT INTO public.user_additional_languages VALUES (304, 184, 2, true);
INSERT INTO public.user_additional_languages VALUES (305, 185, 1, true);
INSERT INTO public.user_additional_languages VALUES (306, 185, 1, true);
INSERT INTO public.user_additional_languages VALUES (307, 185, 2, true);
INSERT INTO public.user_additional_languages VALUES (308, 186, 1, true);
INSERT INTO public.user_additional_languages VALUES (309, 186, 1, true);
INSERT INTO public.user_additional_languages VALUES (310, 186, 2, true);
INSERT INTO public.user_additional_languages VALUES (311, 187, 1, true);
INSERT INTO public.user_additional_languages VALUES (312, 188, 1, true);
INSERT INTO public.user_additional_languages VALUES (313, 190, 1, true);
INSERT INTO public.user_additional_languages VALUES (314, 190, 1, true);
INSERT INTO public.user_additional_languages VALUES (315, 190, 2, true);
INSERT INTO public.user_additional_languages VALUES (325, 197, 1, true);
INSERT INTO public.user_additional_languages VALUES (326, 197, 2, true);
INSERT INTO public.user_additional_languages VALUES (327, 198, 1, true);
INSERT INTO public.user_additional_languages VALUES (328, 198, 2, true);
INSERT INTO public.user_additional_languages VALUES (329, 199, 2, true);
INSERT INTO public.user_additional_languages VALUES (330, 200, 2, true);
INSERT INTO public.user_additional_languages VALUES (331, 200, 1, true);


--
-- Data for Name: user_articles; Type: TABLE DATA; Schema: public; Owner: postgres
--

INSERT INTO public.user_articles VALUES (52, 40, 125);
INSERT INTO public.user_articles VALUES (53, 40, 130);
INSERT INTO public.user_articles VALUES (54, 41, 200);
INSERT INTO public.user_articles VALUES (55, 40, 218);


--
-- Data for Name: user_citizenship_documents; Type: TABLE DATA; Schema: public; Owner: postgres
--

INSERT INTO public.user_citizenship_documents VALUES (135, 163, true, 'public/uploads/rn_image_picker_lib_temp_7689ad20-f3ea-460c-a2be-38111c3df9f6.jpg', true, 'public/uploads/rn_image_picker_lib_temp_210dd9bf-97de-495d-a3ff-b02c0bb76fbb.jpg', NULL, NULL);
INSERT INTO public.user_citizenship_documents VALUES (137, 165, true, 'public/uploads/rn_image_picker_lib_temp_c42d8083-86ce-4aeb-94ea-d90546323b0a.jpg', true, 'public/uploads/rn_image_picker_lib_temp_3233fb2d-73b6-4888-ad8f-be19c9b9c418.jpg', NULL, NULL);
INSERT INTO public.user_citizenship_documents VALUES (165, 198, true, 'public/uploads/rn_image_picker_lib_temp_db62e65b-4ad1-46a1-9ccc-5f44a74cbced.jpg', false, NULL, NULL, NULL);
INSERT INTO public.user_citizenship_documents VALUES (167, 200, true, 'public/uploads/rn_image_picker_lib_temp_feda9916-1000-42e5-9ef2-4c38a3fa0d66.jpg', true, 'public/uploads/rn_image_picker_lib_temp_4609eda0-db31-414b-89d0-da1ebeda7b19.jpg', NULL, NULL);
INSERT INTO public.user_citizenship_documents VALUES (153, 182, true, 'public/uploads/hero-800px-9fbe463f.jpg', false, NULL, NULL, NULL);
INSERT INTO public.user_citizenship_documents VALUES (157, 186, true, 'public/uploads/hero-800px-9fbe463f.jpg', false, NULL, NULL, NULL);
INSERT INTO public.user_citizenship_documents VALUES (155, 184, true, 'public/uploads/hero-800px-9fbe463f.jpg', false, NULL, NULL, true);
INSERT INTO public.user_citizenship_documents VALUES (185, 218, true, 'public/uploads/rn_image_picker_lib_temp_9cd3d59a-df50-4ded-9927-b8ba8ff1e736.jpg', true, 'public/uploads/rn_image_picker_lib_temp_c1a24df2-f8b8-474e-91f2-5c4389851d8c.jpg', NULL, NULL);
INSERT INTO public.user_citizenship_documents VALUES (186, 219, true, 'public/uploads/hero-800px-9fbe463f.jpg', true, 'public/uploads/hero-800px-9fbe463f.jpg', NULL, NULL);
INSERT INTO public.user_citizenship_documents VALUES (188, 222, true, 'public/uploads/hero-800px-9fbe463f.jpg', false, NULL, NULL, NULL);
INSERT INTO public.user_citizenship_documents VALUES (190, 224, true, 'public/uploads/hero-800px-9fbe463f.jpg', false, NULL, NULL, NULL);
INSERT INTO public.user_citizenship_documents VALUES (192, 226, true, 'public/uploads/hero-800px-9fbe463f.jpg', false, NULL, NULL, NULL);
INSERT INTO public.user_citizenship_documents VALUES (194, 229, false, NULL, false, NULL, NULL, NULL);
INSERT INTO public.user_citizenship_documents VALUES (196, 231, false, NULL, false, NULL, NULL, NULL);
INSERT INTO public.user_citizenship_documents VALUES (159, 188, true, 'public/uploads/rn_image_picker_lib_temp_8252046e-dd7a-4d16-a189-adfe0a821069.jpg', false, NULL, true, false);
INSERT INTO public.user_citizenship_documents VALUES (134, 162, true, 'public/uploads/rn_image_picker_lib_temp_9d3d0b25-8b14-4d6b-bd51-0cabe8c960ea.jpg', true, 'public/uploads/rn_image_picker_lib_temp_c1559e03-21a9-4a93-9f9a-aba7148c61ea.jpg', NULL, NULL);
INSERT INTO public.user_citizenship_documents VALUES (101, 127, true, 'public/uploads/rn_image_picker_lib_temp_866b2b7b-3926-4576-8336-40971d198fda.jpg', true, 'public/uploads/rn_image_picker_lib_temp_903d90f8-15bd-4b55-a23c-58fc68e1538f.jpg', NULL, NULL);
INSERT INTO public.user_citizenship_documents VALUES (103, 129, true, 'public/uploads/rn_image_picker_lib_temp_56b04ae9-326f-4c99-a240-6d9b131df51b.jpg', true, 'public/uploads/rn_image_picker_lib_temp_9e9a54bd-e754-48f0-bb71-9adcebbed615.jpg', NULL, NULL);
INSERT INTO public.user_citizenship_documents VALUES (104, 130, true, 'public/uploads/rn_image_picker_lib_temp_103d4c2f-249f-4e7a-b361-75503fd6829a.jpg', true, 'public/uploads/rn_image_picker_lib_temp_12d2325e-95d2-40cc-b175-84dfdff1ede7.jpg', NULL, NULL);
INSERT INTO public.user_citizenship_documents VALUES (136, 164, true, 'public/uploads/rn_image_picker_lib_temp_e44fb692-67ec-4767-a281-b66feeabb718.jpg', true, 'public/uploads/rn_image_picker_lib_temp_e569443a-132f-4e67-a8fd-de561adbd6e4.jpg', NULL, NULL);
INSERT INTO public.user_citizenship_documents VALUES (105, 131, true, 'public/uploads/rn_image_picker_lib_temp_26361d44-84d0-42ce-9b05-ecdb744b57c2.jpg', true, 'public/uploads/rn_image_picker_lib_temp_3de6a940-ee39-4d3c-a364-0cac5156f8e0.jpg', true, true);
INSERT INTO public.user_citizenship_documents VALUES (106, 132, true, 'public/uploads/flower.jpeg', true, 'public/uploads/hero-800px-9fbe463f.jpg', NULL, NULL);
INSERT INTO public.user_citizenship_documents VALUES (107, 133, true, 'public/uploads/flower.jpeg', true, 'public/uploads/hero-800px-9fbe463f.jpg', NULL, NULL);
INSERT INTO public.user_citizenship_documents VALUES (138, 166, true, 'public/uploads/rn_image_picker_lib_temp_141d68c0-c7e9-4cc1-97e5-e647bc4b244e.jpg', true, 'public/uploads/rn_image_picker_lib_temp_1efd23bc-39b8-4949-92e0-154bfefafcac.jpg', NULL, NULL);
INSERT INTO public.user_citizenship_documents VALUES (102, 128, true, 'public/uploads/rn_image_picker_lib_temp_722bf181-bead-4637-bf95-b6b6ceea0b16.jpg', true, 'public/uploads/rn_image_picker_lib_temp_18488ca6-dd72-47cc-b384-38276a42fbe9.jpg', true, true);
INSERT INTO public.user_citizenship_documents VALUES (108, 134, true, 'public/uploads/rn_image_picker_lib_temp_36b4cba2-4832-437e-8200-6505ee8d5bc4.jpg', true, 'public/uploads/rn_image_picker_lib_temp_3f9d2b0a-a68d-4d5c-b66b-80dab848c4a6.jpg', NULL, NULL);
INSERT INTO public.user_citizenship_documents VALUES (109, 135, true, 'public/uploads/rn_image_picker_lib_temp_f94da31c-613b-4cd0-b94f-0fb56ff49e1a.jpg', true, 'public/uploads/rn_image_picker_lib_temp_f38df7b9-9218-4e54-a00a-63ff6af166e7.jpg', NULL, NULL);
INSERT INTO public.user_citizenship_documents VALUES (100, 126, true, 'public/uploads/rn_image_picker_lib_temp_95b02129-c51e-443c-b00a-851a43fdce8b.jpg', true, 'public/uploads/rn_image_picker_lib_temp_387f6a56-beef-4325-bcc9-3f55f4a94048.jpg', false, true);
INSERT INTO public.user_citizenship_documents VALUES (154, 183, true, 'public/uploads/hero-800px-9fbe463f.jpg', false, NULL, NULL, NULL);
INSERT INTO public.user_citizenship_documents VALUES (158, 187, true, 'public/uploads/rn_image_picker_lib_temp_8747ae00-a86c-449c-bd90-77e5040fc7cf.jpg', false, NULL, NULL, NULL);
INSERT INTO public.user_citizenship_documents VALUES (160, 190, true, 'public/uploads/hero-800px-9fbe463f.jpg', false, NULL, NULL, NULL);
INSERT INTO public.user_citizenship_documents VALUES (156, 185, true, 'public/uploads/hero-800px-9fbe463f.jpg', false, NULL, true, true);
INSERT INTO public.user_citizenship_documents VALUES (164, 197, true, 'public/uploads/rn_image_picker_lib_temp_bfc1effd-575b-436c-b1a8-55313137c830.jpg', false, NULL, NULL, NULL);
INSERT INTO public.user_citizenship_documents VALUES (166, 199, true, 'public/uploads/rn_image_picker_lib_temp_9de1f461-b5b3-4151-813f-a2ef2869a7c7.jpg', false, NULL, NULL, NULL);
INSERT INTO public.user_citizenship_documents VALUES (99, 125, true, 'public/uploads/rn_image_picker_lib_temp_93243a61-5df1-4a34-b630-0d38336ee6b0.jpg', true, 'public/uploads/rn_image_picker_lib_temp_e8a6ff0a-d921-456a-b6c7-72ba23020d9f.jpg', false, true);
INSERT INTO public.user_citizenship_documents VALUES (184, 217, true, 'public/uploads/rn_image_picker_lib_temp_2abb60c1-37af-4c5a-a933-025dbc4f3a1b.jpg', false, NULL, NULL, NULL);
INSERT INTO public.user_citizenship_documents VALUES (187, 220, true, 'public/uploads/hero-800px-9fbe463f.jpg', true, 'public/uploads/hero-800px-9fbe463f.jpg', NULL, NULL);
INSERT INTO public.user_citizenship_documents VALUES (189, 223, true, 'public/uploads/hero-800px-9fbe463f.jpg', false, NULL, NULL, NULL);
INSERT INTO public.user_citizenship_documents VALUES (191, 225, true, 'public/uploads/hero-800px-9fbe463f.jpg', false, NULL, NULL, NULL);
INSERT INTO public.user_citizenship_documents VALUES (193, 227, true, 'public/uploads/hero-800px-9fbe463f.jpg', false, NULL, NULL, NULL);
INSERT INTO public.user_citizenship_documents VALUES (195, 230, false, NULL, false, NULL, NULL, NULL);
INSERT INTO public.user_citizenship_documents VALUES (197, 232, true, 'public/uploads/rn_image_picker_lib_temp_f29416ea-ed7d-49c5-ab1b-8a9875b58d1c.jpg', false, NULL, NULL, NULL);


--
-- Data for Name: user_eating_and_drinking_habits; Type: TABLE DATA; Schema: public; Owner: postgres
--

INSERT INTO public.user_eating_and_drinking_habits VALUES (116, 125, 2, 1, 2);
INSERT INTO public.user_eating_and_drinking_habits VALUES (117, 126, 1, 1, 1);
INSERT INTO public.user_eating_and_drinking_habits VALUES (118, 127, 1, 2, 1);
INSERT INTO public.user_eating_and_drinking_habits VALUES (119, 128, 2, 4, 4);
INSERT INTO public.user_eating_and_drinking_habits VALUES (120, 129, 1, 1, 1);
INSERT INTO public.user_eating_and_drinking_habits VALUES (121, 130, 2, 2, 2);
INSERT INTO public.user_eating_and_drinking_habits VALUES (123, 132, 1, 1, 1);
INSERT INTO public.user_eating_and_drinking_habits VALUES (124, 133, 1, 1, 1);
INSERT INTO public.user_eating_and_drinking_habits VALUES (125, 134, 1, 3, 1);
INSERT INTO public.user_eating_and_drinking_habits VALUES (122, 131, 2, 2, 3);
INSERT INTO public.user_eating_and_drinking_habits VALUES (126, 135, 1, 1, 1);
INSERT INTO public.user_eating_and_drinking_habits VALUES (151, 162, 1, 1, 1);
INSERT INTO public.user_eating_and_drinking_habits VALUES (152, 163, 1, 1, 1);
INSERT INTO public.user_eating_and_drinking_habits VALUES (153, 164, 1, 1, 1);
INSERT INTO public.user_eating_and_drinking_habits VALUES (154, 165, 1, 1, 1);
INSERT INTO public.user_eating_and_drinking_habits VALUES (155, 166, 1, 1, 1);
INSERT INTO public.user_eating_and_drinking_habits VALUES (170, 182, 1, 1, 1);
INSERT INTO public.user_eating_and_drinking_habits VALUES (171, 183, 1, 1, 1);
INSERT INTO public.user_eating_and_drinking_habits VALUES (172, 184, 1, 1, 1);
INSERT INTO public.user_eating_and_drinking_habits VALUES (173, 185, 1, 1, 1);
INSERT INTO public.user_eating_and_drinking_habits VALUES (174, 186, 1, 1, 1);
INSERT INTO public.user_eating_and_drinking_habits VALUES (175, 187, 1, 1, 1);
INSERT INTO public.user_eating_and_drinking_habits VALUES (176, 188, 1, 1, 1);
INSERT INTO public.user_eating_and_drinking_habits VALUES (177, 190, 1, 1, 1);
INSERT INTO public.user_eating_and_drinking_habits VALUES (181, 197, 1, 1, 1);
INSERT INTO public.user_eating_and_drinking_habits VALUES (182, 198, 1, 1, 1);
INSERT INTO public.user_eating_and_drinking_habits VALUES (183, 199, 3, 2, 4);
INSERT INTO public.user_eating_and_drinking_habits VALUES (184, 200, 1, 1, 1);
INSERT INTO public.user_eating_and_drinking_habits VALUES (201, 217, 1, 1, 1);
INSERT INTO public.user_eating_and_drinking_habits VALUES (202, 218, 2, 2, 4);
INSERT INTO public.user_eating_and_drinking_habits VALUES (203, 219, 1, 1, 1);
INSERT INTO public.user_eating_and_drinking_habits VALUES (204, 220, 1, 1, 1);
INSERT INTO public.user_eating_and_drinking_habits VALUES (205, 222, 1, 1, 1);
INSERT INTO public.user_eating_and_drinking_habits VALUES (206, 223, 1, 1, 1);
INSERT INTO public.user_eating_and_drinking_habits VALUES (207, 224, 1, 1, 1);
INSERT INTO public.user_eating_and_drinking_habits VALUES (208, 225, 1, 1, 1);
INSERT INTO public.user_eating_and_drinking_habits VALUES (209, 226, 1, 1, 1);
INSERT INTO public.user_eating_and_drinking_habits VALUES (210, 227, 1, 1, 1);
INSERT INTO public.user_eating_and_drinking_habits VALUES (211, 229, 1, 1, 1);
INSERT INTO public.user_eating_and_drinking_habits VALUES (212, 230, 1, 1, 1);
INSERT INTO public.user_eating_and_drinking_habits VALUES (213, 231, 1, 1, 1);
INSERT INTO public.user_eating_and_drinking_habits VALUES (214, 232, 2, 2, 2);


--
-- Data for Name: user_educational_documents; Type: TABLE DATA; Schema: public; Owner: postgres
--

INSERT INTO public.user_educational_documents VALUES (134, 218, 2, 'public/uploads/rn_image_picker_lib_temp_3de3c0d1-5841-4ff5-8451-755181e55536.jpg', true, NULL);
INSERT INTO public.user_educational_documents VALUES (135, 219, 2, 'public/uploads/tigerr.jpeg', true, NULL);
INSERT INTO public.user_educational_documents VALUES (136, 231, 2, 'public/uploads/pexels-blaque-x-863963.jpg', true, NULL);
INSERT INTO public.user_educational_documents VALUES (107, 132, 2, 'public/uploads/bottle.png', true, NULL);
INSERT INTO public.user_educational_documents VALUES (109, 133, 2, 'public/uploads/bottle.png', true, NULL);


--
-- Data for Name: user_educations; Type: TABLE DATA; Schema: public; Owner: postgres
--

INSERT INTO public.user_educations VALUES (190, 217, NULL, '9', '3 Years Or More', 1);
INSERT INTO public.user_educations VALUES (191, 218, NULL, '8', '0-6 Months', 2);
INSERT INTO public.user_educations VALUES (165, 188, NULL, '14,9,8', '3 Years Or More', 1);
INSERT INTO public.user_educations VALUES (192, 219, NULL, '1,2,3', '2005-2007', 1);
INSERT INTO public.user_educations VALUES (193, 220, NULL, '1,2,3', '2005-2007', 1);
INSERT INTO public.user_educations VALUES (194, 222, NULL, '1,2,3', '2005-2007', 1);
INSERT INTO public.user_educations VALUES (195, 223, NULL, '1,2,3', '2005-2007', 1);
INSERT INTO public.user_educations VALUES (140, 162, NULL, '10,9,4', '0-6 Months', 1);
INSERT INTO public.user_educations VALUES (141, 163, NULL, '8,10', '0-6 Months', 1);
INSERT INTO public.user_educations VALUES (142, 164, NULL, '4,9', '0-6 Months', 1);
INSERT INTO public.user_educations VALUES (143, 165, NULL, '5', '1 to 2 Years', 1);
INSERT INTO public.user_educations VALUES (196, 224, NULL, '1,2,3', '2005-2007', 1);
INSERT INTO public.user_educations VALUES (121, 130, NULL, '5,8', '0-6 Months', 1);
INSERT INTO public.user_educations VALUES (197, 225, NULL, '1,2,3', '2005-2007', 1);
INSERT INTO public.user_educations VALUES (144, 166, NULL, '5,8', '0-6 Months', 1);
INSERT INTO public.user_educations VALUES (198, 226, NULL, '1,2,3', '2005-2007', 1);
INSERT INTO public.user_educations VALUES (199, 227, NULL, '1,2,3', '2005-2007', 1);
INSERT INTO public.user_educations VALUES (200, 229, NULL, '1,2,3', '2005-2007', 1);
INSERT INTO public.user_educations VALUES (201, 230, NULL, '1,2,3', '2005-2007', 1);
INSERT INTO public.user_educations VALUES (202, 231, NULL, '1,2,3', '2005-2007', 1);
INSERT INTO public.user_educations VALUES (203, 232, NULL, '14', '0-6 Months', 1);
INSERT INTO public.user_educations VALUES (159, 182, NULL, '1,2,3', '2005-2007', 1);
INSERT INTO public.user_educations VALUES (160, 183, NULL, '1,2,3', '2005-2007', 1);
INSERT INTO public.user_educations VALUES (117, 126, NULL, NULL, '0-6 Months', 2);
INSERT INTO public.user_educations VALUES (118, 127, NULL, NULL, '0-6 Months', 3);
INSERT INTO public.user_educations VALUES (119, 128, NULL, NULL, '0-6 Months', 4);
INSERT INTO public.user_educations VALUES (120, 129, NULL, NULL, '0-6 Months', 2);
INSERT INTO public.user_educations VALUES (123, 132, NULL, NULL, '2005-2007', 1);
INSERT INTO public.user_educations VALUES (124, 133, NULL, NULL, '2005-2007', 1);
INSERT INTO public.user_educations VALUES (125, 134, NULL, NULL, '0-6 Months', 1);
INSERT INTO public.user_educations VALUES (126, 135, NULL, NULL, '0-6 Months', 1);
INSERT INTO public.user_educations VALUES (161, 184, NULL, '1,2,3', '2005-2007', 1);
INSERT INTO public.user_educations VALUES (162, 185, NULL, '1,2,3', '2005-2007', 1);
INSERT INTO public.user_educations VALUES (163, 186, NULL, '1,2,3', '2005-2007', 1);
INSERT INTO public.user_educations VALUES (164, 187, NULL, '14', '0-6 Months', 1);
INSERT INTO public.user_educations VALUES (166, 190, NULL, '1,2,3', '2005-2007', 1);
INSERT INTO public.user_educations VALUES (122, 131, NULL, '4,5,8', '2019-2022', 2);
INSERT INTO public.user_educations VALUES (170, 197, NULL, '14', '1 to 2 Years', 1);
INSERT INTO public.user_educations VALUES (171, 198, NULL, '14', '0-6 Months', 1);
INSERT INTO public.user_educations VALUES (116, 125, NULL, '5,8', '0-6 Months', 1);
INSERT INTO public.user_educations VALUES (172, 199, NULL, '9,8,5', '1 to 2 Years', 2);
INSERT INTO public.user_educations VALUES (173, 200, NULL, '14', '1 to 2 Years', 5);


--
-- Data for Name: user_employment_documents; Type: TABLE DATA; Schema: public; Owner: postgres
--

INSERT INTO public.user_employment_documents VALUES (128, 127, 1, 'public/uploads/rn_image_picker_lib_temp_2fda4914-3350-4466-9df7-7c75b578e98a.jpg', true, false);
INSERT INTO public.user_employment_documents VALUES (130, 129, 1, 'public/uploads/rn_image_picker_lib_temp_59e0d5d7-9407-4b22-b822-7dd396618d43.jpg', true, false);
INSERT INTO public.user_employment_documents VALUES (131, 130, 1, 'public/uploads/rn_image_picker_lib_temp_34ce706e-4afe-470d-8757-32aa7ace1851.jpg', true, false);
INSERT INTO public.user_employment_documents VALUES (132, 131, 1, 'public/uploads/rn_image_picker_lib_temp_6c466878-ba1c-490f-a5a1-6398b7f8a59d.jpg', true, true);
INSERT INTO public.user_employment_documents VALUES (133, 132, 1, 'public/uploads/istockphoto-1133444047-612x612.jpg', true, false);
INSERT INTO public.user_employment_documents VALUES (134, 132, 2, 'public/uploads/pexels-blaque-x-863963.jpg', true, false);
INSERT INTO public.user_employment_documents VALUES (135, 133, 1, 'public/uploads/istockphoto-1133444047-612x612.jpg', true, false);
INSERT INTO public.user_employment_documents VALUES (136, 133, 2, 'public/uploads/pexels-blaque-x-863963.jpg', true, false);
INSERT INTO public.user_employment_documents VALUES (129, 128, 1, 'public/uploads/rn_image_picker_lib_temp_88a277ec-ed4a-4ea2-b6fb-96a1fd0e918c.jpg', true, true);
INSERT INTO public.user_employment_documents VALUES (137, 134, 1, 'public/uploads/rn_image_picker_lib_temp_13eb375a-cb39-4dff-847a-c38620392926.jpg', true, false);
INSERT INTO public.user_employment_documents VALUES (138, 135, 1, 'public/uploads/rn_image_picker_lib_temp_d3e7e8c4-ba36-4c3c-906f-d5924e42541c.jpg', true, false);
INSERT INTO public.user_employment_documents VALUES (126, 125, 1, 'public/uploads/rn_image_picker_lib_temp_cd9df0c3-7766-406a-b9a7-81f19ab200fe.jpg', true, true);
INSERT INTO public.user_employment_documents VALUES (127, 126, 1, 'public/uploads/rn_image_picker_lib_temp_c5a8405d-9b0d-42b7-b7b9-e5ee0e889aa9.jpg', true, true);
INSERT INTO public.user_employment_documents VALUES (158, 217, 1, 'public/uploads/rn_image_picker_lib_temp_dc608cf9-7782-40a8-8e9d-0a63c53821b7.jpg', true, false);
INSERT INTO public.user_employment_documents VALUES (159, 218, 1, 'public/uploads/rn_image_picker_lib_temp_f2489c39-dec6-45b2-85e3-c0b92400de13.jpg', true, false);
INSERT INTO public.user_employment_documents VALUES (160, 219, 2, 'public/uploads/bottle.png', true, false);
INSERT INTO public.user_employment_documents VALUES (161, 231, 2, 'public/uploads/flower.jpeg', true, false);
INSERT INTO public.user_employment_documents VALUES (162, 232, 1, 'public/uploads/rn_image_picker_lib_temp_c46ca134-b0ca-4bac-9429-596cb77a9723.jpg', true, false);


--
-- Data for Name: user_employments; Type: TABLE DATA; Schema: public; Owner: postgres
--

INSERT INTO public.user_employments VALUES (117, 126, NULL, 'India', '29100', false, 1);
INSERT INTO public.user_employments VALUES (118, 127, NULL, 'India', '25200', false, 1);
INSERT INTO public.user_employments VALUES (119, 128, NULL, 'India', '36000', false, 1);
INSERT INTO public.user_employments VALUES (120, 129, NULL, 'India', '24400', false, 1);
INSERT INTO public.user_employments VALUES (123, 132, NULL, 'pune', '50000', false, 2);
INSERT INTO public.user_employments VALUES (124, 133, NULL, 'pune', '50000', false, 2);
INSERT INTO public.user_employments VALUES (125, 134, NULL, 'India', '44300', false, 4);
INSERT INTO public.user_employments VALUES (190, 217, NULL, 'Afganistan', '250000', false, 1);
INSERT INTO public.user_employments VALUES (126, 135, NULL, 'India', '37300', false, 1);
INSERT INTO public.user_employments VALUES (191, 218, NULL, 'USA', '94700', false, 4);
INSERT INTO public.user_employments VALUES (192, 219, NULL, 'pune', '50000', false, 2);
INSERT INTO public.user_employments VALUES (193, 220, NULL, 'pune', '50000', false, 2);
INSERT INTO public.user_employments VALUES (194, 222, NULL, 'pune', '50000', false, 2);
INSERT INTO public.user_employments VALUES (195, 223, NULL, 'pune', '50000', false, 2);
INSERT INTO public.user_employments VALUES (196, 224, NULL, 'pune', '50000', false, 2);
INSERT INTO public.user_employments VALUES (197, 225, NULL, 'pune', '50000', false, 2);
INSERT INTO public.user_employments VALUES (198, 226, NULL, 'pune', '50000', false, 2);
INSERT INTO public.user_employments VALUES (199, 227, NULL, 'pune', '50000', false, 2);
INSERT INTO public.user_employments VALUES (200, 229, NULL, 'pune', '50000', false, 2);
INSERT INTO public.user_employments VALUES (201, 230, NULL, 'pune', '50000', false, 2);
INSERT INTO public.user_employments VALUES (202, 231, NULL, 'pune', '50000', false, 2);
INSERT INTO public.user_employments VALUES (140, 162, NULL, 'India', '34900', false, 1);
INSERT INTO public.user_employments VALUES (141, 163, NULL, 'India', '18600', false, 1);
INSERT INTO public.user_employments VALUES (142, 164, NULL, 'India', '34900', false, 1);
INSERT INTO public.user_employments VALUES (143, 165, NULL, 'India', '47800', false, 1);
INSERT INTO public.user_employments VALUES (203, 232, NULL, 'Afganistan', '250000', false, 1);
INSERT INTO public.user_employments VALUES (121, 130, NULL, 'India', '29100', false, 1);
INSERT INTO public.user_employments VALUES (144, 166, NULL, 'India', '28800', false, 1);
INSERT INTO public.user_employments VALUES (159, 182, NULL, 'pune', '50000', false, 2);
INSERT INTO public.user_employments VALUES (160, 183, NULL, 'pune', '50000', false, 2);
INSERT INTO public.user_employments VALUES (161, 184, NULL, 'pune', '50000', false, 2);
INSERT INTO public.user_employments VALUES (162, 185, NULL, 'pune', '50000', false, 2);
INSERT INTO public.user_employments VALUES (163, 186, NULL, 'pune', '50000', false, 2);
INSERT INTO public.user_employments VALUES (164, 187, NULL, 'India', '52400', false, 1);
INSERT INTO public.user_employments VALUES (165, 188, NULL, 'India', '47100', false, 1);
INSERT INTO public.user_employments VALUES (166, 190, NULL, 'pune', '50000', false, 2);
INSERT INTO public.user_employments VALUES (122, 131, NULL, 'Kolkata', '10 lac - 20 lac', false, 2);
INSERT INTO public.user_employments VALUES (170, 197, NULL, 'Afganistan', '23400', false, 1);
INSERT INTO public.user_employments VALUES (171, 198, NULL, 'India', '250000', false, 1);
INSERT INTO public.user_employments VALUES (116, 125, NULL, 'India', '29100', false, 1);
INSERT INTO public.user_employments VALUES (172, 199, NULL, 'Afganistan', '250000', false, 1);
INSERT INTO public.user_employments VALUES (173, 200, NULL, 'Afganistan', '63800', false, 4);


--
-- Data for Name: user_marital_status; Type: TABLE DATA; Schema: public; Owner: postgres
--

INSERT INTO public.user_marital_status VALUES (139, 162, 1, 1, true, true, 1, 1);
INSERT INTO public.user_marital_status VALUES (140, 163, 1, 1, true, true, 1, 1);
INSERT INTO public.user_marital_status VALUES (141, 164, 1, 1, true, true, 1, 1);
INSERT INTO public.user_marital_status VALUES (142, 165, 1, 1, true, true, 1, 1);
INSERT INTO public.user_marital_status VALUES (143, 166, 1, 1, true, true, 1, 1);
INSERT INTO public.user_marital_status VALUES (158, 182, 1, 1, false, false, 1, 2);
INSERT INTO public.user_marital_status VALUES (159, 183, 1, 1, false, false, 1, 2);
INSERT INTO public.user_marital_status VALUES (160, 184, 1, 1, false, false, 1, 2);
INSERT INTO public.user_marital_status VALUES (161, 185, 1, 1, false, false, 1, 2);
INSERT INTO public.user_marital_status VALUES (162, 186, 1, 1, false, false, 1, 2);
INSERT INTO public.user_marital_status VALUES (163, 187, 1, 1, true, true, 10, 1);
INSERT INTO public.user_marital_status VALUES (164, 188, 1, 1, true, true, 10, 2);
INSERT INTO public.user_marital_status VALUES (165, 190, 1, 1, false, false, 1, 2);
INSERT INTO public.user_marital_status VALUES (104, 125, 1, 2, false, false, 0, NULL);
INSERT INTO public.user_marital_status VALUES (105, 126, 1, 1, true, true, 1, NULL);
INSERT INTO public.user_marital_status VALUES (106, 127, 1, 1, false, true, 1, NULL);
INSERT INTO public.user_marital_status VALUES (107, 128, 2, 2, false, false, 0, NULL);
INSERT INTO public.user_marital_status VALUES (108, 129, 1, 1, true, true, 2, NULL);
INSERT INTO public.user_marital_status VALUES (109, 130, 2, 2, false, false, 0, NULL);
INSERT INTO public.user_marital_status VALUES (111, 132, 1, 1, false, false, 1, NULL);
INSERT INTO public.user_marital_status VALUES (112, 133, 1, 1, false, false, 1, NULL);
INSERT INTO public.user_marital_status VALUES (113, 134, 1, 1, false, false, 0, NULL);
INSERT INTO public.user_marital_status VALUES (110, 131, 4, 2, true, false, 3, NULL);
INSERT INTO public.user_marital_status VALUES (114, 135, 1, 2, false, false, 0, NULL);
INSERT INTO public.user_marital_status VALUES (169, 197, 1, 1, true, true, 1, 1);
INSERT INTO public.user_marital_status VALUES (170, 198, 1, 1, true, true, 1, 1);
INSERT INTO public.user_marital_status VALUES (171, 199, 5, 2, false, false, 0, 0);
INSERT INTO public.user_marital_status VALUES (172, 200, 1, 1, true, true, 3, 1);
INSERT INTO public.user_marital_status VALUES (189, 217, 3, 2, false, false, 0, 0);
INSERT INTO public.user_marital_status VALUES (190, 218, 2, 2, false, false, 0, 0);
INSERT INTO public.user_marital_status VALUES (191, 219, 1, 1, false, false, 1, 2);
INSERT INTO public.user_marital_status VALUES (192, 220, 1, 1, false, false, 1, 2);
INSERT INTO public.user_marital_status VALUES (193, 222, 1, 1, false, false, 1, 2);
INSERT INTO public.user_marital_status VALUES (194, 223, 1, 1, false, false, 1, 2);
INSERT INTO public.user_marital_status VALUES (195, 224, 1, 1, false, false, 1, 2);
INSERT INTO public.user_marital_status VALUES (196, 225, 1, 1, false, false, 1, 2);
INSERT INTO public.user_marital_status VALUES (197, 226, 1, 1, false, false, 1, 2);
INSERT INTO public.user_marital_status VALUES (198, 227, 1, 1, false, false, 1, 2);
INSERT INTO public.user_marital_status VALUES (199, 229, 1, 1, false, false, 1, 2);
INSERT INTO public.user_marital_status VALUES (200, 230, 1, 1, false, false, 1, 2);
INSERT INTO public.user_marital_status VALUES (201, 231, 1, 1, false, false, 1, 2);
INSERT INTO public.user_marital_status VALUES (202, 232, 2, 2, false, false, 0, 0);


--
-- Data for Name: user_matches_chat_history; Type: TABLE DATA; Schema: public; Owner: postgres
--

INSERT INTO public.user_matches_chat_history VALUES (53, 131, 125, '2023-06-21');
INSERT INTO public.user_matches_chat_history VALUES (54, 131, 126, '2023-06-21');
INSERT INTO public.user_matches_chat_history VALUES (55, 131, 127, '2023-06-21');
INSERT INTO public.user_matches_chat_history VALUES (56, 131, 128, '2023-06-21');
INSERT INTO public.user_matches_chat_history VALUES (57, 131, 129, '2023-06-21');
INSERT INTO public.user_matches_chat_history VALUES (58, 131, 130, '2023-06-21');
INSERT INTO public.user_matches_chat_history VALUES (59, 131, 132, '2023-06-21');
INSERT INTO public.user_matches_chat_history VALUES (61, 125, 130, '2023-06-22');
INSERT INTO public.user_matches_chat_history VALUES (62, 130, 125, '2023-06-22');
INSERT INTO public.user_matches_chat_history VALUES (63, 130, 126, '2023-06-22');
INSERT INTO public.user_matches_chat_history VALUES (64, 131, 133, '2023-06-22');
INSERT INTO public.user_matches_chat_history VALUES (65, 131, 131, '2023-06-22');
INSERT INTO public.user_matches_chat_history VALUES (66, 131, 127, '2023-06-22');
INSERT INTO public.user_matches_chat_history VALUES (67, 131, 126, '2023-06-22');
INSERT INTO public.user_matches_chat_history VALUES (68, 131, 125, '2023-06-22');
INSERT INTO public.user_matches_chat_history VALUES (69, 131, 129, '2023-06-22');
INSERT INTO public.user_matches_chat_history VALUES (70, 131, 130, '2023-06-22');
INSERT INTO public.user_matches_chat_history VALUES (71, 125, 131, '2023-06-22');
INSERT INTO public.user_matches_chat_history VALUES (72, 125, 132, '2023-06-22');
INSERT INTO public.user_matches_chat_history VALUES (73, 125, 133, '2023-06-22');
INSERT INTO public.user_matches_chat_history VALUES (74, 125, 126, '2023-06-22');
INSERT INTO public.user_matches_chat_history VALUES (75, 125, 127, '2023-06-22');
INSERT INTO public.user_matches_chat_history VALUES (76, 125, 128, '2023-06-22');
INSERT INTO public.user_matches_chat_history VALUES (77, 125, 129, '2023-06-22');
INSERT INTO public.user_matches_chat_history VALUES (78, 127, 131, '2023-06-22');
INSERT INTO public.user_matches_chat_history VALUES (79, 127, 131, '2023-06-22');
INSERT INTO public.user_matches_chat_history VALUES (80, 127, 131, '2023-06-22');
INSERT INTO public.user_matches_chat_history VALUES (81, 127, 131, '2023-06-22');
INSERT INTO public.user_matches_chat_history VALUES (82, 127, 131, '2023-06-22');
INSERT INTO public.user_matches_chat_history VALUES (83, 127, 131, '2023-06-22');
INSERT INTO public.user_matches_chat_history VALUES (84, 127, 131, '2023-06-22');
INSERT INTO public.user_matches_chat_history VALUES (85, 127, 131, '2023-06-22');
INSERT INTO public.user_matches_chat_history VALUES (86, 127, 131, '2023-06-22');
INSERT INTO public.user_matches_chat_history VALUES (87, 127, 131, '2023-06-22');
INSERT INTO public.user_matches_chat_history VALUES (88, 127, 131, '2023-06-22');
INSERT INTO public.user_matches_chat_history VALUES (89, 127, 131, '2023-06-22');
INSERT INTO public.user_matches_chat_history VALUES (90, 127, 131, '2023-06-22');
INSERT INTO public.user_matches_chat_history VALUES (91, 127, 131, '2023-06-22');
INSERT INTO public.user_matches_chat_history VALUES (92, 127, 131, '2023-06-22');
INSERT INTO public.user_matches_chat_history VALUES (93, 127, 131, '2023-06-22');
INSERT INTO public.user_matches_chat_history VALUES (94, 127, 131, '2023-06-22');
INSERT INTO public.user_matches_chat_history VALUES (95, 127, 131, '2023-06-22');
INSERT INTO public.user_matches_chat_history VALUES (96, 127, 131, '2023-06-22');
INSERT INTO public.user_matches_chat_history VALUES (97, 127, 131, '2023-06-22');
INSERT INTO public.user_matches_chat_history VALUES (98, 127, 131, '2023-06-22');
INSERT INTO public.user_matches_chat_history VALUES (99, 127, 131, '2023-06-22');
INSERT INTO public.user_matches_chat_history VALUES (100, 127, 131, '2023-06-22');
INSERT INTO public.user_matches_chat_history VALUES (101, 127, 131, '2023-06-22');
INSERT INTO public.user_matches_chat_history VALUES (102, 127, 131, '2023-06-22');
INSERT INTO public.user_matches_chat_history VALUES (103, 127, 131, '2023-06-22');
INSERT INTO public.user_matches_chat_history VALUES (104, 127, 131, '2023-06-22');
INSERT INTO public.user_matches_chat_history VALUES (105, 127, 131, '2023-06-22');
INSERT INTO public.user_matches_chat_history VALUES (106, 127, 131, '2023-06-22');
INSERT INTO public.user_matches_chat_history VALUES (107, 127, 131, '2023-06-22');
INSERT INTO public.user_matches_chat_history VALUES (108, 127, 131, '2023-06-22');
INSERT INTO public.user_matches_chat_history VALUES (109, 127, 131, '2023-06-22');
INSERT INTO public.user_matches_chat_history VALUES (110, 127, 131, '2023-06-22');
INSERT INTO public.user_matches_chat_history VALUES (111, 127, 131, '2023-06-22');
INSERT INTO public.user_matches_chat_history VALUES (112, 127, 131, '2023-06-22');
INSERT INTO public.user_matches_chat_history VALUES (113, 127, 131, '2023-06-22');
INSERT INTO public.user_matches_chat_history VALUES (114, 127, 131, '2023-06-22');
INSERT INTO public.user_matches_chat_history VALUES (115, 127, 131, '2023-06-22');
INSERT INTO public.user_matches_chat_history VALUES (116, 127, 131, '2023-06-22');
INSERT INTO public.user_matches_chat_history VALUES (117, 127, 131, '2023-06-22');
INSERT INTO public.user_matches_chat_history VALUES (118, 127, 131, '2023-06-22');
INSERT INTO public.user_matches_chat_history VALUES (119, 127, 131, '2023-06-22');
INSERT INTO public.user_matches_chat_history VALUES (120, 127, 131, '2023-06-22');
INSERT INTO public.user_matches_chat_history VALUES (121, 127, 132, '2023-06-22');
INSERT INTO public.user_matches_chat_history VALUES (122, 127, 132, '2023-06-22');
INSERT INTO public.user_matches_chat_history VALUES (123, 127, 132, '2023-06-22');
INSERT INTO public.user_matches_chat_history VALUES (124, 127, 132, '2023-06-22');
INSERT INTO public.user_matches_chat_history VALUES (125, 127, 132, '2023-06-22');
INSERT INTO public.user_matches_chat_history VALUES (126, 127, 132, '2023-06-22');
INSERT INTO public.user_matches_chat_history VALUES (127, 127, 132, '2023-06-22');
INSERT INTO public.user_matches_chat_history VALUES (128, 127, 132, '2023-06-22');
INSERT INTO public.user_matches_chat_history VALUES (129, 127, 132, '2023-06-22');
INSERT INTO public.user_matches_chat_history VALUES (130, 127, 132, '2023-06-22');
INSERT INTO public.user_matches_chat_history VALUES (131, 127, 132, '2023-06-22');
INSERT INTO public.user_matches_chat_history VALUES (132, 127, 132, '2023-06-22');
INSERT INTO public.user_matches_chat_history VALUES (133, 127, 132, '2023-06-22');
INSERT INTO public.user_matches_chat_history VALUES (134, 127, 132, '2023-06-22');
INSERT INTO public.user_matches_chat_history VALUES (135, 127, 133, '2023-06-22');
INSERT INTO public.user_matches_chat_history VALUES (136, 127, 133, '2023-06-22');
INSERT INTO public.user_matches_chat_history VALUES (137, 127, 133, '2023-06-22');
INSERT INTO public.user_matches_chat_history VALUES (138, 127, 133, '2023-06-22');
INSERT INTO public.user_matches_chat_history VALUES (139, 127, 133, '2023-06-22');
INSERT INTO public.user_matches_chat_history VALUES (140, 127, 133, '2023-06-22');
INSERT INTO public.user_matches_chat_history VALUES (141, 127, 133, '2023-06-22');
INSERT INTO public.user_matches_chat_history VALUES (142, 127, 133, '2023-06-22');
INSERT INTO public.user_matches_chat_history VALUES (143, 127, 133, '2023-06-22');
INSERT INTO public.user_matches_chat_history VALUES (144, 127, 133, '2023-06-22');
INSERT INTO public.user_matches_chat_history VALUES (145, 127, 133, '2023-06-22');
INSERT INTO public.user_matches_chat_history VALUES (146, 127, 133, '2023-06-22');
INSERT INTO public.user_matches_chat_history VALUES (147, 127, 133, '2023-06-22');
INSERT INTO public.user_matches_chat_history VALUES (148, 127, 133, '2023-06-22');
INSERT INTO public.user_matches_chat_history VALUES (149, 127, 133, '2023-06-22');
INSERT INTO public.user_matches_chat_history VALUES (150, 127, 133, '2023-06-22');
INSERT INTO public.user_matches_chat_history VALUES (151, 127, 133, '2023-06-22');
INSERT INTO public.user_matches_chat_history VALUES (152, 127, 133, '2023-06-22');
INSERT INTO public.user_matches_chat_history VALUES (153, 127, 133, '2023-06-22');
INSERT INTO public.user_matches_chat_history VALUES (154, 127, 133, '2023-06-22');
INSERT INTO public.user_matches_chat_history VALUES (155, 127, 133, '2023-06-22');
INSERT INTO public.user_matches_chat_history VALUES (156, 127, 133, '2023-06-22');
INSERT INTO public.user_matches_chat_history VALUES (157, 127, 133, '2023-06-22');
INSERT INTO public.user_matches_chat_history VALUES (158, 127, 133, '2023-06-22');
INSERT INTO public.user_matches_chat_history VALUES (159, 127, 133, '2023-06-22');
INSERT INTO public.user_matches_chat_history VALUES (160, 127, 133, '2023-06-22');
INSERT INTO public.user_matches_chat_history VALUES (161, 127, 130, '2023-06-22');
INSERT INTO public.user_matches_chat_history VALUES (162, 127, 130, '2023-06-22');
INSERT INTO public.user_matches_chat_history VALUES (163, 127, 130, '2023-06-22');
INSERT INTO public.user_matches_chat_history VALUES (164, 127, 130, '2023-06-22');
INSERT INTO public.user_matches_chat_history VALUES (165, 127, 130, '2023-06-22');
INSERT INTO public.user_matches_chat_history VALUES (166, 127, 130, '2023-06-22');
INSERT INTO public.user_matches_chat_history VALUES (167, 127, 130, '2023-06-22');
INSERT INTO public.user_matches_chat_history VALUES (168, 127, 130, '2023-06-22');
INSERT INTO public.user_matches_chat_history VALUES (169, 127, 130, '2023-06-22');
INSERT INTO public.user_matches_chat_history VALUES (170, 127, 130, '2023-06-22');
INSERT INTO public.user_matches_chat_history VALUES (171, 127, 125, '2023-06-22');
INSERT INTO public.user_matches_chat_history VALUES (172, 127, 125, '2023-06-22');
INSERT INTO public.user_matches_chat_history VALUES (173, 127, 125, '2023-06-22');
INSERT INTO public.user_matches_chat_history VALUES (174, 127, 126, '2023-06-22');
INSERT INTO public.user_matches_chat_history VALUES (175, 127, 126, '2023-06-22');
INSERT INTO public.user_matches_chat_history VALUES (176, 127, 126, '2023-06-22');
INSERT INTO public.user_matches_chat_history VALUES (177, 127, 126, '2023-06-22');
INSERT INTO public.user_matches_chat_history VALUES (178, 127, 128, '2023-06-22');
INSERT INTO public.user_matches_chat_history VALUES (179, 132, 129, '2023-06-22');
INSERT INTO public.user_matches_chat_history VALUES (180, 132, 125, '2023-06-22');
INSERT INTO public.user_matches_chat_history VALUES (181, 132, 126, '2023-06-22');
INSERT INTO public.user_matches_chat_history VALUES (182, 132, 127, '2023-06-22');
INSERT INTO public.user_matches_chat_history VALUES (183, 132, 128, '2023-06-22');
INSERT INTO public.user_matches_chat_history VALUES (184, 132, 130, '2023-06-22');
INSERT INTO public.user_matches_chat_history VALUES (185, 132, 131, '2023-06-22');
INSERT INTO public.user_matches_chat_history VALUES (186, 125, 130, '2023-06-23');
INSERT INTO public.user_matches_chat_history VALUES (189, 125, 130, '2023-07-03');
INSERT INTO public.user_matches_chat_history VALUES (191, 125, 130, '2023-07-13');
INSERT INTO public.user_matches_chat_history VALUES (192, 125, 130, '2023-07-14');
INSERT INTO public.user_matches_chat_history VALUES (193, 130, 133, '2023-07-14');
INSERT INTO public.user_matches_chat_history VALUES (194, 130, 133, '2023-07-18');
INSERT INTO public.user_matches_chat_history VALUES (195, 125, 130, '2023-07-18');
INSERT INTO public.user_matches_chat_history VALUES (196, 125, 130, '2023-07-19');
INSERT INTO public.user_matches_chat_history VALUES (197, 125, 130, '2023-07-20');
INSERT INTO public.user_matches_chat_history VALUES (198, 130, 129, '2023-07-20');
INSERT INTO public.user_matches_chat_history VALUES (199, 130, 127, '2023-07-20');
INSERT INTO public.user_matches_chat_history VALUES (200, 130, 133, '2023-07-20');
INSERT INTO public.user_matches_chat_history VALUES (201, 130, 126, '2023-07-20');
INSERT INTO public.user_matches_chat_history VALUES (202, 130, 125, '2023-07-20');
INSERT INTO public.user_matches_chat_history VALUES (203, 130, 125, '2023-07-21');
INSERT INTO public.user_matches_chat_history VALUES (204, 130, 129, '2023-07-21');
INSERT INTO public.user_matches_chat_history VALUES (205, 130, 125, '2023-07-24');
INSERT INTO public.user_matches_chat_history VALUES (206, 125, 130, '2023-07-24');
INSERT INTO public.user_matches_chat_history VALUES (207, 130, 126, '2023-07-24');
INSERT INTO public.user_matches_chat_history VALUES (208, 130, 127, '2023-07-24');
INSERT INTO public.user_matches_chat_history VALUES (209, 130, 125, '2023-07-25');
INSERT INTO public.user_matches_chat_history VALUES (210, 130, 127, '2023-07-25');
INSERT INTO public.user_matches_chat_history VALUES (211, 130, 126, '2023-07-25');
INSERT INTO public.user_matches_chat_history VALUES (212, 130, 133, '2023-07-25');
INSERT INTO public.user_matches_chat_history VALUES (213, 130, 125, '2023-07-26');
INSERT INTO public.user_matches_chat_history VALUES (214, 166, 125, '2023-08-08');
INSERT INTO public.user_matches_chat_history VALUES (215, 125, 166, '2023-08-08');
INSERT INTO public.user_matches_chat_history VALUES (216, 200, 125, '2023-08-08');
INSERT INTO public.user_matches_chat_history VALUES (217, 125, 200, '2023-08-08');
INSERT INTO public.user_matches_chat_history VALUES (218, 127, 166, '2023-08-08');
INSERT INTO public.user_matches_chat_history VALUES (219, 166, 127, '2023-08-08');
INSERT INTO public.user_matches_chat_history VALUES (220, 125, 200, '2023-08-09');
INSERT INTO public.user_matches_chat_history VALUES (221, 125, 130, '2023-08-09');
INSERT INTO public.user_matches_chat_history VALUES (222, 125, 166, '2023-08-09');


--
-- Data for Name: user_payments; Type: TABLE DATA; Schema: public; Owner: postgres
--

INSERT INTO public.user_payments VALUES (18, 131, 3, 90, 1000, 'pi_3NNYecC2imY7OXE31POnvvpg', '1234556', 'dslkdlfkjdkljsksel', '2023-06-27 15:28:32+05:30', 'Succeeded');
INSERT INTO public.user_payments VALUES (19, 131, 1, 90, 1000, 'pi_3NNYqlC2imY7OXE31dJPXhdf', '1234556', 'dslkdlfkjdkljsksel', '2023-06-27 15:40:56+05:30', 'Succeeded');
INSERT INTO public.user_payments VALUES (20, 125, 3, NULL, 90, 'pi_3NNZrbC2imY7OXE3115jEKj9', NULL, NULL, '2023-06-27 16:45:15.230955+05:30', 'inProcess');
INSERT INTO public.user_payments VALUES (3, 134, 3, NULL, 90, 'pi_3NNEZ2C2imY7OXE31gvRd9yn', NULL, NULL, '2023-06-26 18:00:40.859718+05:30', 'inProcess');
INSERT INTO public.user_payments VALUES (4, 134, 3, 90, 90, 'pi_3NNEahC2imY7OXE307rnLOce', '1687782743000', 'pm_1NNEahC2imY7OXE3kKP3WEua', '2023-06-26 18:02:25+05:30', 'Succeeded');
INSERT INTO public.user_payments VALUES (5, 134, 2, 90, 105, 'pi_3NNEeCC2imY7OXE30nUbmBVr', '1687782960000', 'pm_1NNEeCC2imY7OXE3A1IEYHfx', '2023-06-26 18:06:02+05:30', 'Succeeded');
INSERT INTO public.user_payments VALUES (6, 134, 1, 90, 135, 'pi_3NNEfBC2imY7OXE31dAWBPZE', '1687783021000', 'pm_1NNEfBC2imY7OXE3xuT4DV19', '2023-06-26 18:07:03+05:30', 'Succeeded');
INSERT INTO public.user_payments VALUES (7, 134, 3, 90, 90, 'pi_3NNEj8C2imY7OXE30uAPyFmt', '1687783266000', 'pm_1NNEj8C2imY7OXE35cpmVEkL', '2023-06-26 18:11:08+05:30', 'Succeeded');
INSERT INTO public.user_payments VALUES (8, 134, 2, 90, 105, 'pi_3NNEjXC2imY7OXE30ZlMwlYQ', '1687783291000', 'pm_1NNEjXC2imY7OXE3TtxoNRQv', '2023-06-26 18:11:33+05:30', 'Succeeded');
INSERT INTO public.user_payments VALUES (9, 134, 1, 365, 420, 'pi_3NNEniC2imY7OXE31yJpudDt', '1687783550000', 'pm_1NNEnjC2imY7OXE3MGGA5AoI', '2023-06-26 18:15:53+05:30', 'Succeeded');
INSERT INTO public.user_payments VALUES (10, 134, 3, NULL, 90, 'pi_3NNEyzC2imY7OXE31X5wAbNW', NULL, NULL, '2023-06-26 18:27:29.537127+05:30', 'inProcess');
INSERT INTO public.user_payments VALUES (11, 134, 1, 90, 135, 'pi_3NNEzFC2imY7OXE31yK3FOzo', '1687784265000', 'pm_1NNEzFC2imY7OXE3jDPo48uy', '2023-06-26 18:27:47+05:30', 'Succeeded');
INSERT INTO public.user_payments VALUES (12, 134, 3, 90, 90, 'pi_3NNF0SC2imY7OXE31QRwEKBn', '1687784340000', 'pm_1NNF0TC2imY7OXE35TC8vYLu', '2023-06-26 18:29:03+05:30', 'Succeeded');
INSERT INTO public.user_payments VALUES (21, 125, 3, NULL, 90, 'pi_3NNZs9C2imY7OXE30z2DgXDi', NULL, NULL, '2023-06-27 16:45:50.056598+05:30', 'inProcess');
INSERT INTO public.user_payments VALUES (22, 125, 3, NULL, 90, 'pi_3NNZuVC2imY7OXE31MY7wf3D', NULL, NULL, '2023-06-27 16:48:15.422394+05:30', 'inProcess');
INSERT INTO public.user_payments VALUES (23, 125, 3, 90, 90, 'pi_3NNZx4C2imY7OXE30g6V61JG', '1687864854000', 'pm_1NNZx4C2imY7OXE3PNh1QJ8J', '2023-06-27 16:50:56+05:30', 'Succeeded');
INSERT INTO public.user_payments VALUES (24, 125, 2, NULL, 105, 'pi_3NNZyKC2imY7OXE31PefsMEL', NULL, NULL, '2023-06-27 16:52:13.191611+05:30', 'inProcess');
INSERT INTO public.user_payments VALUES (25, 125, 3, 90, 90, 'pi_3NNZzPC2imY7OXE30N5EVp0R', '1687864999000', 'pm_1NNZzaC2imY7OXE3M9cfG49K', '2023-06-27 16:53:31+05:30', 'Succeeded');
INSERT INTO public.user_payments VALUES (13, 131, 2, NULL, 1000, 'pi_3NNVaVC2imY7OXE31TcBebDW', NULL, NULL, '2023-06-27 12:11:19.555897+05:30', 'inProcess');
INSERT INTO public.user_payments VALUES (26, 125, 2, 90, 105, 'pi_3NNaVBC2imY7OXE31krQtXFA', '1687866969000', 'pm_1NNaVMC2imY7OXE3dlmSNuvl', '2023-06-27 17:26:22+05:30', 'Succeeded');
INSERT INTO public.user_payments VALUES (14, 131, 2, NULL, 1000, 'pi_3NNVg8C2imY7OXE31fy9Qorz', NULL, NULL, '2023-06-27 12:17:09.617353+05:30', 'inProcess');
INSERT INTO public.user_payments VALUES (15, 131, 1, NULL, 1000, 'pi_3NNWVjC2imY7OXE31S9AyFJm', NULL, NULL, '2023-06-27 13:10:28.198477+05:30', 'inProcess');
INSERT INTO public.user_payments VALUES (27, 125, 3, 90, 90, 'pi_3NNaYmC2imY7OXE31kugX56N', '1687867192000', 'pm_1NNaYwC2imY7OXE3lzzV2m4v', '2023-06-27 17:30:04+05:30', 'Succeeded');
INSERT INTO public.user_payments VALUES (16, 131, 1, NULL, 1000, 'pi_3NNWYHC2imY7OXE314ughqi7', NULL, NULL, '2023-06-27 13:13:05.42316+05:30', 'inProcess');
INSERT INTO public.user_payments VALUES (28, 125, 2, 90, 105, 'pi_3NNaa9C2imY7OXE30W8hOSov', '1687867277000', 'pm_1NNaaAC2imY7OXE35kpTjGME', '2023-06-27 17:31:20+05:30', 'Succeeded');
INSERT INTO public.user_payments VALUES (29, 135, 3, 90, 90, 'pi_3NNanxC2imY7OXE30oLlH2oS', '1687868133000', 'pm_1NNanyC2imY7OXE3udQT1EHs', '2023-06-27 17:45:36+05:30', 'Succeeded');
INSERT INTO public.user_payments VALUES (30, 135, 2, NULL, 105, 'pi_3NNaoVC2imY7OXE31o45ReJ9', NULL, NULL, '2023-06-27 17:46:07.950444+05:30', 'inProcess');
INSERT INTO public.user_payments VALUES (31, 135, 2, 90, 105, 'pi_3NNaonC2imY7OXE30C79MH57', '1687868185000', 'pm_1NNaonC2imY7OXE3OT99JQ5b', '2023-06-27 17:46:27+05:30', 'Succeeded');
INSERT INTO public.user_payments VALUES (34, 134, 3, NULL, 90, 'pi_3NOmeGC2imY7OXE30hbEOpPs', NULL, NULL, '2023-07-01 00:36:28.650516+05:30', 'inProcess');
INSERT INTO public.user_payments VALUES (35, 131, 1, 90, 1000, 'pi_3NPmOUC2imY7OXE31TKP7Yex', '1234556', 'dslkdlfkjdkljsksel', '2023-07-03 18:36:12+05:30', 'Succeeded');
INSERT INTO public.user_payments VALUES (1, 131, 2, 90, 100, 'pi_3NNCg9C2imY7OXE30uZVv3Gu', '1234556', 'dslkdlfkjdkljsksel', '2023-06-27 14:44:02+05:30', 'Succeeded');
INSERT INTO public.user_payments VALUES (17, 131, 1, 90, 1000, 'pi_3NNXunC2imY7OXE302LgsLFF', '1234556', 'dslkdlfkjdkljsksel', '2023-06-27 14:46:29+05:30', 'Succeeded');
INSERT INTO public.user_payments VALUES (36, 130, 3, 90, 90, 'pi_3NTJqXC2imY7OXE31l8KQzAk', '1689232913000', 'pm_1NTJqdC2imY7OXE3v06IyTyj', '2023-07-13 12:52:01+05:30', 'Succeeded');
INSERT INTO public.user_payments VALUES (37, 166, 2, NULL, 105, 'pi_3NcltlC2imY7OXE31HNtCtuv', NULL, NULL, '2023-08-08 14:38:17.975818+05:30', 'inProcess');
INSERT INTO public.user_payments VALUES (38, 166, 2, 90, 105, 'pi_3NcluDC2imY7OXE302IxBsUP', '1691485725000', 'pm_1NcluEC2imY7OXE38itKIryp', '2023-08-08 14:38:48+05:30', 'Succeeded');
INSERT INTO public.user_payments VALUES (39, 200, 1, 90, 135, 'pi_3NcmDLC2imY7OXE31Mut3Wsa', '1691486911000', 'pm_1NcmDNC2imY7OXE3ovbKpqLF', '2023-08-08 14:58:35+05:30', 'Succeeded');
INSERT INTO public.user_payments VALUES (40, 125, 1, 90, 135, 'pi_3Nco3uC2imY7OXE31DvFr8CH', '1691494014000', 'pm_1Nco3zC2imY7OXE3IZKxoFMy', '2023-08-08 16:57:02+05:30', 'Succeeded');
INSERT INTO public.user_payments VALUES (41, 127, 2, 90, 105, 'pi_3NcojIC2imY7OXE31mf5TeP2', '1691496580000', 'pm_1NcojJC2imY7OXE3X8zlKaf3', '2023-08-08 17:39:43+05:30', 'Succeeded');


--
-- Data for Name: user_plans; Type: TABLE DATA; Schema: public; Owner: postgres
--

INSERT INTO public.user_plans VALUES (1, 131, 2, '2023-06-27 11:57:08+05:30', '2023-09-25 11:57:08+05:30', 1);
INSERT INTO public.user_plans VALUES (2, 131, 2, '2023-06-27 11:57:59+05:30', '2023-09-25 11:57:59+05:30', 1);
INSERT INTO public.user_plans VALUES (3, 131, 2, '2023-06-27 11:58:18+05:30', '2023-09-25 11:58:18+05:30', 1);
INSERT INTO public.user_plans VALUES (4, 131, 2, '2023-06-27 11:59:26+05:30', '2023-09-25 11:59:26+05:30', 1);
INSERT INTO public.user_plans VALUES (5, 131, 2, '2023-06-27 12:04:30+05:30', '2023-09-25 12:04:30+05:30', 1);
INSERT INTO public.user_plans VALUES (6, 131, 2, '2023-06-27 12:05:53+05:30', '2023-09-25 12:05:53+05:30', 1);
INSERT INTO public.user_plans VALUES (7, 131, 2, '2023-12-25 12:05:53+05:30', '2023-12-25 12:05:53+05:30', 1);
INSERT INTO public.user_plans VALUES (8, 131, 2, '2023-12-25 12:05:53+05:30', '2023-12-25 12:05:53+05:30', 1);
INSERT INTO public.user_plans VALUES (9, 131, 2, '2023-09-26 12:05:53+05:30', '2023-12-25 12:05:53+05:30', 1);
INSERT INTO public.user_plans VALUES (10, 131, 1, '2023-09-26 11:57:08+05:30', '2023-12-25 11:57:08+05:30', 1);
INSERT INTO public.user_plans VALUES (11, 131, 1, '2023-09-26 11:57:08+05:30', '2023-12-25 11:57:08+05:30', 1);
INSERT INTO public.user_plans VALUES (12, 131, 1, '2023-09-26 11:57:08+05:30', '2023-12-25 11:57:08+05:30', 1);
INSERT INTO public.user_plans VALUES (13, 131, 1, '2023-09-26 11:57:08+05:30', '2023-12-25 11:57:08+05:30', 1);
INSERT INTO public.user_plans VALUES (14, 131, 1, '2023-09-26 11:57:08+05:30', '2023-12-25 11:57:08+05:30', 1);
INSERT INTO public.user_plans VALUES (15, 131, 1, '2023-09-26 11:57:08+05:30', '2023-12-25 11:57:08+05:30', 1);
INSERT INTO public.user_plans VALUES (16, 131, 1, '2023-09-26 11:57:08+05:30', '2023-12-25 11:57:08+05:30', 1);
INSERT INTO public.user_plans VALUES (17, 131, 1, '2023-09-26 11:57:08+05:30', '2023-12-25 11:57:08+05:30', 1);
INSERT INTO public.user_plans VALUES (18, 131, 1, '2023-09-26 11:57:08+05:30', '2023-12-25 11:57:08+05:30', 1);
INSERT INTO public.user_plans VALUES (19, 131, 1, '2023-06-27 14:26:10+05:30', '2023-09-25 14:26:10+05:30', 1);
INSERT INTO public.user_plans VALUES (20, 131, 1, '2023-06-27 14:28:18+05:30', '2023-09-25 14:28:18+05:30', 1);
INSERT INTO public.user_plans VALUES (21, 131, 1, '2023-06-27 14:28:45+05:30', '2023-09-25 14:28:45+05:30', 1);
INSERT INTO public.user_plans VALUES (22, 131, 1, '2023-09-26 14:28:45+05:30', '2023-12-25 14:28:45+05:30', 1);
INSERT INTO public.user_plans VALUES (23, 131, 1, '2023-09-26 14:28:45+05:30', '2023-12-25 14:28:45+05:30', 1);
INSERT INTO public.user_plans VALUES (24, 131, 1, '2023-09-26 14:28:45+05:30', '2023-12-25 14:28:45+05:30', 1);
INSERT INTO public.user_plans VALUES (25, 131, 1, '2023-09-26 14:28:45+05:30', '2023-12-25 14:28:45+05:30', 1);
INSERT INTO public.user_plans VALUES (26, 131, 1, '2023-06-27 14:40:32+05:30', '2023-09-25 14:40:32+05:30', 1);
INSERT INTO public.user_plans VALUES (27, 131, 1, '2023-06-27 14:44:02+05:30', '2023-09-25 14:44:02+05:30', 1);
INSERT INTO public.user_plans VALUES (28, 131, 1, '2023-06-27 14:46:29+05:30', '2023-09-25 14:46:29+05:30', 17);
INSERT INTO public.user_plans VALUES (29, 131, 1, '2023-09-26 11:57:08+05:30', '2023-12-25 11:57:08+05:30', 18);
INSERT INTO public.user_plans VALUES (30, 131, 1, '2023-06-27 15:40:56+05:30', '2023-09-25 15:40:56+05:30', 19);
INSERT INTO public.user_plans VALUES (31, 125, 3, '2023-06-27 16:50:56+05:30', '2023-09-25 16:50:56+05:30', 23);
INSERT INTO public.user_plans VALUES (32, 125, 3, '2023-06-27 16:53:31+05:30', '2023-09-25 16:53:31+05:30', 25);
INSERT INTO public.user_plans VALUES (33, 125, 2, '2023-06-27 17:26:22+05:30', '2023-09-25 17:26:22+05:30', 26);
INSERT INTO public.user_plans VALUES (34, 125, 3, '2023-09-26 17:26:22+05:30', '2023-12-25 17:26:22+05:30', 27);
INSERT INTO public.user_plans VALUES (35, 125, 2, '2023-09-26 16:50:56+05:30', '2023-12-25 16:50:56+05:30', 28);
INSERT INTO public.user_plans VALUES (36, 135, 3, '2023-06-27 17:45:36+05:30', '2023-09-25 17:45:36+05:30', 29);
INSERT INTO public.user_plans VALUES (37, 135, 2, '2023-09-26 17:45:36+05:30', '2023-12-25 17:45:36+05:30', 31);
INSERT INTO public.user_plans VALUES (40, 131, 1, '2023-09-26 11:57:08+05:30', '2023-12-25 11:57:08+05:30', 35);
INSERT INTO public.user_plans VALUES (41, 131, 1, '2023-09-26 11:57:08+05:30', '2023-12-25 11:57:08+05:30', 35);
INSERT INTO public.user_plans VALUES (42, 130, 3, '2023-07-13 12:52:02+05:30', '2023-10-11 12:52:02+05:30', 36);
INSERT INTO public.user_plans VALUES (44, 182, 4, '2023-08-02 16:01:48+05:30', '2023-08-09 16:01:48+05:30', NULL);
INSERT INTO public.user_plans VALUES (45, 183, 4, '2023-08-02 16:37:36+05:30', '2023-08-09 16:37:36+05:30', NULL);
INSERT INTO public.user_plans VALUES (46, 184, 4, '2023-08-02 17:24:05+05:30', '2023-08-09 17:24:05+05:30', NULL);
INSERT INTO public.user_plans VALUES (47, 185, 4, '2023-08-02 17:24:05+05:30', '2023-08-09 17:24:05+05:30', NULL);
INSERT INTO public.user_plans VALUES (48, 186, 4, '2023-08-02 18:08:08+05:30', '2023-08-09 18:08:08+05:30', NULL);
INSERT INTO public.user_plans VALUES (49, 187, 4, '2023-08-02 17:05:15+05:30', '2023-08-09 17:05:15+05:30', NULL);
INSERT INTO public.user_plans VALUES (50, 188, 4, '2023-08-02 18:39:15+05:30', '2023-08-09 18:39:15+05:30', NULL);
INSERT INTO public.user_plans VALUES (51, 190, 4, '2023-08-02 18:08:08+05:30', '2023-08-09 18:08:08+05:30', NULL);
INSERT INTO public.user_plans VALUES (55, 197, 4, '2023-08-07 16:08:19+05:30', '2023-08-14 16:08:19+05:30', NULL);
INSERT INTO public.user_plans VALUES (56, 198, 4, '2023-08-07 16:30:38+05:30', '2023-08-14 16:30:38+05:30', NULL);
INSERT INTO public.user_plans VALUES (57, 166, 2, '2023-08-08 14:38:48+05:30', '2023-11-06 14:38:48+05:30', 38);
INSERT INTO public.user_plans VALUES (58, 199, 4, '2023-08-08 14:39:33+05:30', '2023-08-15 14:39:33+05:30', NULL);
INSERT INTO public.user_plans VALUES (59, 200, 4, '2023-08-08 14:46:05+05:30', '2023-08-15 14:46:05+05:30', NULL);
INSERT INTO public.user_plans VALUES (60, 200, 1, '2023-08-08 14:58:35+05:30', '2023-11-06 14:58:35+05:30', 39);
INSERT INTO public.user_plans VALUES (62, 125, 1, '2023-08-08 16:57:02+05:30', '2023-11-06 16:57:02+05:30', 40);
INSERT INTO public.user_plans VALUES (63, 127, 2, '2023-08-08 17:39:43+05:30', '2023-11-06 17:39:43+05:30', 41);
INSERT INTO public.user_plans VALUES (79, 217, 4, '2023-08-09 12:21:44+05:30', '2023-08-16 12:21:44+05:30', NULL);
INSERT INTO public.user_plans VALUES (80, 218, 4, '2023-08-09 11:12:33+05:30', '2023-08-16 11:12:33+05:30', NULL);
INSERT INTO public.user_plans VALUES (81, 219, 4, '2023-07-11 15:53:08+05:30', '2023-07-18 15:53:08+05:30', NULL);
INSERT INTO public.user_plans VALUES (82, 220, 4, '2023-07-11 15:53:08+05:30', '2023-07-18 15:53:08+05:30', NULL);
INSERT INTO public.user_plans VALUES (83, 222, 4, '2023-07-11 15:53:08+05:30', '2023-07-18 15:53:08+05:30', NULL);
INSERT INTO public.user_plans VALUES (84, 223, 4, '2023-07-11 15:53:08+05:30', '2023-07-18 15:53:08+05:30', NULL);
INSERT INTO public.user_plans VALUES (85, 224, 4, '2023-07-11 15:53:08+05:30', '2023-07-18 15:53:08+05:30', NULL);
INSERT INTO public.user_plans VALUES (86, 225, 4, '2023-07-11 15:53:08+05:30', '2023-07-18 15:53:08+05:30', NULL);
INSERT INTO public.user_plans VALUES (87, 226, 4, '2023-07-11 15:53:08+05:30', '2023-07-18 15:53:08+05:30', NULL);
INSERT INTO public.user_plans VALUES (88, 227, 4, '2023-07-11 15:53:08+05:30', '2023-07-18 15:53:08+05:30', NULL);
INSERT INTO public.user_plans VALUES (89, 229, 4, '2023-07-11 15:53:08+05:30', '2023-07-18 15:53:08+05:30', NULL);
INSERT INTO public.user_plans VALUES (90, 230, 4, '2023-07-11 15:53:08+05:30', '2023-07-18 15:53:08+05:30', NULL);
INSERT INTO public.user_plans VALUES (91, 231, 4, '2023-07-11 15:53:08+05:30', '2023-07-18 15:53:08+05:30', NULL);
INSERT INTO public.user_plans VALUES (92, 232, 4, '2023-08-18 13:06:31+05:30', '2023-08-25 13:06:31+05:30', NULL);


--
-- Data for Name: user_profile_reports; Type: TABLE DATA; Schema: public; Owner: postgres
--



--
-- Data for Name: user_profiles; Type: TABLE DATA; Schema: public; Owner: postgres
--

INSERT INTO public.user_profiles VALUES (132, 59, 'Shahrukh', '1992-01-11', '6', 1, '1', 1, 1, 'abc.com', 'abc.s.d/', false, 'public/uploads/tigerr.jpeg', NULL, false, NULL, true, true);
INSERT INTO public.user_profiles VALUES (133, 60, 'Shahrukh', '1992-01-11', '6', 1, '1', 1, 1, 'abc.com', 'abc.s.d/', false, 'public/uploads/tigerr.jpeg', NULL, false, NULL, true, true);
INSERT INTO public.user_profiles VALUES (130, 57, 'Sara', '1995-06-12', '4.0', 1, '1', 2, 1, 'lk', 'ins', false, 'public/uploads/rn_image_picker_lib_temp_38410ad4-6026-4172-b264-b0f2aaf36917.png', NULL, false, NULL, true, true);
INSERT INTO public.user_profiles VALUES (127, 54, 'Saleem', '2000-12-26', '5.8', 1, '1', 1, 1, 'lk', 'ins', false, 'public/uploads/rn_image_picker_lib_temp_3a48621b-ed6b-46e8-9692-029c992b3d78.png', NULL, false, NULL, true, true);
INSERT INTO public.user_profiles VALUES (129, 56, 'Danish', '1995-06-19', '6.9', 1, '1', 1, 2, 'lk', 'ins', false, 'public/uploads/rn_image_picker_lib_temp_66e858be-656e-4900-80cd-5179465c2a0a.png', NULL, false, NULL, true, true);
INSERT INTO public.user_profiles VALUES (162, 71, 'jamil', '2001-12-07', '4.0', 1, '1', 1, 1, 'lk', 'ins', false, 'public/uploads/rn_image_picker_lib_temp_87be8141-ec11-4a09-b7e2-a15bfa699c0f.jpg', NULL, false, NULL, false, false);
INSERT INTO public.user_profiles VALUES (184, 84, 'Seema', '1992-03-11', '6', 1, '1', 2, 1, 'abc.com', 'abc.s.d/', false, 'public/uploads/flower.jpeg', NULL, false, NULL, false, false);
INSERT INTO public.user_profiles VALUES (128, 55, 'Amir', '2002-01-13', '6.1', 1, '1', 1, 3, 'lk', 'ins', true, 'public/uploads/rn_image_picker_lib_temp_0cd5a074-4853-4741-82bf-55b5ea554853.png', NULL, false, NULL, true, true);
INSERT INTO public.user_profiles VALUES (134, 62, 'Lili', '2000-06-26', '4.4', 1, '1', 2, 1, 'lk', 'ins', false, 'public/uploads/rn_image_picker_lib_temp_050fbf1c-15bd-4775-b69a-6a3f003939eb.jpg', NULL, false, NULL, true, true);
INSERT INTO public.user_profiles VALUES (163, 72, 'jalel', '2004-07-12', '4.0', 1, '1', 1, 1, 'lk', 'ins', false, 'public/uploads/rn_image_picker_lib_temp_88fb3d7b-ec42-4e34-b862-821602c7fdd9.jpg', NULL, false, NULL, false, false);
INSERT INTO public.user_profiles VALUES (135, 64, 'suleman', '1999-06-27', '4.3', 1, '1', 1, 1, 'lkk', 'ins', false, 'public/uploads/rn_image_picker_lib_temp_d81e19db-e782-41ec-ae24-e6deda21b14c.jpg', NULL, false, NULL, true, true);
INSERT INTO public.user_profiles VALUES (164, 74, 'Jully', '1999-12-07', '5.2', 1, '1', 2, 1, 'Lk', 'Ins', false, 'public/uploads/rn_image_picker_lib_temp_6ea970cf-66f2-4175-b28d-85c8ac030573.jpg', NULL, false, NULL, false, false);
INSERT INTO public.user_profiles VALUES (165, 76, 'aamer', '2003-07-13', '4.3', 1, '3', 1, 1, 'lk', 'ins', false, 'public/uploads/rn_image_picker_lib_temp_d170302a-886d-44bd-80f4-22a4c02f6077.jpg', NULL, false, NULL, false, false);
INSERT INTO public.user_profiles VALUES (166, 78, 'namaira', '1999-07-13', '4.2', 1, '3', 2, 1, 'lk', 'ins', false, 'public/uploads/rn_image_picker_lib_temp_121f9bc4-ffe7-4147-961d-3eb115b24372.jpg', NULL, false, NULL, false, false);
INSERT INTO public.user_profiles VALUES (185, 84, 'Seema', '1992-03-11', '6', 1, '1', 2, 1, 'abc.com', 'abc.s.d/', false, 'public/uploads/flower.jpeg', NULL, false, NULL, false, false);
INSERT INTO public.user_profiles VALUES (188, 86, 'Yousuf Test (Db)', '1996-02-08', '4.1', 1, '2', 1, 1, '', '', true, 'public/uploads/rn_image_picker_lib_temp_4ae05ba3-be94-4940-804c-c0a7f82dbd9e.jpg', NULL, false, NULL, false, false);
INSERT INTO public.user_profiles VALUES (182, 81, 'Seema', '1992-03-11', '6', 1, '1', 2, 1, 'abc.com', 'abc.s.d/', false, 'public/uploads/flower.jpeg', NULL, false, NULL, false, false);
INSERT INTO public.user_profiles VALUES (183, 82, 'Seema', '1992-03-11', '6', 1, '1', 2, 1, 'abc.com', 'abc.s.d/', false, 'public/uploads/flower.jpeg', NULL, false, NULL, false, false);
INSERT INTO public.user_profiles VALUES (186, 85, 'Seema', '1992-03-11', '6', 1, '1', 2, 1, 'abc.com', 'abc.s.d/', false, 'public/uploads/flower.jpeg', NULL, false, NULL, false, false);
INSERT INTO public.user_profiles VALUES (187, 83, 'Yousuf Test ', '1996-02-08', '4.1', 1, '3', 1, 1, '', '', false, 'public/uploads/rn_image_picker_lib_temp_d1500753-e07b-4d3f-9aec-a2bdaceadf55.jpg', NULL, false, NULL, false, false);
INSERT INTO public.user_profiles VALUES (190, 85, 'aslam', '1992-03-11', '6', 1, '1', 2, 1, 'abc.com', 'abc.s.d/', false, 'public/uploads/flower.jpeg', NULL, false, NULL, false, false);
INSERT INTO public.user_profiles VALUES (126, 53, 'Aslam', '1999-06-19', '5.1', 1, '1', 1, 1, 'lk', 'ins', true, 'public/uploads/rn_image_picker_lib_temp_df3014cb-f899-4dca-bbcc-0ef526c9eb91.png', NULL, false, NULL, true, true);
INSERT INTO public.user_profiles VALUES (131, 58, 'john doe', '1988-03-04', '6', 1, '2,3', 2, 2, 'linkedin.com/', 'instagram.com', false, 'public/uploads/hero-800px-9fbe463f.jpg', '(37.422065599999996,-122.08408969999998)', true, '', true, true);
INSERT INTO public.user_profiles VALUES (197, 88, 'Test', '2023-07-08', '4.1', 1, 'undefined', 1, 1, '', '', false, 'public/uploads/rn_image_picker_lib_temp_75bf61ad-f361-40ae-a05e-732ca2a61a8e.jpg', NULL, false, NULL, true, true);
INSERT INTO public.user_profiles VALUES (198, 89, 'Test', '1997-08-07', '4.2', 1, '1', 1, 1, '', '', false, 'public/uploads/rn_image_picker_lib_temp_8cbe4984-2d70-40d4-b045-cab114d0e557.jpg', NULL, false, NULL, false, false);
INSERT INTO public.user_profiles VALUES (125, 52, 'James', '1994-09-02', '4.1', 1, '1,3', 1, 1, 'lk', 'ins', false, 'public/uploads/rn_image_picker_lib_temp_4d074d72-7017-424f-bf25-623127a5a3b9.png', NULL, false, NULL, true, true);
INSERT INTO public.user_profiles VALUES (199, 92, 'Shazam', '1996-08-08', '4.11', 1, '1,3', 1, 1, 'Eee dh hyd', 'Ddffr', false, 'public/uploads/rn_image_picker_lib_temp_69b0449d-4e6d-4d5f-b0c5-52de8410cfc6.jpg', NULL, false, NULL, false, false);
INSERT INTO public.user_profiles VALUES (200, 93, 'Niya', '1990-03-02', '4.8', 1, '1', 2, 2, '  Linkedin.com', 'Insta.in', false, 'public/uploads/rn_image_picker_lib_temp_29881ac0-e8a6-49a9-b1fe-62a2da2fba3f.jpg', '(19.887920299999998,75.3685218)', true, '', false, false);
INSERT INTO public.user_profiles VALUES (217, 97, 'Test Oorigin', '1998-09-08', '4.2', 3, '3,1', 1, 1, '', '', false, 'public/uploads/rn_image_picker_lib_temp_132351b3-42f8-4212-b78d-c6072a69582e.jpg', NULL, false, NULL, true, false);
INSERT INTO public.user_profiles VALUES (222, 70, 'krish', '1992-03-11', '6', 1, '2,3', 1, 1, '5
Body
Cookies
Headers
(12)
Test Results
Status:
', '', false, 'public/uploads/istockphoto-1290493691-612x612.jpg', NULL, false, NULL, false, true);
INSERT INTO public.user_profiles VALUES (223, 70, 'krish', '1992-03-11', '6', 1, '2,3', 1, 1, '5
Body
Cookies
Headers
(12)
Test Results
Status:
', '', false, 'public/uploads/istockphoto-1290493691-612x612.jpg', NULL, false, NULL, true, true);
INSERT INTO public.user_profiles VALUES (224, 70, 'krish', '1992-03-11', '6', 1, '2,3', 1, 1, '5
Body
Cookies
Headers
(12)
Test Results
Status:
', '', false, 'public/uploads/istockphoto-1290493691-612x612.jpg', NULL, false, NULL, true, true);
INSERT INTO public.user_profiles VALUES (225, 70, 'krish', '1992-03-11', '6', 1, '2,3', 1, 1, '5
Body
Cookies
Headers
(12)
Test Results
Status:
', '', false, 'public/uploads/istockphoto-1290493691-612x612.jpg', NULL, false, NULL, true, true);
INSERT INTO public.user_profiles VALUES (226, 70, 'krish', '1992-03-11', '6', 1, '2,3', 1, 1, '5
Body
Cookies
Headers
(12)
Test Results
Status:
', '', false, 'public/uploads/istockphoto-1290493691-612x612.jpg', NULL, false, NULL, true, true);
INSERT INTO public.user_profiles VALUES (227, 70, 'krish', '1992-03-11', '6', 1, '2,3', 1, 1, '5
Body
Cookies
Headers
(12)
Test Results
Status:
', '', false, 'public/uploads/istockphoto-1290493691-612x612.jpg', NULL, false, NULL, true, true);
INSERT INTO public.user_profiles VALUES (229, 70, 'krish', '1992-03-11', '6', 3, '2,3', 1, 2, '5
Body
Cookies
Headers
(12)
Test Results
Status:
', '', false, 'public/uploads/istockphoto-1290493691-612x612.jpg', NULL, false, NULL, false, false);
INSERT INTO public.user_profiles VALUES (230, 70, 'krish', '1992-03-11', '6', 3, '2,3', 1, 2, '5
Body
Cookies
Headers
(12)
Test Results
Status:
', '', false, 'public/uploads/istockphoto-1290493691-612x612.jpg', NULL, false, NULL, false, false);
INSERT INTO public.user_profiles VALUES (231, 70, 'krish', '1992-03-11', '6', 3, '2,3', 1, 2, '5
Body
Cookies
Headers
(12)
Test Results
Status:
', '', false, 'public/uploads/istockphoto-1290493691-612x612.jpg', NULL, false, NULL, true, true);
INSERT INTO public.user_profiles VALUES (218, 95, 'Gauri Topare', '1994-08-09', '5.0', 1, '2', 2, 1, 'Gauree', 'Gauri', false, 'public/uploads/rn_image_picker_lib_temp_4b1c1f4c-b72c-4777-9fab-6ea63cefa134.jpg', '(19.887920299999998,75.3685218)', true, '', true, true);
INSERT INTO public.user_profiles VALUES (219, 70, 'rahima', '1992-03-11', '6', 1, '2,3', 2, 1, '', '', false, 'public/uploads/istockphoto-1290493691-612x612.jpg', NULL, false, NULL, false, false);
INSERT INTO public.user_profiles VALUES (220, 70, 'rahima', '1992-03-11', '6', 1, '2,3', 2, 1, '', '', false, 'public/uploads/istockphoto-1290493691-612x612.jpg', NULL, false, NULL, false, false);
INSERT INTO public.user_profiles VALUES (232, 99, 'tere', '2023-09-08', '4.0', 4, '3', 1, 1, '', '', false, 'public/uploads/rn_image_picker_lib_temp_fd410881-6707-495e-86a8-36bbb64f34eb.jpg', NULL, false, NULL, true, false);


--
-- Data for Name: user_regionals; Type: TABLE DATA; Schema: public; Owner: postgres
--

INSERT INTO public.user_regionals VALUES (151, 162, 1, 1, 1);
INSERT INTO public.user_regionals VALUES (152, 163, 1, 1, 1);
INSERT INTO public.user_regionals VALUES (153, 164, 1, 1, 1);
INSERT INTO public.user_regionals VALUES (154, 165, 1, 1, 1);
INSERT INTO public.user_regionals VALUES (155, 166, 1, 1, 1);
INSERT INTO public.user_regionals VALUES (170, 182, 1, 1, 1);
INSERT INTO public.user_regionals VALUES (171, 183, 1, 1, 1);
INSERT INTO public.user_regionals VALUES (172, 184, 1, 1, 1);
INSERT INTO public.user_regionals VALUES (173, 185, 1, 1, 1);
INSERT INTO public.user_regionals VALUES (174, 186, 1, 1, 1);
INSERT INTO public.user_regionals VALUES (175, 187, 1, 1, 1);
INSERT INTO public.user_regionals VALUES (176, 188, 1, 1, 1);
INSERT INTO public.user_regionals VALUES (177, 190, 1, 1, 1);
INSERT INTO public.user_regionals VALUES (181, 197, 1, 1, 1);
INSERT INTO public.user_regionals VALUES (182, 198, 1, 1, 1);
INSERT INTO public.user_regionals VALUES (183, 199, 5, 2, 4);
INSERT INTO public.user_regionals VALUES (184, 200, 2, 3, 2);
INSERT INTO public.user_regionals VALUES (116, 125, 1, 2, 1);
INSERT INTO public.user_regionals VALUES (117, 126, 1, 1, 1);
INSERT INTO public.user_regionals VALUES (118, 127, 1, 1, 1);
INSERT INTO public.user_regionals VALUES (119, 128, 4, 2, 2);
INSERT INTO public.user_regionals VALUES (120, 129, 1, 1, 1);
INSERT INTO public.user_regionals VALUES (121, 130, 2, 2, 2);
INSERT INTO public.user_regionals VALUES (123, 132, 1, 1, 1);
INSERT INTO public.user_regionals VALUES (124, 133, 1, 1, 1);
INSERT INTO public.user_regionals VALUES (125, 134, 1, 1, 1);
INSERT INTO public.user_regionals VALUES (122, 131, 1, 1, 1);
INSERT INTO public.user_regionals VALUES (126, 135, 1, 1, 1);
INSERT INTO public.user_regionals VALUES (201, 217, 1, 1, 1);
INSERT INTO public.user_regionals VALUES (202, 218, 5, 4, 3);
INSERT INTO public.user_regionals VALUES (203, 219, 1, 1, 1);
INSERT INTO public.user_regionals VALUES (204, 220, 1, 1, 1);
INSERT INTO public.user_regionals VALUES (205, 222, 1, 1, 1);
INSERT INTO public.user_regionals VALUES (206, 223, 1, 1, 1);
INSERT INTO public.user_regionals VALUES (207, 224, 1, 1, 1);
INSERT INTO public.user_regionals VALUES (208, 225, 1, 1, 1);
INSERT INTO public.user_regionals VALUES (209, 226, 1, 1, 1);
INSERT INTO public.user_regionals VALUES (210, 227, 1, 1, 1);
INSERT INTO public.user_regionals VALUES (211, 229, 1, 1, 1);
INSERT INTO public.user_regionals VALUES (212, 230, 1, 1, 1);
INSERT INTO public.user_regionals VALUES (213, 231, 1, 1, 1);
INSERT INTO public.user_regionals VALUES (214, 232, 1, 1, 1);


--
-- Data for Name: users; Type: TABLE DATA; Schema: public; Owner: postgres
--

INSERT INTO public.users VALUES (61, '+91', '9762506418', true, false, 4, false, NULL, '2023-06-23 11:07:16+05:30', '2023-06-30 11:07:16+05:30', '2023-07-04 11:42:07+05:30');
INSERT INTO public.users VALUES (76, '+91', '9999999921', true, false, 4, false, NULL, '2023-07-13 10:48:28+05:30', '2023-07-20 10:48:28+05:30', '2023-07-13 15:04:53+05:30');
INSERT INTO public.users VALUES (58, '+91', '9999999997', true, false, 2, false, NULL, '2023-06-27 11:57:08+05:30', '2023-09-25 11:57:08+05:30', '2023-07-10 15:49:55+05:30');
INSERT INTO public.users VALUES (53, '+91', '9999999992', true, true, 4, false, NULL, '2023-06-19 15:20:02+05:30', '2023-06-26 15:20:02+05:30', '2023-07-13 15:05:05+05:30');
INSERT INTO public.users VALUES (72, '+91', '9999999919', true, false, 4, false, NULL, '2023-07-12 14:52:06+05:30', '2023-07-19 14:52:06+05:30', '2023-07-13 15:05:16+05:30');
INSERT INTO public.users VALUES (71, '+91', '9999999916', true, false, 4, false, NULL, '2023-07-11 17:51:50+05:30', '2023-07-18 17:51:50+05:30', '2023-07-13 15:05:27+05:30');
INSERT INTO public.users VALUES (88, '+91', '9999988889', true, false, 4, false, NULL, '2023-08-07 16:08:19+05:30', '2023-08-14 16:08:19+05:30', '2023-08-07 16:08:30+05:30');
INSERT INTO public.users VALUES (99, '+91', '9999999967', true, false, 4, false, NULL, '2023-08-18 13:06:31+05:30', '2023-08-25 13:06:31+05:30', '2023-08-18 13:06:33+05:30');
INSERT INTO public.users VALUES (57, '+91', '9999999996', true, false, 3, false, NULL, '2023-07-13 12:52:02+05:30', '2023-10-11 12:52:02+05:30', '2023-08-08 18:40:19+05:30');
INSERT INTO public.users VALUES (70, '+91', '9999999123', true, false, 4, false, NULL, '2023-07-11 15:53:08+05:30', '2023-07-18 15:53:08+05:30', '2023-07-14 16:51:10+05:30');
INSERT INTO public.users VALUES (94, '+91', '9999999977', true, false, 4, false, NULL, '2023-08-09 10:14:14+05:30', '2023-08-16 10:14:14+05:30', '2023-08-09 10:14:15+05:30');
INSERT INTO public.users VALUES (64, '+91', '9999999999', true, false, 3, false, NULL, '2023-06-27 17:45:36+05:30', '2023-09-25 17:45:36+05:30', '2023-06-27 17:42:59+05:30');
INSERT INTO public.users VALUES (90, '+91', '9765357440', true, false, 4, false, NULL, '2023-08-08 11:56:55+05:30', '2023-08-15 11:56:55+05:30', '2023-08-08 12:15:23+05:30');
INSERT INTO public.users VALUES (91, '+91', '9999988878', true, false, 4, false, NULL, '2023-08-08 12:37:49+05:30', '2023-08-15 12:37:49+05:30', '2023-08-08 12:37:51+05:30');
INSERT INTO public.users VALUES (56, '+91', '9999999995', true, false, 4, false, NULL, '2023-06-19 15:29:43+05:30', '2023-06-26 15:29:43+05:30', '2023-06-19 17:24:45+05:30');
INSERT INTO public.users VALUES (68, '+91', '9999999910', true, false, 4, false, NULL, '2023-07-01 00:34:12+05:30', '2023-07-08 00:34:12+05:30', '2023-07-01 00:34:14+05:30');
INSERT INTO public.users VALUES (60, '+91', '1209602401', true, false, 4, false, NULL, '2023-06-20 12:06:03+05:30', '2023-06-27 12:06:03+05:30', '2023-06-20 12:06:03.157183+05:30');
INSERT INTO public.users VALUES (59, '+91', '1209602301', true, false, 3, false, NULL, '2023-06-20 10:57:05+05:30', '2023-06-27 10:57:05+05:30', '2023-06-20 12:05:56+05:30');
INSERT INTO public.users VALUES (93, '+91', '1234567890', true, false, 4, false, NULL, '2023-08-08 14:46:05+05:30', '2023-08-15 14:46:05+05:30', '2023-08-09 11:11:31+05:30');
INSERT INTO public.users VALUES (65, '+91', '9999999989', true, false, 4, false, NULL, '2023-06-27 16:30:17+05:30', '2023-07-04 16:30:17+05:30', '2023-06-27 16:30:20+05:30');
INSERT INTO public.users VALUES (66, '+91', '9999999981', true, false, 4, false, NULL, '2023-06-27 16:30:24+05:30', '2023-07-04 16:30:24+05:30', '2023-06-27 16:31:55+05:30');
INSERT INTO public.users VALUES (92, '+91', '9999988888', true, false, 4, false, NULL, '2023-08-08 14:39:33+05:30', '2023-08-15 14:39:33+05:30', '2023-08-08 14:39:37+05:30');
INSERT INTO public.users VALUES (73, '+91', '9999999915', true, false, 4, false, NULL, '2023-07-12 15:54:14+05:30', '2023-07-19 15:54:14+05:30', '2023-07-12 16:39:34+05:30');
INSERT INTO public.users VALUES (96, '+91', '9999977776', true, false, 4, false, NULL, '2023-08-09 12:04:02+05:30', '2023-08-16 12:04:02+05:30', '2023-08-09 12:04:04+05:30');
INSERT INTO public.users VALUES (97, '+91', '9999977777', true, false, 4, false, NULL, '2023-08-09 12:21:44+05:30', '2023-08-16 12:21:44+05:30', '2023-08-09 12:21:46+05:30');
INSERT INTO public.users VALUES (77, '+91', '9999999923', true, false, 4, false, NULL, '2023-07-13 14:48:19+05:30', '2023-07-20 14:48:19+05:30', '2023-07-13 17:09:53+05:30');
INSERT INTO public.users VALUES (74, '+91', '9999999914', true, false, 4, false, NULL, '2023-07-12 17:20:18+05:30', '2023-07-19 17:20:18+05:30', '2023-07-12 18:08:54+05:30');
INSERT INTO public.users VALUES (75, '+91', '9999999913', true, false, 4, false, NULL, '2023-07-12 18:09:11+05:30', '2023-07-19 18:09:11+05:30', '2023-07-12 18:09:14+05:30');
INSERT INTO public.users VALUES (81, '+91', '9999999511', true, false, 4, false, NULL, '2023-08-02 16:01:48+05:30', '2023-08-09 16:01:48+05:30', '2023-08-02 16:02:09+05:30');
INSERT INTO public.users VALUES (62, '+91', '9999999998', true, false, 3, false, NULL, '2023-06-26 18:29:03+05:30', '2023-09-24 18:29:03+05:30', '2023-07-03 16:46:27+05:30');
INSERT INTO public.users VALUES (82, '+91', '9999999211', true, false, 4, false, NULL, '2023-08-02 16:37:36+05:30', '2023-08-09 16:37:36+05:30', '2023-08-02 16:37:59+05:30');
INSERT INTO public.users VALUES (63, '+91', '9999999990', true, false, 4, false, NULL, '2023-06-27 14:52:26+05:30', '2023-07-04 14:52:26+05:30', '2023-08-08 16:02:10+05:30');
INSERT INTO public.users VALUES (55, '+91', '9999999994', true, false, 3, false, NULL, '2023-06-19 15:26:56+05:30', '2023-06-26 15:26:56+05:30', '2023-08-02 17:04:48+05:30');
INSERT INTO public.users VALUES (83, '+91', '9999999988', true, false, 4, false, NULL, '2023-08-02 17:05:15+05:30', '2023-08-09 17:05:15+05:30', '2023-08-02 17:05:17+05:30');
INSERT INTO public.users VALUES (84, '+91', '9999999900', true, false, 4, false, NULL, '2023-08-02 17:24:05+05:30', '2023-08-09 17:24:05+05:30', '2023-08-02 17:24:05.566751+05:30');
INSERT INTO public.users VALUES (85, '+91', '9999999940', true, false, 4, false, NULL, '2023-08-02 18:08:08+05:30', '2023-08-09 18:08:08+05:30', '2023-08-02 18:08:08.793643+05:30');
INSERT INTO public.users VALUES (89, '+91', '9999988777', true, false, 4, false, NULL, '2023-08-07 16:30:38+05:30', '2023-08-14 16:30:38+05:30', '2023-08-09 12:53:53+05:30');
INSERT INTO public.users VALUES (86, '+91', '9999988881', true, false, 4, false, NULL, '2023-08-02 18:39:15+05:30', '2023-08-09 18:39:15+05:30', '2023-08-02 18:44:12+05:30');
INSERT INTO public.users VALUES (87, '+91', '9999988883', true, false, 4, false, NULL, '2023-08-02 18:46:01+05:30', '2023-08-09 18:46:01+05:30', '2023-08-02 18:46:02+05:30');
INSERT INTO public.users VALUES (98, '+91', '8899889999', true, false, 4, false, NULL, '2023-08-09 12:54:21+05:30', '2023-08-16 12:54:21+05:30', '2023-08-09 12:54:22+05:30');
INSERT INTO public.users VALUES (78, '+91', '9999999912', true, false, 2, false, NULL, '2023-08-08 14:38:48+05:30', '2023-11-06 14:38:48+05:30', '2023-08-08 17:48:46+05:30');
INSERT INTO public.users VALUES (95, '+91', '9665526855', true, false, 4, false, NULL, '2023-08-09 11:12:33+05:30', '2023-08-16 11:12:33+05:30', '2023-08-09 14:52:03+05:30');
INSERT INTO public.users VALUES (54, '+91', '9999999993', true, false, 2, false, NULL, '2023-08-08 17:39:43+05:30', '2023-11-06 17:39:43+05:30', '2023-08-08 17:51:18+05:30');
INSERT INTO public.users VALUES (52, '+91', '9999999991', true, false, 3, false, NULL, '2023-06-27 16:50:56+05:30', '2023-09-25 16:50:56+05:30', '2023-08-18 13:04:47+05:30');


--
-- Name: about_us_about_us_id_seq; Type: SEQUENCE SET; Schema: public; Owner: postgres
--

SELECT pg_catalog.setval('public.about_us_about_us_id_seq', 1, true);


--
-- Name: additional_information_questi_additional_information_quest_seq1; Type: SEQUENCE SET; Schema: public; Owner: postgres
--

SELECT pg_catalog.setval('public.additional_information_questi_additional_information_quest_seq1', 343, true);


--
-- Name: additional_information_questi_additional_information_questi_seq; Type: SEQUENCE SET; Schema: public; Owner: postgres
--

SELECT pg_catalog.setval('public.additional_information_questi_additional_information_questi_seq', 77, true);


--
-- Name: admins_admin_id_seq; Type: SEQUENCE SET; Schema: public; Owner: postgres
--

SELECT pg_catalog.setval('public.admins_admin_id_seq', 106, true);


--
-- Name: answer_types_answer_type_Id_seq; Type: SEQUENCE SET; Schema: public; Owner: postgres
--

SELECT pg_catalog.setval('public."answer_types_answer_type_Id_seq"', 4, true);


--
-- Name: articles_article_id_seq; Type: SEQUENCE SET; Schema: public; Owner: postgres
--

SELECT pg_catalog.setval('public.articles_article_id_seq', 44, true);


--
-- Name: citizenship_document_types_citizenship_document_type_id_seq; Type: SEQUENCE SET; Schema: public; Owner: postgres
--

SELECT pg_catalog.setval('public.citizenship_document_types_citizenship_document_type_id_seq', 2, true);


--
-- Name: country_of_origins_country_of_origin_id_seq; Type: SEQUENCE SET; Schema: public; Owner: postgres
--

SELECT pg_catalog.setval('public.country_of_origins_country_of_origin_id_seq', 3, true);


--
-- Name: degrees_degree_id_seq; Type: SEQUENCE SET; Schema: public; Owner: postgres
--

SELECT pg_catalog.setval('public.degrees_degree_id_seq', 3, true);


--
-- Name: drinks_drink_Id_seq; Type: SEQUENCE SET; Schema: public; Owner: postgres
--

SELECT pg_catalog.setval('public."drinks_drink_Id_seq"', 4, true);


--
-- Name: eating_and_drinking_habits_eating_and_drinking_habit_Id_seq; Type: SEQUENCE SET; Schema: public; Owner: postgres
--

SELECT pg_catalog.setval('public."eating_and_drinking_habits_eating_and_drinking_habit_Id_seq"', 214, true);


--
-- Name: education_types_education_type_id_seq; Type: SEQUENCE SET; Schema: public; Owner: postgres
--

SELECT pg_catalog.setval('public.education_types_education_type_id_seq', 5, true);


--
-- Name: educational_document_types_educational_document_type_Id_seq; Type: SEQUENCE SET; Schema: public; Owner: postgres
--

SELECT pg_catalog.setval('public."educational_document_types_educational_document_type_Id_seq"', 4, true);


--
-- Name: educational_subjects_educational_subject_Id_seq; Type: SEQUENCE SET; Schema: public; Owner: postgres
--

SELECT pg_catalog.setval('public."educational_subjects_educational_subject_Id_seq"', 14, true);


--
-- Name: employment_document_types_employment_document_type_Id_seq; Type: SEQUENCE SET; Schema: public; Owner: postgres
--

SELECT pg_catalog.setval('public."employment_document_types_employment_document_type_Id_seq"', 2, true);


--
-- Name: employment_types_employment_type_id_seq; Type: SEQUENCE SET; Schema: public; Owner: postgres
--

SELECT pg_catalog.setval('public.employment_types_employment_type_id_seq', 4, true);


--
-- Name: genders_gender_id_seq; Type: SEQUENCE SET; Schema: public; Owner: postgres
--

SELECT pg_catalog.setval('public.genders_gender_id_seq', 2, true);


--
-- Name: halals_halal_Id_seq; Type: SEQUENCE SET; Schema: public; Owner: postgres
--

SELECT pg_catalog.setval('public."halals_halal_Id_seq"', 4, true);


--
-- Name: languages_language_Id_seq; Type: SEQUENCE SET; Schema: public; Owner: postgres
--

SELECT pg_catalog.setval('public."languages_language_Id_seq"', 264, true);


--
-- Name: level_of_religiousness_level_of_religiousness_Id_seq; Type: SEQUENCE SET; Schema: public; Owner: postgres
--

SELECT pg_catalog.setval('public."level_of_religiousness_level_of_religiousness_Id_seq"', 4, true);


--
-- Name: marital_status_marital_status_Id_seq; Type: SEQUENCE SET; Schema: public; Owner: postgres
--

SELECT pg_catalog.setval('public."marital_status_marital_status_Id_seq"', 6, true);


--
-- Name: nationalities_nationality_id_seq; Type: SEQUENCE SET; Schema: public; Owner: postgres
--

SELECT pg_catalog.setval('public.nationalities_nationality_id_seq', 4, true);


--
-- Name: payment_modes_payment_mode_id_seq; Type: SEQUENCE SET; Schema: public; Owner: postgres
--

SELECT pg_catalog.setval('public.payment_modes_payment_mode_id_seq', 2, true);


--
-- Name: plan_details_plan_detail_id_seq; Type: SEQUENCE SET; Schema: public; Owner: postgres
--

SELECT pg_catalog.setval('public.plan_details_plan_detail_id_seq', 14, true);


--
-- Name: plans_plan_id_seq; Type: SEQUENCE SET; Schema: public; Owner: postgres
--

SELECT pg_catalog.setval('public.plans_plan_id_seq', 4, true);


--
-- Name: prayers_prayer_Id_seq; Type: SEQUENCE SET; Schema: public; Owner: postgres
--

SELECT pg_catalog.setval('public."prayers_prayer_Id_seq"', 4, true);


--
-- Name: prenup_prenup_Id_seq; Type: SEQUENCE SET; Schema: public; Owner: postgres
--

SELECT pg_catalog.setval('public."prenup_prenup_Id_seq"', 3, true);


--
-- Name: privacy_policy_privacy_policy_id_seq; Type: SEQUENCE SET; Schema: public; Owner: postgres
--

SELECT pg_catalog.setval('public.privacy_policy_privacy_policy_id_seq', 3, true);


--
-- Name: private_chat_conversation_conversation_id_seq; Type: SEQUENCE SET; Schema: public; Owner: postgres
--

SELECT pg_catalog.setval('public.private_chat_conversation_conversation_id_seq', 323, true);


--
-- Name: private_chat_files_file_id_seq; Type: SEQUENCE SET; Schema: public; Owner: postgres
--

SELECT pg_catalog.setval('public.private_chat_files_file_id_seq', 151, true);


--
-- Name: private_chat_private_chat_id_seq; Type: SEQUENCE SET; Schema: public; Owner: postgres
--

SELECT pg_catalog.setval('public.private_chat_private_chat_id_seq', 18, true);


--
-- Name: query_management_query_id_seq; Type: SEQUENCE SET; Schema: public; Owner: postgres
--

SELECT pg_catalog.setval('public.query_management_query_id_seq', 8, true);


--
-- Name: query_status_query_status_id_seq; Type: SEQUENCE SET; Schema: public; Owner: postgres
--

SELECT pg_catalog.setval('public.query_status_query_status_id_seq', 6, true);


--
-- Name: question_groups_question_group_Id_seq; Type: SEQUENCE SET; Schema: public; Owner: postgres
--

SELECT pg_catalog.setval('public."question_groups_question_group_Id_seq"', 9, true);


--
-- Name: regionals_regional_Id_seq; Type: SEQUENCE SET; Schema: public; Owner: postgres
--

SELECT pg_catalog.setval('public."regionals_regional_Id_seq"', 214, true);


--
-- Name: sects_sect_Id_seq; Type: SEQUENCE SET; Schema: public; Owner: postgres
--

SELECT pg_catalog.setval('public."sects_sect_Id_seq"', 7, true);


--
-- Name: smokes_smoke_Id_seq; Type: SEQUENCE SET; Schema: public; Owner: postgres
--

SELECT pg_catalog.setval('public."smokes_smoke_Id_seq"', 4, true);


--
-- Name: terms_and_conditions_terms_and_condition_id_seq; Type: SEQUENCE SET; Schema: public; Owner: postgres
--

SELECT pg_catalog.setval('public.terms_and_conditions_terms_and_condition_id_seq', 1, true);


--
-- Name: user_about_yourself_photos_user_about_yourself_photo_Id_seq; Type: SEQUENCE SET; Schema: public; Owner: postgres
--

SELECT pg_catalog.setval('public."user_about_yourself_photos_user_about_yourself_photo_Id_seq"', 166, true);


--
-- Name: user_about_yourself_user_about_yourself_Id_seq; Type: SEQUENCE SET; Schema: public; Owner: postgres
--

SELECT pg_catalog.setval('public."user_about_yourself_user_about_yourself_Id_seq"', 199, true);


--
-- Name: user_access_rights_user_access_right_id_seq; Type: SEQUENCE SET; Schema: public; Owner: postgres
--

SELECT pg_catalog.setval('public.user_access_rights_user_access_right_id_seq', 9, true);


--
-- Name: user_activities_user_activity_id_seq; Type: SEQUENCE SET; Schema: public; Owner: postgres
--

SELECT pg_catalog.setval('public.user_activities_user_activity_id_seq', 104, true);


--
-- Name: user_additional_informations_user_additional_information_Id_seq; Type: SEQUENCE SET; Schema: public; Owner: postgres
--

SELECT pg_catalog.setval('public."user_additional_informations_user_additional_information_Id_seq"', 62, true);


--
-- Name: user_additional_languages_user_additional_language_Id_seq; Type: SEQUENCE SET; Schema: public; Owner: postgres
--

SELECT pg_catalog.setval('public."user_additional_languages_user_additional_language_Id_seq"', 407, true);


--
-- Name: user_articles_user_article_id_seq; Type: SEQUENCE SET; Schema: public; Owner: postgres
--

SELECT pg_catalog.setval('public.user_articles_user_article_id_seq', 55, true);


--
-- Name: user_citizenship_documents_user_citizenship_document_Id_seq; Type: SEQUENCE SET; Schema: public; Owner: postgres
--

SELECT pg_catalog.setval('public."user_citizenship_documents_user_citizenship_document_Id_seq"', 197, true);


--
-- Name: user_educational_documents _user_educational_document_Id_seq; Type: SEQUENCE SET; Schema: public; Owner: postgres
--

SELECT pg_catalog.setval('public."user_educational_documents _user_educational_document_Id_seq"', 136, true);


--
-- Name: user_educations_user_education_Id_seq; Type: SEQUENCE SET; Schema: public; Owner: postgres
--

SELECT pg_catalog.setval('public."user_educations_user_education_Id_seq"', 203, true);


--
-- Name: user_employment_documents_user_employment_document_id_seq; Type: SEQUENCE SET; Schema: public; Owner: postgres
--

SELECT pg_catalog.setval('public.user_employment_documents_user_employment_document_id_seq', 162, true);


--
-- Name: user_employments_user_employment_Id_seq; Type: SEQUENCE SET; Schema: public; Owner: postgres
--

SELECT pg_catalog.setval('public."user_employments_user_employment_Id_seq"', 203, true);


--
-- Name: user_marital_status_user_marital_status_Id_seq; Type: SEQUENCE SET; Schema: public; Owner: postgres
--

SELECT pg_catalog.setval('public."user_marital_status_user_marital_status_Id_seq"', 202, true);


--
-- Name: user_matches_chat_history_user_matches_chat_history_id_seq; Type: SEQUENCE SET; Schema: public; Owner: postgres
--

SELECT pg_catalog.setval('public.user_matches_chat_history_user_matches_chat_history_id_seq', 222, true);


--
-- Name: user_payments_user_payment_id_seq; Type: SEQUENCE SET; Schema: public; Owner: postgres
--

SELECT pg_catalog.setval('public.user_payments_user_payment_id_seq', 41, true);


--
-- Name: user_plans_user_plan_id_seq; Type: SEQUENCE SET; Schema: public; Owner: postgres
--

SELECT pg_catalog.setval('public.user_plans_user_plan_id_seq', 92, true);


--
-- Name: user_profile_reports_user_profile_report_id_seq; Type: SEQUENCE SET; Schema: public; Owner: postgres
--

SELECT pg_catalog.setval('public.user_profile_reports_user_profile_report_id_seq', 1, true);


--
-- Name: user_profiles_user_profile_id_seq; Type: SEQUENCE SET; Schema: public; Owner: postgres
--

SELECT pg_catalog.setval('public.user_profiles_user_profile_id_seq', 232, true);


--
-- Name: users_user_id_seq; Type: SEQUENCE SET; Schema: public; Owner: postgres
--

SELECT pg_catalog.setval('public.users_user_id_seq', 99, true);


--
-- Name: about_us about_us_pkey; Type: CONSTRAINT; Schema: public; Owner: postgres
--

ALTER TABLE ONLY public.about_us
    ADD CONSTRAINT about_us_pkey PRIMARY KEY (about_us_id);


--
-- Name: additional_information_question_options additional_information_question_options_pkey; Type: CONSTRAINT; Schema: public; Owner: postgres
--

ALTER TABLE ONLY public.additional_information_question_options
    ADD CONSTRAINT additional_information_question_options_pkey PRIMARY KEY ("additional_information_question_option_Id");


--
-- Name: additional_information_questions additional_information_questions_pkey; Type: CONSTRAINT; Schema: public; Owner: postgres
--

ALTER TABLE ONLY public.additional_information_questions
    ADD CONSTRAINT additional_information_questions_pkey PRIMARY KEY ("additional_information_question_Id");


--
-- Name: admins admins_pkey; Type: CONSTRAINT; Schema: public; Owner: postgres
--

ALTER TABLE ONLY public.admins
    ADD CONSTRAINT admins_pkey PRIMARY KEY (admin_id);


--
-- Name: answer_types answer_types_pkey; Type: CONSTRAINT; Schema: public; Owner: postgres
--

ALTER TABLE ONLY public.answer_types
    ADD CONSTRAINT answer_types_pkey PRIMARY KEY ("answer_type_Id");


--
-- Name: articles articles_pkey; Type: CONSTRAINT; Schema: public; Owner: postgres
--

ALTER TABLE ONLY public.articles
    ADD CONSTRAINT articles_pkey PRIMARY KEY (article_id);


--
-- Name: country_of_origins country_of_origins_pkey; Type: CONSTRAINT; Schema: public; Owner: postgres
--

ALTER TABLE ONLY public.country_of_origins
    ADD CONSTRAINT country_of_origins_pkey PRIMARY KEY (country_of_origin_id);


--
-- Name: degrees degrees_pkey; Type: CONSTRAINT; Schema: public; Owner: postgres
--

ALTER TABLE ONLY public.degrees
    ADD CONSTRAINT degrees_pkey PRIMARY KEY (degree_id);


--
-- Name: drinks drinks_pkey; Type: CONSTRAINT; Schema: public; Owner: postgres
--

ALTER TABLE ONLY public.drinks
    ADD CONSTRAINT drinks_pkey PRIMARY KEY ("drink_Id");


--
-- Name: user_eating_and_drinking_habits eating_and_drinking_habits_pkey; Type: CONSTRAINT; Schema: public; Owner: postgres
--

ALTER TABLE ONLY public.user_eating_and_drinking_habits
    ADD CONSTRAINT eating_and_drinking_habits_pkey PRIMARY KEY ("user_eating_and_drinking_habit_Id");


--
-- Name: education_types education_types_pkey; Type: CONSTRAINT; Schema: public; Owner: postgres
--

ALTER TABLE ONLY public.education_types
    ADD CONSTRAINT education_types_pkey PRIMARY KEY (education_type_id);


--
-- Name: educational_document_types educational_document_types_pkey; Type: CONSTRAINT; Schema: public; Owner: postgres
--

ALTER TABLE ONLY public.educational_document_types
    ADD CONSTRAINT educational_document_types_pkey PRIMARY KEY ("educational_document_type_Id");


--
-- Name: educational_subjects educational_subjects_pkey; Type: CONSTRAINT; Schema: public; Owner: postgres
--

ALTER TABLE ONLY public.educational_subjects
    ADD CONSTRAINT educational_subjects_pkey PRIMARY KEY ("educational_subject_Id");


--
-- Name: employment_document_types employment_document_types_pkey; Type: CONSTRAINT; Schema: public; Owner: postgres
--

ALTER TABLE ONLY public.employment_document_types
    ADD CONSTRAINT employment_document_types_pkey PRIMARY KEY ("employment_document_type_Id");


--
-- Name: employment_types employment_types_pkey; Type: CONSTRAINT; Schema: public; Owner: postgres
--

ALTER TABLE ONLY public.employment_types
    ADD CONSTRAINT employment_types_pkey PRIMARY KEY (employment_type_id);


--
-- Name: genders genders_pkey; Type: CONSTRAINT; Schema: public; Owner: postgres
--

ALTER TABLE ONLY public.genders
    ADD CONSTRAINT genders_pkey PRIMARY KEY (gender_id);


--
-- Name: halals halals_pkey; Type: CONSTRAINT; Schema: public; Owner: postgres
--

ALTER TABLE ONLY public.halals
    ADD CONSTRAINT halals_pkey PRIMARY KEY ("halal_Id");


--
-- Name: languages languages_pkey; Type: CONSTRAINT; Schema: public; Owner: postgres
--

ALTER TABLE ONLY public.languages
    ADD CONSTRAINT languages_pkey PRIMARY KEY ("language_Id");


--
-- Name: level_of_religiousness level_of_religiousness_pkey; Type: CONSTRAINT; Schema: public; Owner: postgres
--

ALTER TABLE ONLY public.level_of_religiousness
    ADD CONSTRAINT level_of_religiousness_pkey PRIMARY KEY ("level_of_religiousness_Id");


--
-- Name: marital_status marital_status_pkey; Type: CONSTRAINT; Schema: public; Owner: postgres
--

ALTER TABLE ONLY public.marital_status
    ADD CONSTRAINT marital_status_pkey PRIMARY KEY ("marital_status_Id");


--
-- Name: nationalities nationalities_pkey; Type: CONSTRAINT; Schema: public; Owner: postgres
--

ALTER TABLE ONLY public.nationalities
    ADD CONSTRAINT nationalities_pkey PRIMARY KEY (nationality_id);


--
-- Name: payment_modes payment_modes_pkey; Type: CONSTRAINT; Schema: public; Owner: postgres
--

ALTER TABLE ONLY public.payment_modes
    ADD CONSTRAINT payment_modes_pkey PRIMARY KEY (payment_mode_id);


--
-- Name: plan_details plan_details_pkey; Type: CONSTRAINT; Schema: public; Owner: postgres
--

ALTER TABLE ONLY public.plan_details
    ADD CONSTRAINT plan_details_pkey PRIMARY KEY (plan_detail_id);


--
-- Name: plans plans_pkey; Type: CONSTRAINT; Schema: public; Owner: postgres
--

ALTER TABLE ONLY public.plans
    ADD CONSTRAINT plans_pkey PRIMARY KEY (plan_id);


--
-- Name: prayers prayers_pkey; Type: CONSTRAINT; Schema: public; Owner: postgres
--

ALTER TABLE ONLY public.prayers
    ADD CONSTRAINT prayers_pkey PRIMARY KEY ("prayer_Id");


--
-- Name: prenup prenup_pkey; Type: CONSTRAINT; Schema: public; Owner: postgres
--

ALTER TABLE ONLY public.prenup
    ADD CONSTRAINT prenup_pkey PRIMARY KEY ("prenup_Id");


--
-- Name: privacy_policy privacy_policy_pkey; Type: CONSTRAINT; Schema: public; Owner: postgres
--

ALTER TABLE ONLY public.privacy_policy
    ADD CONSTRAINT privacy_policy_pkey PRIMARY KEY (privacy_policy_id);


--
-- Name: private_chat_conversation private_chat_conversation_pkey; Type: CONSTRAINT; Schema: public; Owner: postgres
--

ALTER TABLE ONLY public.private_chat_conversation
    ADD CONSTRAINT private_chat_conversation_pkey PRIMARY KEY (conversation_id);


--
-- Name: private_chat_files private_chat_files_pkey; Type: CONSTRAINT; Schema: public; Owner: postgres
--

ALTER TABLE ONLY public.private_chat_files
    ADD CONSTRAINT private_chat_files_pkey PRIMARY KEY (file_id);


--
-- Name: private_chat private_chat_pkey; Type: CONSTRAINT; Schema: public; Owner: postgres
--

ALTER TABLE ONLY public.private_chat
    ADD CONSTRAINT private_chat_pkey PRIMARY KEY (private_chat_id);


--
-- Name: query_management query_management_pkey; Type: CONSTRAINT; Schema: public; Owner: postgres
--

ALTER TABLE ONLY public.query_management
    ADD CONSTRAINT query_management_pkey PRIMARY KEY (query_id);


--
-- Name: query_status query_status_pkey; Type: CONSTRAINT; Schema: public; Owner: postgres
--

ALTER TABLE ONLY public.query_status
    ADD CONSTRAINT query_status_pkey PRIMARY KEY (query_status_id);


--
-- Name: question_groups question_groups_pkey; Type: CONSTRAINT; Schema: public; Owner: postgres
--

ALTER TABLE ONLY public.question_groups
    ADD CONSTRAINT question_groups_pkey PRIMARY KEY ("question_group_Id");


--
-- Name: user_regionals regionals_pkey; Type: CONSTRAINT; Schema: public; Owner: postgres
--

ALTER TABLE ONLY public.user_regionals
    ADD CONSTRAINT regionals_pkey PRIMARY KEY ("user_regional_Id");


--
-- Name: sects sects_pkey; Type: CONSTRAINT; Schema: public; Owner: postgres
--

ALTER TABLE ONLY public.sects
    ADD CONSTRAINT sects_pkey PRIMARY KEY ("sect_Id");


--
-- Name: smokes smokes_pkey; Type: CONSTRAINT; Schema: public; Owner: postgres
--

ALTER TABLE ONLY public.smokes
    ADD CONSTRAINT smokes_pkey PRIMARY KEY ("smoke_Id");


--
-- Name: terms_and_conditions terms_and_conditions_pkey; Type: CONSTRAINT; Schema: public; Owner: postgres
--

ALTER TABLE ONLY public.terms_and_conditions
    ADD CONSTRAINT terms_and_conditions_pkey PRIMARY KEY (terms_and_condition_id);


--
-- Name: user_about_yourself_photos user_about_yourself_photos_pkey; Type: CONSTRAINT; Schema: public; Owner: postgres
--

ALTER TABLE ONLY public.user_about_yourself_photos
    ADD CONSTRAINT user_about_yourself_photos_pkey PRIMARY KEY ("user_about_yourself_photo_Id");


--
-- Name: user_about_yourself user_about_yourself_pkey; Type: CONSTRAINT; Schema: public; Owner: postgres
--

ALTER TABLE ONLY public.user_about_yourself
    ADD CONSTRAINT user_about_yourself_pkey PRIMARY KEY ("user_about_yourself_Id");


--
-- Name: user_access_rights user_access_rights_pkey; Type: CONSTRAINT; Schema: public; Owner: postgres
--

ALTER TABLE ONLY public.user_access_rights
    ADD CONSTRAINT user_access_rights_pkey PRIMARY KEY (user_access_right_id);


--
-- Name: user_activities user_activities_pkey; Type: CONSTRAINT; Schema: public; Owner: postgres
--

ALTER TABLE ONLY public.user_activities
    ADD CONSTRAINT user_activities_pkey PRIMARY KEY (user_activity_id);


--
-- Name: user_additional_informations user_additional_informations_pkey; Type: CONSTRAINT; Schema: public; Owner: postgres
--

ALTER TABLE ONLY public.user_additional_informations
    ADD CONSTRAINT user_additional_informations_pkey PRIMARY KEY ("user_additional_information_Id");


--
-- Name: user_additional_languages user_additional_languages_pkey; Type: CONSTRAINT; Schema: public; Owner: postgres
--

ALTER TABLE ONLY public.user_additional_languages
    ADD CONSTRAINT user_additional_languages_pkey PRIMARY KEY ("user_additional_language_Id");


--
-- Name: user_articles user_articles_pkey; Type: CONSTRAINT; Schema: public; Owner: postgres
--

ALTER TABLE ONLY public.user_articles
    ADD CONSTRAINT user_articles_pkey PRIMARY KEY (user_article_id);


--
-- Name: user_citizenship_documents user_citizenship_documents_pkey; Type: CONSTRAINT; Schema: public; Owner: postgres
--

ALTER TABLE ONLY public.user_citizenship_documents
    ADD CONSTRAINT user_citizenship_documents_pkey PRIMARY KEY ("user_citizenship_document_Id");


--
-- Name: user_educational_documents user_educational_documents _pkey; Type: CONSTRAINT; Schema: public; Owner: postgres
--

ALTER TABLE ONLY public.user_educational_documents
    ADD CONSTRAINT "user_educational_documents _pkey" PRIMARY KEY ("user_educational_document_Id");


--
-- Name: user_educations user_educations_pkey; Type: CONSTRAINT; Schema: public; Owner: postgres
--

ALTER TABLE ONLY public.user_educations
    ADD CONSTRAINT user_educations_pkey PRIMARY KEY ("user_education_Id");


--
-- Name: user_employment_documents user_employment_documents_pkey; Type: CONSTRAINT; Schema: public; Owner: postgres
--

ALTER TABLE ONLY public.user_employment_documents
    ADD CONSTRAINT user_employment_documents_pkey PRIMARY KEY (user_employment_document_id);


--
-- Name: user_employments user_employments_pkey; Type: CONSTRAINT; Schema: public; Owner: postgres
--

ALTER TABLE ONLY public.user_employments
    ADD CONSTRAINT user_employments_pkey PRIMARY KEY ("user_employment_Id");


--
-- Name: user_marital_status user_marital_status_pkey; Type: CONSTRAINT; Schema: public; Owner: postgres
--

ALTER TABLE ONLY public.user_marital_status
    ADD CONSTRAINT user_marital_status_pkey PRIMARY KEY ("user_marital_status_Id");


--
-- Name: user_matches_chat_history user_matches_chat_history_pkey; Type: CONSTRAINT; Schema: public; Owner: postgres
--

ALTER TABLE ONLY public.user_matches_chat_history
    ADD CONSTRAINT user_matches_chat_history_pkey PRIMARY KEY (user_matches_chat_history_id);


--
-- Name: user_payments user_payments_pkey; Type: CONSTRAINT; Schema: public; Owner: postgres
--

ALTER TABLE ONLY public.user_payments
    ADD CONSTRAINT user_payments_pkey PRIMARY KEY (user_payment_id);


--
-- Name: user_plans user_plans_pkey; Type: CONSTRAINT; Schema: public; Owner: postgres
--

ALTER TABLE ONLY public.user_plans
    ADD CONSTRAINT user_plans_pkey PRIMARY KEY (user_plan_id);


--
-- Name: user_profile_reports user_profile_reports_pkey; Type: CONSTRAINT; Schema: public; Owner: postgres
--

ALTER TABLE ONLY public.user_profile_reports
    ADD CONSTRAINT user_profile_reports_pkey PRIMARY KEY (user_profile_report_id);


--
-- Name: user_profiles user_profiles_pkey; Type: CONSTRAINT; Schema: public; Owner: postgres
--

ALTER TABLE ONLY public.user_profiles
    ADD CONSTRAINT user_profiles_pkey PRIMARY KEY (user_profile_id);


--
-- Name: users users_pkey; Type: CONSTRAINT; Schema: public; Owner: postgres
--

ALTER TABLE ONLY public.users
    ADD CONSTRAINT users_pkey PRIMARY KEY (user_id);


--
-- Name: private_chat_conversation_conversation_chat_id_aa35899c; Type: INDEX; Schema: public; Owner: postgres
--

CREATE INDEX private_chat_conversation_conversation_chat_id_aa35899c ON public.private_chat_conversation USING btree (conversation_chat_id);


--
-- Name: private_chat_files_file_chat_id_c98a3358; Type: INDEX; Schema: public; Owner: postgres
--

CREATE INDEX private_chat_files_file_chat_id_c98a3358 ON public.private_chat_files USING btree (file_chat_id);


--
-- Name: articles articles_created_by_id_fkey; Type: FK CONSTRAINT; Schema: public; Owner: postgres
--

ALTER TABLE ONLY public.articles
    ADD CONSTRAINT articles_created_by_id_fkey FOREIGN KEY (created_by_id) REFERENCES public.admins(admin_id) ON UPDATE CASCADE ON DELETE CASCADE;


--
-- Name: degrees degrees_education_type_id_fkey; Type: FK CONSTRAINT; Schema: public; Owner: postgres
--

ALTER TABLE ONLY public.degrees
    ADD CONSTRAINT degrees_education_type_id_fkey FOREIGN KEY (education_type_id) REFERENCES public.education_types(education_type_id) ON UPDATE CASCADE ON DELETE CASCADE;


--
-- Name: additional_information_question_options fk_add_info_question_options_add_info_questions; Type: FK CONSTRAINT; Schema: public; Owner: postgres
--

ALTER TABLE ONLY public.additional_information_question_options
    ADD CONSTRAINT fk_add_info_question_options_add_info_questions FOREIGN KEY ("additional_information_question_Id") REFERENCES public.additional_information_questions("additional_information_question_Id");


--
-- Name: additional_information_questions fk_additional_information_questions_answer_types; Type: FK CONSTRAINT; Schema: public; Owner: postgres
--

ALTER TABLE ONLY public.additional_information_questions
    ADD CONSTRAINT fk_additional_information_questions_answer_types FOREIGN KEY ("answer_type_Id") REFERENCES public.answer_types("answer_type_Id");


--
-- Name: additional_information_questions fk_additional_information_questions_question_groups; Type: FK CONSTRAINT; Schema: public; Owner: postgres
--

ALTER TABLE ONLY public.additional_information_questions
    ADD CONSTRAINT fk_additional_information_questions_question_groups FOREIGN KEY ("question_group_Id") REFERENCES public.question_groups("question_group_Id");


--
-- Name: plan_details plan_details_plan_id_fkey; Type: FK CONSTRAINT; Schema: public; Owner: postgres
--

ALTER TABLE ONLY public.plan_details
    ADD CONSTRAINT plan_details_plan_id_fkey FOREIGN KEY (plan_id) REFERENCES public.plans(plan_id) ON UPDATE CASCADE ON DELETE CASCADE;


--
-- Name: private_chat_conversation private_chat_convers_conversation_chat_id_aa35899c_fk_private_c; Type: FK CONSTRAINT; Schema: public; Owner: postgres
--

ALTER TABLE ONLY public.private_chat_conversation
    ADD CONSTRAINT private_chat_convers_conversation_chat_id_aa35899c_fk_private_c FOREIGN KEY (conversation_chat_id) REFERENCES public.private_chat(private_chat_id) DEFERRABLE INITIALLY DEFERRED;


--
-- Name: private_chat_files private_chat_files_file_chat_id_fkey; Type: FK CONSTRAINT; Schema: public; Owner: postgres
--

ALTER TABLE ONLY public.private_chat_files
    ADD CONSTRAINT private_chat_files_file_chat_id_fkey FOREIGN KEY (file_chat_id) REFERENCES public.private_chat(private_chat_id) ON UPDATE CASCADE ON DELETE CASCADE;


--
-- Name: private_chat_files private_chat_files_file_conversation_id_fkey; Type: FK CONSTRAINT; Schema: public; Owner: postgres
--

ALTER TABLE ONLY public.private_chat_files
    ADD CONSTRAINT private_chat_files_file_conversation_id_fkey FOREIGN KEY (file_conversation_id) REFERENCES public.private_chat_conversation(conversation_id) ON UPDATE CASCADE ON DELETE CASCADE;


--
-- Name: query_management query_management_created_by_id_fkey; Type: FK CONSTRAINT; Schema: public; Owner: postgres
--

ALTER TABLE ONLY public.query_management
    ADD CONSTRAINT query_management_created_by_id_fkey FOREIGN KEY (created_by_id) REFERENCES public.user_profiles(user_profile_id) ON UPDATE CASCADE ON DELETE CASCADE;


--
-- Name: query_management query_management_query_status_id_fkey; Type: FK CONSTRAINT; Schema: public; Owner: postgres
--

ALTER TABLE ONLY public.query_management
    ADD CONSTRAINT query_management_query_status_id_fkey FOREIGN KEY (query_status_id) REFERENCES public.query_status(query_status_id) ON UPDATE CASCADE ON DELETE CASCADE;


--
-- Name: query_management query_management_user_profile_id_fkey; Type: FK CONSTRAINT; Schema: public; Owner: postgres
--

ALTER TABLE ONLY public.query_management
    ADD CONSTRAINT query_management_user_profile_id_fkey FOREIGN KEY (user_profile_id) REFERENCES public.user_profiles(user_profile_id) ON UPDATE CASCADE ON DELETE CASCADE;


--
-- Name: suggested_profiles suggested_profiles_admin_id_fkey; Type: FK CONSTRAINT; Schema: public; Owner: postgres
--

ALTER TABLE ONLY public.suggested_profiles
    ADD CONSTRAINT suggested_profiles_admin_id_fkey FOREIGN KEY (admin_id) REFERENCES public.admins(admin_id) MATCH FULL ON UPDATE CASCADE ON DELETE CASCADE;


--
-- Name: suggested_profiles suggested_profiles_suggest_to_fkey; Type: FK CONSTRAINT; Schema: public; Owner: postgres
--

ALTER TABLE ONLY public.suggested_profiles
    ADD CONSTRAINT suggested_profiles_suggest_to_fkey FOREIGN KEY (suggest_to_user_id) REFERENCES public.users(user_id) MATCH FULL ON UPDATE CASCADE ON DELETE CASCADE;


--
-- Name: suggested_profiles suggested_profiles_suggested_id_fkey; Type: FK CONSTRAINT; Schema: public; Owner: postgres
--

ALTER TABLE ONLY public.suggested_profiles
    ADD CONSTRAINT suggested_profiles_suggested_id_fkey FOREIGN KEY (suggested_profile_id) REFERENCES public.user_profiles(user_profile_id) MATCH FULL ON UPDATE CASCADE ON DELETE CASCADE;


--
-- Name: user_about_yourself_photos user_about_yourself_photos_user_profile_id_fkey; Type: FK CONSTRAINT; Schema: public; Owner: postgres
--

ALTER TABLE ONLY public.user_about_yourself_photos
    ADD CONSTRAINT user_about_yourself_photos_user_profile_id_fkey FOREIGN KEY (user_profile_id) REFERENCES public.user_profiles(user_profile_id) MATCH FULL ON UPDATE CASCADE ON DELETE CASCADE;


--
-- Name: user_about_yourself user_about_yourself_user_profile_id_fkey; Type: FK CONSTRAINT; Schema: public; Owner: postgres
--

ALTER TABLE ONLY public.user_about_yourself
    ADD CONSTRAINT user_about_yourself_user_profile_id_fkey FOREIGN KEY (user_profile_id) REFERENCES public.user_profiles(user_profile_id) ON UPDATE CASCADE ON DELETE CASCADE;


--
-- Name: user_access_rights user_access_rights_next_user_proflie_id_fkey; Type: FK CONSTRAINT; Schema: public; Owner: postgres
--

ALTER TABLE ONLY public.user_access_rights
    ADD CONSTRAINT user_access_rights_next_user_proflie_id_fkey FOREIGN KEY (next_user_proflie_id) REFERENCES public.user_profiles(user_profile_id) ON UPDATE CASCADE ON DELETE CASCADE;


--
-- Name: user_access_rights user_access_rights_user_profile_id_fkey; Type: FK CONSTRAINT; Schema: public; Owner: postgres
--

ALTER TABLE ONLY public.user_access_rights
    ADD CONSTRAINT user_access_rights_user_profile_id_fkey FOREIGN KEY (user_profile_id) REFERENCES public.user_profiles(user_profile_id) ON UPDATE CASCADE ON DELETE CASCADE;


--
-- Name: user_activities user_activities_created_by_id_fkey; Type: FK CONSTRAINT; Schema: public; Owner: postgres
--

ALTER TABLE ONLY public.user_activities
    ADD CONSTRAINT user_activities_created_by_id_fkey FOREIGN KEY (created_by_id) REFERENCES public.user_profiles(user_profile_id) ON UPDATE CASCADE ON DELETE CASCADE;


--
-- Name: user_activities user_activities_next_user_proflie_id_fkey; Type: FK CONSTRAINT; Schema: public; Owner: postgres
--

ALTER TABLE ONLY public.user_activities
    ADD CONSTRAINT user_activities_next_user_proflie_id_fkey FOREIGN KEY (next_user_proflie_id) REFERENCES public.user_profiles(user_profile_id) ON UPDATE CASCADE ON DELETE CASCADE;


--
-- Name: user_activities user_activities_user_profile_id_fkey; Type: FK CONSTRAINT; Schema: public; Owner: postgres
--

ALTER TABLE ONLY public.user_activities
    ADD CONSTRAINT user_activities_user_profile_id_fkey FOREIGN KEY (user_profile_id) REFERENCES public.user_profiles(user_profile_id) ON UPDATE CASCADE ON DELETE CASCADE;


--
-- Name: user_additional_informations user_additional_informations_additional_information_questi_fkey; Type: FK CONSTRAINT; Schema: public; Owner: postgres
--

ALTER TABLE ONLY public.user_additional_informations
    ADD CONSTRAINT user_additional_informations_additional_information_questi_fkey FOREIGN KEY ("additional_information_question_Id") REFERENCES public.additional_information_questions("additional_information_question_Id") MATCH FULL ON UPDATE CASCADE ON DELETE CASCADE;


--
-- Name: user_additional_informations user_additional_informations_user_profile_id_fkey; Type: FK CONSTRAINT; Schema: public; Owner: postgres
--

ALTER TABLE ONLY public.user_additional_informations
    ADD CONSTRAINT user_additional_informations_user_profile_id_fkey FOREIGN KEY (user_profile_id) REFERENCES public.user_profiles(user_profile_id) ON UPDATE CASCADE ON DELETE CASCADE;


--
-- Name: user_additional_languages user_additional_languages_language_Id_fkey; Type: FK CONSTRAINT; Schema: public; Owner: postgres
--

ALTER TABLE ONLY public.user_additional_languages
    ADD CONSTRAINT "user_additional_languages_language_Id_fkey" FOREIGN KEY ("language_Id") REFERENCES public.languages("language_Id") MATCH FULL ON UPDATE CASCADE ON DELETE CASCADE;


--
-- Name: user_additional_languages user_additional_languages_user_profile_id_fkey; Type: FK CONSTRAINT; Schema: public; Owner: postgres
--

ALTER TABLE ONLY public.user_additional_languages
    ADD CONSTRAINT user_additional_languages_user_profile_id_fkey FOREIGN KEY (user_profile_id) REFERENCES public.user_profiles(user_profile_id) MATCH FULL ON UPDATE CASCADE ON DELETE CASCADE;


--
-- Name: user_articles user_articles_article_id_fkey; Type: FK CONSTRAINT; Schema: public; Owner: postgres
--

ALTER TABLE ONLY public.user_articles
    ADD CONSTRAINT user_articles_article_id_fkey FOREIGN KEY (article_id) REFERENCES public.articles(article_id) ON UPDATE CASCADE ON DELETE CASCADE;


--
-- Name: user_articles user_articles_user_profile_id_fkey; Type: FK CONSTRAINT; Schema: public; Owner: postgres
--

ALTER TABLE ONLY public.user_articles
    ADD CONSTRAINT user_articles_user_profile_id_fkey FOREIGN KEY (user_profile_id) REFERENCES public.user_profiles(user_profile_id) ON UPDATE CASCADE ON DELETE CASCADE;


--
-- Name: user_citizenship_documents user_citizenship_documents_user_profile_id_fkey; Type: FK CONSTRAINT; Schema: public; Owner: postgres
--

ALTER TABLE ONLY public.user_citizenship_documents
    ADD CONSTRAINT user_citizenship_documents_user_profile_id_fkey FOREIGN KEY (user_profile_id) REFERENCES public.user_profiles(user_profile_id) ON UPDATE CASCADE ON DELETE CASCADE;


--
-- Name: user_eating_and_drinking_habits user_eating_and_drinking_habits_drink_Id_fkey; Type: FK CONSTRAINT; Schema: public; Owner: postgres
--

ALTER TABLE ONLY public.user_eating_and_drinking_habits
    ADD CONSTRAINT "user_eating_and_drinking_habits_drink_Id_fkey" FOREIGN KEY ("drink_Id") REFERENCES public.drinks("drink_Id") MATCH FULL ON UPDATE CASCADE ON DELETE CASCADE;


--
-- Name: user_eating_and_drinking_habits user_eating_and_drinking_habits_halal_Id_fkey; Type: FK CONSTRAINT; Schema: public; Owner: postgres
--

ALTER TABLE ONLY public.user_eating_and_drinking_habits
    ADD CONSTRAINT "user_eating_and_drinking_habits_halal_Id_fkey" FOREIGN KEY ("halal_Id") REFERENCES public.halals("halal_Id") MATCH FULL ON UPDATE CASCADE ON DELETE CASCADE;


--
-- Name: user_eating_and_drinking_habits user_eating_and_drinking_habits_smoke_Id_fkey; Type: FK CONSTRAINT; Schema: public; Owner: postgres
--

ALTER TABLE ONLY public.user_eating_and_drinking_habits
    ADD CONSTRAINT "user_eating_and_drinking_habits_smoke_Id_fkey" FOREIGN KEY ("smoke_Id") REFERENCES public.smokes("smoke_Id") MATCH FULL ON UPDATE CASCADE ON DELETE CASCADE;


--
-- Name: user_eating_and_drinking_habits user_eating_and_drinking_habits_user_profile_id_fkey; Type: FK CONSTRAINT; Schema: public; Owner: postgres
--

ALTER TABLE ONLY public.user_eating_and_drinking_habits
    ADD CONSTRAINT user_eating_and_drinking_habits_user_profile_id_fkey FOREIGN KEY (user_profile_id) REFERENCES public.user_profiles(user_profile_id) MATCH FULL ON UPDATE CASCADE ON DELETE CASCADE;


--
-- Name: user_educational_documents user_educational_documents_educational_document_type_Id_fkey; Type: FK CONSTRAINT; Schema: public; Owner: postgres
--

ALTER TABLE ONLY public.user_educational_documents
    ADD CONSTRAINT "user_educational_documents_educational_document_type_Id_fkey" FOREIGN KEY ("educational_document_type_Id") REFERENCES public.educational_document_types("educational_document_type_Id") MATCH FULL ON UPDATE CASCADE ON DELETE CASCADE;


--
-- Name: user_educational_documents user_educational_documents_user_profile_id_fkey; Type: FK CONSTRAINT; Schema: public; Owner: postgres
--

ALTER TABLE ONLY public.user_educational_documents
    ADD CONSTRAINT user_educational_documents_user_profile_id_fkey FOREIGN KEY (user_profile_id) REFERENCES public.user_profiles(user_profile_id) MATCH FULL ON UPDATE CASCADE ON DELETE CASCADE;


--
-- Name: user_educations user_educations_user_profile_id_fkey; Type: FK CONSTRAINT; Schema: public; Owner: postgres
--

ALTER TABLE ONLY public.user_educations
    ADD CONSTRAINT user_educations_user_profile_id_fkey FOREIGN KEY (user_profile_id) REFERENCES public.user_profiles(user_profile_id) MATCH FULL ON UPDATE CASCADE ON DELETE CASCADE;


--
-- Name: user_employment_documents user_employment_documents_employment_document_type_Id_fkey; Type: FK CONSTRAINT; Schema: public; Owner: postgres
--

ALTER TABLE ONLY public.user_employment_documents
    ADD CONSTRAINT "user_employment_documents_employment_document_type_Id_fkey" FOREIGN KEY ("employment_document_type_Id") REFERENCES public.employment_document_types("employment_document_type_Id") MATCH FULL ON UPDATE CASCADE ON DELETE CASCADE;


--
-- Name: user_employment_documents user_employment_documents_user_profile_id_fkey; Type: FK CONSTRAINT; Schema: public; Owner: postgres
--

ALTER TABLE ONLY public.user_employment_documents
    ADD CONSTRAINT user_employment_documents_user_profile_id_fkey FOREIGN KEY (user_profile_id) REFERENCES public.user_profiles(user_profile_id) MATCH FULL ON UPDATE CASCADE ON DELETE CASCADE;


--
-- Name: user_employments user_employments_employment_type_id_fkey; Type: FK CONSTRAINT; Schema: public; Owner: postgres
--

ALTER TABLE ONLY public.user_employments
    ADD CONSTRAINT user_employments_employment_type_id_fkey FOREIGN KEY (employment_type_id) REFERENCES public.employment_types(employment_type_id) MATCH FULL ON UPDATE CASCADE ON DELETE CASCADE;


--
-- Name: user_employments user_employments_user_profile_id_fkey; Type: FK CONSTRAINT; Schema: public; Owner: postgres
--

ALTER TABLE ONLY public.user_employments
    ADD CONSTRAINT user_employments_user_profile_id_fkey FOREIGN KEY (user_profile_id) REFERENCES public.user_profiles(user_profile_id) MATCH FULL ON UPDATE CASCADE ON DELETE CASCADE;


--
-- Name: user_marital_status user_marital_status_marital_status_Id_fkey; Type: FK CONSTRAINT; Schema: public; Owner: postgres
--

ALTER TABLE ONLY public.user_marital_status
    ADD CONSTRAINT "user_marital_status_marital_status_Id_fkey" FOREIGN KEY ("marital_status_Id") REFERENCES public.marital_status("marital_status_Id") MATCH FULL ON UPDATE CASCADE ON DELETE CASCADE;


--
-- Name: user_marital_status user_marital_status_prenup_Id_fkey; Type: FK CONSTRAINT; Schema: public; Owner: postgres
--

ALTER TABLE ONLY public.user_marital_status
    ADD CONSTRAINT "user_marital_status_prenup_Id_fkey" FOREIGN KEY ("prenup_Id") REFERENCES public.prenup("prenup_Id") MATCH FULL ON UPDATE CASCADE ON DELETE CASCADE;


--
-- Name: user_marital_status user_marital_status_user_profile_id_fkey; Type: FK CONSTRAINT; Schema: public; Owner: postgres
--

ALTER TABLE ONLY public.user_marital_status
    ADD CONSTRAINT user_marital_status_user_profile_id_fkey FOREIGN KEY (user_profile_id) REFERENCES public.user_profiles(user_profile_id) MATCH FULL ON UPDATE CASCADE ON DELETE CASCADE;


--
-- Name: user_matches_chat_history user_matches_chat_history_conversation_from_fkey; Type: FK CONSTRAINT; Schema: public; Owner: postgres
--

ALTER TABLE ONLY public.user_matches_chat_history
    ADD CONSTRAINT user_matches_chat_history_conversation_from_fkey FOREIGN KEY (conversation_from) REFERENCES public.user_profiles(user_profile_id) ON UPDATE CASCADE ON DELETE CASCADE;


--
-- Name: user_matches_chat_history user_matches_chat_history_conversation_to_fkey; Type: FK CONSTRAINT; Schema: public; Owner: postgres
--

ALTER TABLE ONLY public.user_matches_chat_history
    ADD CONSTRAINT user_matches_chat_history_conversation_to_fkey FOREIGN KEY (conversation_to) REFERENCES public.user_profiles(user_profile_id) ON UPDATE CASCADE ON DELETE CASCADE;


--
-- Name: user_payments user_payments_plan_id_fkey; Type: FK CONSTRAINT; Schema: public; Owner: postgres
--

ALTER TABLE ONLY public.user_payments
    ADD CONSTRAINT user_payments_plan_id_fkey FOREIGN KEY (plan_id) REFERENCES public.plans(plan_id) ON UPDATE CASCADE ON DELETE CASCADE;


--
-- Name: user_payments user_payments_user_profile_id_fkey; Type: FK CONSTRAINT; Schema: public; Owner: postgres
--

ALTER TABLE ONLY public.user_payments
    ADD CONSTRAINT user_payments_user_profile_id_fkey FOREIGN KEY (user_profile_id) REFERENCES public.user_profiles(user_profile_id) ON UPDATE CASCADE ON DELETE CASCADE;


--
-- Name: user_plans user_plans_plan_id_fkey; Type: FK CONSTRAINT; Schema: public; Owner: postgres
--

ALTER TABLE ONLY public.user_plans
    ADD CONSTRAINT user_plans_plan_id_fkey FOREIGN KEY (plan_id) REFERENCES public.plans(plan_id) ON UPDATE CASCADE ON DELETE CASCADE;


--
-- Name: user_plans user_plans_user_payment_id_fkey; Type: FK CONSTRAINT; Schema: public; Owner: postgres
--

ALTER TABLE ONLY public.user_plans
    ADD CONSTRAINT user_plans_user_payment_id_fkey FOREIGN KEY (user_payment_id) REFERENCES public.user_payments(user_payment_id) ON UPDATE CASCADE ON DELETE CASCADE;


--
-- Name: user_plans user_plans_user_profile_id_fkey; Type: FK CONSTRAINT; Schema: public; Owner: postgres
--

ALTER TABLE ONLY public.user_plans
    ADD CONSTRAINT user_plans_user_profile_id_fkey FOREIGN KEY (user_profile_id) REFERENCES public.user_profiles(user_profile_id) ON UPDATE CASCADE ON DELETE CASCADE;


--
-- Name: user_profile_reports user_profile_reports_created_by_id_fkey; Type: FK CONSTRAINT; Schema: public; Owner: postgres
--

ALTER TABLE ONLY public.user_profile_reports
    ADD CONSTRAINT user_profile_reports_created_by_id_fkey FOREIGN KEY (created_by_id) REFERENCES public.user_profiles(user_profile_id) ON UPDATE CASCADE ON DELETE CASCADE;


--
-- Name: user_profile_reports user_profile_reports_user_profile_report_by_fkey; Type: FK CONSTRAINT; Schema: public; Owner: postgres
--

ALTER TABLE ONLY public.user_profile_reports
    ADD CONSTRAINT user_profile_reports_user_profile_report_by_fkey FOREIGN KEY (user_profile_report_by) REFERENCES public.user_profiles(user_profile_id) ON UPDATE CASCADE ON DELETE CASCADE;


--
-- Name: user_profile_reports user_profile_reports_user_proflie_report_to_fkey; Type: FK CONSTRAINT; Schema: public; Owner: postgres
--

ALTER TABLE ONLY public.user_profile_reports
    ADD CONSTRAINT user_profile_reports_user_proflie_report_to_fkey FOREIGN KEY (user_profile_report_to) REFERENCES public.user_profiles(user_profile_id) ON UPDATE CASCADE ON DELETE CASCADE;


--
-- Name: user_profiles user_profiles_gender_id_fkey; Type: FK CONSTRAINT; Schema: public; Owner: postgres
--

ALTER TABLE ONLY public.user_profiles
    ADD CONSTRAINT user_profiles_gender_id_fkey FOREIGN KEY (gender_id) REFERENCES public.genders(gender_id) MATCH FULL ON UPDATE CASCADE ON DELETE CASCADE;


--
-- Name: user_profiles user_profiles_language_Id_fkey; Type: FK CONSTRAINT; Schema: public; Owner: postgres
--

ALTER TABLE ONLY public.user_profiles
    ADD CONSTRAINT "user_profiles_language_Id_fkey" FOREIGN KEY ("language_Id") REFERENCES public.languages("language_Id") MATCH FULL ON UPDATE CASCADE ON DELETE CASCADE;


--
-- Name: user_profiles user_profiles_nationality_id_fkey; Type: FK CONSTRAINT; Schema: public; Owner: postgres
--

ALTER TABLE ONLY public.user_profiles
    ADD CONSTRAINT user_profiles_nationality_id_fkey FOREIGN KEY (nationality_id) REFERENCES public.nationalities(nationality_id) ON UPDATE CASCADE ON DELETE CASCADE;


--
-- Name: user_profiles user_profiles_user_id_fkey; Type: FK CONSTRAINT; Schema: public; Owner: postgres
--

ALTER TABLE ONLY public.user_profiles
    ADD CONSTRAINT user_profiles_user_id_fkey FOREIGN KEY (user_id) REFERENCES public.users(user_id) ON UPDATE CASCADE ON DELETE CASCADE;


--
-- Name: user_regionals user_regionals_level_of_religiousness_Id_fkey; Type: FK CONSTRAINT; Schema: public; Owner: postgres
--

ALTER TABLE ONLY public.user_regionals
    ADD CONSTRAINT "user_regionals_level_of_religiousness_Id_fkey" FOREIGN KEY ("level_of_religiousness_Id") REFERENCES public.level_of_religiousness("level_of_religiousness_Id") MATCH FULL ON UPDATE CASCADE ON DELETE CASCADE;


--
-- Name: user_regionals user_regionals_prayer_Id_fkey; Type: FK CONSTRAINT; Schema: public; Owner: postgres
--

ALTER TABLE ONLY public.user_regionals
    ADD CONSTRAINT "user_regionals_prayer_Id_fkey" FOREIGN KEY ("prayer_Id") REFERENCES public.prayers("prayer_Id") MATCH FULL ON UPDATE CASCADE ON DELETE CASCADE;


--
-- Name: user_regionals user_regionals_sect_Id_fkey; Type: FK CONSTRAINT; Schema: public; Owner: postgres
--

ALTER TABLE ONLY public.user_regionals
    ADD CONSTRAINT "user_regionals_sect_Id_fkey" FOREIGN KEY ("sect_Id") REFERENCES public.sects("sect_Id") MATCH FULL ON UPDATE CASCADE ON DELETE CASCADE;


--
-- Name: user_regionals user_regionals_user_profile_id_fkey; Type: FK CONSTRAINT; Schema: public; Owner: postgres
--

ALTER TABLE ONLY public.user_regionals
    ADD CONSTRAINT user_regionals_user_profile_id_fkey FOREIGN KEY (user_profile_id) REFERENCES public.user_profiles(user_profile_id) ON UPDATE CASCADE ON DELETE CASCADE;


--
-- Name: users users_plan_id_fkey; Type: FK CONSTRAINT; Schema: public; Owner: postgres
--

ALTER TABLE ONLY public.users
    ADD CONSTRAINT users_plan_id_fkey FOREIGN KEY (plan_id) REFERENCES public.plans(plan_id) MATCH FULL ON UPDATE CASCADE ON DELETE CASCADE;


--
--

